{"id":1437,"date":"2021-10-13T13:59:21","date_gmt":"2021-10-13T13:59:21","guid":{"rendered":"http:\/\/institutos.ufrrj.br\/icbs\/?page_id=1437"},"modified":"2026-01-13T13:48:03","modified_gmt":"2026-01-13T16:48:03","slug":"ceua","status":"publish","type":"page","link":"https:\/\/institutos.ufrrj.br\/icbs\/ceua\/","title":{"rendered":"CEUA"},"content":{"rendered":"<p>A Comiss\u00e3o de \u00c9tica no Uso de Animais \u00a0(CEUA) \u00e9 uma comiss\u00e3o, constitu\u00edda por portaria emitida pela administra\u00e7\u00e3o superior que visa analisar e qualificar, do ponto de vista \u00e9tico, as atividades de cria\u00e7\u00e3o, ensino e pesquisa cient\u00edfica envolvendo o uso de animais.<\/p>\n<hr \/>\n<p><strong><a href=\"https:\/\/institutos.ufrrj.br\/icbs\/wp-content\/uploads\/sites\/6\/2026\/01\/Portaria-5280-2024-Membros-da-CEUA.pdf\">Portaria 5280-2024 &#8211; Membros da CEUA<\/a><\/strong><\/p>\n<p><em>Ana Claudia Ferreira Souza<\/em><\/p>\n<p><em>Bruno Pereira Berto<\/em><\/p>\n<p><em>Denise Monnerat Nogueira<\/em><\/p>\n<p><em>Elisandra Lurdes Kern<\/em><\/p>\n<p><em>Helcimar Barbosa Palhano<\/em><\/p>\n<p><em>Helio Jose Santos Bagetti Filho<\/em><\/p>\n<p><em>Helio Ricardo da Silva<\/em><\/p>\n<p><em>Magda Alves de Medeiros<\/em><\/p>\n<p><em>Marcelo Soares Antunes<\/em><\/p>\n<p><em>Michelle Cavalcanti Porto Marassi<\/em><\/p>\n<p><em>Luciana Macedo Brito<\/em><\/p>\n<p><em>Renata Barbosa Lacerda<\/em><\/p>\n<p><strong>Passo-a-passo para submiss\u00e3o e Formul\u00e1rio unificado<\/strong><\/p>\n<p><a href=\"http:\/\/institutos.ufrrj.br\/icbs\/wp-content\/uploads\/sites\/6\/2022\/02\/Abertura-de-Processo-para-Ana-lise-de-Projetos-pela-CEUA.pdf\">Abertura de Processo para Ana lise de Projetos pela CEUA<\/a><\/p>\n<p><a href=\"https:\/\/institutos.ufrrj.br\/icbs\/wp-content\/uploads\/sites\/6\/2023\/01\/FORMULARIO-UNIFICADO-PARA-USO-DE-ANIMAIS-EM-ENSINO-OU-DESENVOLVIMENTO-DE-RECURSOS-DIDATICOS-Dez-2022.docx\">FORMUL\u00c1RIO UNIFICADO PARA USO DE ANIMAIS EM ENSINO OU DESENVOLVIMENTO DE RECURSOS DID\u00c1TICOS- Dez 2022<\/a><\/p>\n<p><a href=\"https:\/\/institutos.ufrrj.br\/icbs\/wp-content\/uploads\/sites\/6\/2023\/01\/FORMULARIO-UNIFICADO-PARA-USO-DE-ANIMAIS-EM-EXPERIMENTACAO-Dez-2022.docx\">FORMULARIO UNIFICADO PARA USO DE ANIMAIS EM EXPERIMENTA\u00c7\u00c3O Dez -2022<\/a><\/p>\n<p><strong>Calend\u00e1rio de Reuni\u00f5es 2026?:<\/strong><\/p>\n<p>&nbsp;<\/p>\n<p><strong>Regimento<\/strong><\/p>\n<p><a href=\"https:\/\/institutos.ufrrj.br\/icbs\/wp-content\/uploads\/sites\/6\/2023\/01\/Regimento-interno-CEUA-ICBS-UFRRJ.pdf\">Regimento-interno-CEUA-ICBS-UFRRJ<\/a><\/p>\n<p>&nbsp;<\/p>\n<p><strong>Contato CEUA\/ICBS\/UFRRJ:\u00a0<\/strong><\/p>\n<p><strong>e-mail:\u00a0<a href=\"mailto:ceua.icbs@ufrrj.br\">ceua.icbs@ufrrj.br<\/a><\/strong><\/p>\n<p><strong>CONCEA:<\/strong> <a href=\"https:\/\/www.gov.br\/mcti\/pt-br\/composicao\/conselhos\/concea\">&lt;http:\/\/www.mctic.gov.br\/mctic\/opencms\/institucional\/concea\/index.html&gt;<\/a><\/p>\n","protected":false},"excerpt":{"rendered":"<p>A Comiss\u00e3o de \u00c9tica no Uso de Animais \u00a0(CEUA) \u00e9 uma comiss\u00e3o, constitu\u00edda por portaria emitida pela administra\u00e7\u00e3o superior que visa analisar [&hellip;]<\/p>\n","protected":false},"author":63,"featured_media":0,"parent":0,"menu_order":0,"comment_status":"closed","ping_status":"closed","template":"","meta":{"_acf_changed":false,"_themeisle_gutenberg_block_has_review":false,"footnotes":"","_links_to":"","_links_to_target":""},"class_list":["post-1437","page","type-page","status-publish","hentry"],"acf":[],"yoast_head":"<!-- This site is optimized with the Yoast SEO plugin v26.8 - https:\/\/yoast.com\/product\/yoast-seo-wordpress\/ -->\n<title>CEUA - Instituto de Ci\u00eancias Biol\u00f3gicas e da Sa\u00fade<\/title>\n<meta name=\"robots\" content=\"index, follow, max-snippet:-1, max-image-preview:large, max-video-preview:-1\" \/>\n<link rel=\"canonical\" href=\"https:\/\/institutos.ufrrj.br\/icbs\/ceua\/\" \/>\n<meta property=\"og:locale\" content=\"pt_BR\" \/>\n<meta property=\"og:type\" content=\"article\" \/>\n<meta property=\"og:title\" content=\"CEUA - Instituto de Ci\u00eancias Biol\u00f3gicas e da Sa\u00fade\" \/>\n<meta property=\"og:description\" content=\"A Comiss\u00e3o de \u00c9tica no Uso de Animais \u00a0(CEUA) \u00e9 uma comiss\u00e3o, constitu\u00edda por portaria emitida pela administra\u00e7\u00e3o superior que visa analisar [&hellip;]\" \/>\n<meta property=\"og:url\" content=\"https:\/\/institutos.ufrrj.br\/icbs\/ceua\/\" \/>\n<meta property=\"og:site_name\" content=\"Instituto de Ci\u00eancias Biol\u00f3gicas e da Sa\u00fade\" \/>\n<meta property=\"article:modified_time\" content=\"2026-01-13T16:48:03+00:00\" \/>\n<meta name=\"twitter:card\" content=\"summary_large_image\" \/>\n<meta name=\"twitter:label1\" content=\"Est. tempo de leitura\" \/>\n\t<meta name=\"twitter:data1\" content=\"1 minuto\" \/>\n<script type=\"application\/ld+json\" class=\"yoast-schema-graph\">{\"@context\":\"https:\/\/schema.org\",\"@graph\":[{\"@type\":\"WebPage\",\"@id\":\"https:\/\/institutos.ufrrj.br\/icbs\/ceua\/\",\"url\":\"https:\/\/institutos.ufrrj.br\/icbs\/ceua\/\",\"name\":\"CEUA - Instituto de Ci\u00eancias Biol\u00f3gicas e da Sa\u00fade\",\"isPartOf\":{\"@id\":\"https:\/\/institutos.ufrrj.br\/icbs\/#website\"},\"datePublished\":\"2021-10-13T13:59:21+00:00\",\"dateModified\":\"2026-01-13T16:48:03+00:00\",\"breadcrumb\":{\"@id\":\"https:\/\/institutos.ufrrj.br\/icbs\/ceua\/#breadcrumb\"},\"inLanguage\":\"pt-BR\",\"potentialAction\":[{\"@type\":\"ReadAction\",\"target\":[\"https:\/\/institutos.ufrrj.br\/icbs\/ceua\/\"]}]},{\"@type\":\"BreadcrumbList\",\"@id\":\"https:\/\/institutos.ufrrj.br\/icbs\/ceua\/#breadcrumb\",\"itemListElement\":[{\"@type\":\"ListItem\",\"position\":1,\"name\":\"In\u00edcio\",\"item\":\"https:\/\/institutos.ufrrj.br\/icbs\/\"},{\"@type\":\"ListItem\",\"position\":2,\"name\":\"CEUA\"}]},{\"@type\":\"WebSite\",\"@id\":\"https:\/\/institutos.ufrrj.br\/icbs\/#website\",\"url\":\"https:\/\/institutos.ufrrj.br\/icbs\/\",\"name\":\"ICBS - Instituto de Ci\u00eancias Biol\u00f3gicas e da Sa\u00fade\",\"description\":\"\",\"publisher\":{\"@id\":\"https:\/\/institutos.ufrrj.br\/icbs\/#organization\"},\"potentialAction\":[{\"@type\":\"SearchAction\",\"target\":{\"@type\":\"EntryPoint\",\"urlTemplate\":\"https:\/\/institutos.ufrrj.br\/icbs\/?s={search_term_string}\"},\"query-input\":{\"@type\":\"PropertyValueSpecification\",\"valueRequired\":true,\"valueName\":\"search_term_string\"}}],\"inLanguage\":\"pt-BR\"},{\"@type\":\"Organization\",\"@id\":\"https:\/\/institutos.ufrrj.br\/icbs\/#organization\",\"name\":\"UFRRJ - Universidade Federal Rural do Rio de Janeiro\",\"url\":\"https:\/\/institutos.ufrrj.br\/icbs\/\",\"logo\":{\"@type\":\"ImageObject\",\"inLanguage\":\"pt-BR\",\"@id\":\"https:\/\/institutos.ufrrj.br\/icbs\/#\/schema\/logo\/image\/\",\"url\":\"https:\/\/institutos.ufrrj.br\/icbs\/wp-content\/uploads\/sites\/6\/2022\/05\/Logo-ICBS.png\",\"contentUrl\":\"https:\/\/institutos.ufrrj.br\/icbs\/wp-content\/uploads\/sites\/6\/2022\/05\/Logo-ICBS.png\",\"width\":387,\"height\":371,\"caption\":\"UFRRJ - Universidade Federal Rural do Rio de Janeiro\"},\"image\":{\"@id\":\"https:\/\/institutos.ufrrj.br\/icbs\/#\/schema\/logo\/image\/\"}}]}<\/script>\n<!-- \/ Yoast SEO plugin. -->","yoast_head_json":{"title":"CEUA - Instituto de Ci\u00eancias Biol\u00f3gicas e da Sa\u00fade","robots":{"index":"index","follow":"follow","max-snippet":"max-snippet:-1","max-image-preview":"max-image-preview:large","max-video-preview":"max-video-preview:-1"},"canonical":"https:\/\/institutos.ufrrj.br\/icbs\/ceua\/","og_locale":"pt_BR","og_type":"article","og_title":"CEUA - Instituto de Ci\u00eancias Biol\u00f3gicas e da Sa\u00fade","og_description":"A Comiss\u00e3o de \u00c9tica no Uso de Animais \u00a0(CEUA) \u00e9 uma comiss\u00e3o, constitu\u00edda por portaria emitida pela administra\u00e7\u00e3o superior que visa analisar [&hellip;]","og_url":"https:\/\/institutos.ufrrj.br\/icbs\/ceua\/","og_site_name":"Instituto de Ci\u00eancias Biol\u00f3gicas e da Sa\u00fade","article_modified_time":"2026-01-13T16:48:03+00:00","twitter_card":"summary_large_image","twitter_misc":{"Est. tempo de leitura":"1 minuto"},"schema":{"@context":"https:\/\/schema.org","@graph":[{"@type":"WebPage","@id":"https:\/\/institutos.ufrrj.br\/icbs\/ceua\/","url":"https:\/\/institutos.ufrrj.br\/icbs\/ceua\/","name":"CEUA - Instituto de Ci\u00eancias Biol\u00f3gicas e da Sa\u00fade","isPartOf":{"@id":"https:\/\/institutos.ufrrj.br\/icbs\/#website"},"datePublished":"2021-10-13T13:59:21+00:00","dateModified":"2026-01-13T16:48:03+00:00","breadcrumb":{"@id":"https:\/\/institutos.ufrrj.br\/icbs\/ceua\/#breadcrumb"},"inLanguage":"pt-BR","potentialAction":[{"@type":"ReadAction","target":["https:\/\/institutos.ufrrj.br\/icbs\/ceua\/"]}]},{"@type":"BreadcrumbList","@id":"https:\/\/institutos.ufrrj.br\/icbs\/ceua\/#breadcrumb","itemListElement":[{"@type":"ListItem","position":1,"name":"In\u00edcio","item":"https:\/\/institutos.ufrrj.br\/icbs\/"},{"@type":"ListItem","position":2,"name":"CEUA"}]},{"@type":"WebSite","@id":"https:\/\/institutos.ufrrj.br\/icbs\/#website","url":"https:\/\/institutos.ufrrj.br\/icbs\/","name":"ICBS - Instituto de Ci\u00eancias Biol\u00f3gicas e da Sa\u00fade","description":"","publisher":{"@id":"https:\/\/institutos.ufrrj.br\/icbs\/#organization"},"potentialAction":[{"@type":"SearchAction","target":{"@type":"EntryPoint","urlTemplate":"https:\/\/institutos.ufrrj.br\/icbs\/?s={search_term_string}"},"query-input":{"@type":"PropertyValueSpecification","valueRequired":true,"valueName":"search_term_string"}}],"inLanguage":"pt-BR"},{"@type":"Organization","@id":"https:\/\/institutos.ufrrj.br\/icbs\/#organization","name":"UFRRJ - Universidade Federal Rural do Rio de Janeiro","url":"https:\/\/institutos.ufrrj.br\/icbs\/","logo":{"@type":"ImageObject","inLanguage":"pt-BR","@id":"https:\/\/institutos.ufrrj.br\/icbs\/#\/schema\/logo\/image\/","url":"https:\/\/institutos.ufrrj.br\/icbs\/wp-content\/uploads\/sites\/6\/2022\/05\/Logo-ICBS.png","contentUrl":"https:\/\/institutos.ufrrj.br\/icbs\/wp-content\/uploads\/sites\/6\/2022\/05\/Logo-ICBS.png","width":387,"height":371,"caption":"UFRRJ - Universidade Federal Rural do Rio de Janeiro"},"image":{"@id":"https:\/\/institutos.ufrrj.br\/icbs\/#\/schema\/logo\/image\/"}}]}},"_links":{"self":[{"href":"https:\/\/institutos.ufrrj.br\/icbs\/wp-json\/wp\/v2\/pages\/1437","targetHints":{"allow":["GET"]}}],"collection":[{"href":"https:\/\/institutos.ufrrj.br\/icbs\/wp-json\/wp\/v2\/pages"}],"about":[{"href":"https:\/\/institutos.ufrrj.br\/icbs\/wp-json\/wp\/v2\/types\/page"}],"author":[{"embeddable":true,"href":"https:\/\/institutos.ufrrj.br\/icbs\/wp-json\/wp\/v2\/users\/63"}],"replies":[{"embeddable":true,"href":"https:\/\/institutos.ufrrj.br\/icbs\/wp-json\/wp\/v2\/comments?post=1437"}],"version-history":[{"count":22,"href":"https:\/\/institutos.ufrrj.br\/icbs\/wp-json\/wp\/v2\/pages\/1437\/revisions"}],"predecessor-version":[{"id":2925,"href":"https:\/\/institutos.ufrrj.br\/icbs\/wp-json\/wp\/v2\/pages\/1437\/revisions\/2925"}],"wp:attachment":[{"href":"https:\/\/institutos.ufrrj.br\/icbs\/wp-json\/wp\/v2\/media?parent=1437"}],"curies":[{"name":"wp","href":"https:\/\/api.w.org\/{rel}","templated":true}]}}