{"id":1506,"date":"2021-11-03T17:05:08","date_gmt":"2021-11-03T17:05:08","guid":{"rendered":"http:\/\/institutos.ufrrj.br\/icbs\/?page_id=1506"},"modified":"2021-12-16T12:23:59","modified_gmt":"2021-12-16T12:23:59","slug":"linhas-de-pesquisa","status":"publish","type":"page","link":"https:\/\/institutos.ufrrj.br\/icbs\/departamento-de-biologia-animal\/linhas-de-pesquisa\/","title":{"rendered":"Linhas de Pesquisa"},"content":{"rendered":"<p>&nbsp;<\/p>\n<p>Abaixo est\u00e3o relacionados os grupos e linhas de pesquisa dos professores do DBA (ordem alfab\u00e9tica):<\/p>\n<p>&nbsp;<\/p>\n<table width=\"100%\">\n<tbody>\n<tr>\n<td width=\"18%\">Grupo de Pesquisa:<\/td>\n<td width=\"81%\"><strong>Laborat\u00f3rio de Atividade Genot\u00f3xica de Plantas \u2013 LAGeP<\/strong><\/p>\n<p><a href=\"http:\/\/dgp.cnpq.br\/dgp\/espelhogrupo\/3266201838474727\" target=\"_blank\" rel=\"noopener\">[cadastrado e certificado no CNPq]<\/a><\/td>\n<\/tr>\n<tr>\n<td width=\"18%\">L\u00edder do grupo:<\/td>\n<td width=\"81%\"><strong><a href=\"http:\/\/lattes.cnpq.br\/9519411446795300\" target=\"_blank\" rel=\"noopener\">Prof. Viviane Moreira de Lima<\/a>\u00a0(\u00c1rea de Biologia)<\/strong><\/td>\n<\/tr>\n<tr>\n<td rowspan=\"2\" width=\"18%\">Linhas de pesquisa:<\/td>\n<td width=\"81%\"><strong><a href=\"http:\/\/dgp.cnpq.br\/dgp\/espelholinha\/3266201838474727176783\" target=\"_blank\" rel=\"noopener\">Avalia\u00e7\u00e3o do potencial citot\u00f3xico e genot\u00f3xico de extratos de plantas<\/a><\/strong><\/td>\n<\/tr>\n<tr>\n<td width=\"81%\"><strong><a href=\"http:\/\/dgp.cnpq.br\/dgp\/espelholinha\/3266201838474727681638\" target=\"_blank\" rel=\"noopener\">Avalia\u00e7\u00e3o do potencial citot\u00f3xico e genot\u00f3xico da \u00e1gua de rios que abastecem a regi\u00e3o metropolitana do Rio de Janeiro<\/a><\/strong><\/td>\n<\/tr>\n<\/tbody>\n<\/table>\n<p>&nbsp;<\/p>\n<table>\n<tbody>\n<tr>\n<td>Grupo de Pesquisa:<\/td>\n<td><strong>Laborat\u00f3rio de Biologia de Cocc\u00eddios \u2013 LABICOC<\/strong><\/p>\n<p><a href=\"http:\/\/dgp.cnpq.br\/dgp\/espelhogrupo\/1057842215908185\" target=\"_blank\" rel=\"noopener\">[cadastrado e certificado no CNPq]<\/a><\/td>\n<\/tr>\n<tr>\n<td>L\u00edder do grupo:<\/td>\n<td><strong><a href=\"http:\/\/lattes.cnpq.br\/6463344507508582\" target=\"_blank\" rel=\"noopener\">Prof. Bruno Pereira Berto<\/a> (\u00c1rea de Biologia)<\/strong><\/td>\n<\/tr>\n<tr>\n<td>Website:<\/td>\n<td><a href=\"http:\/\/r1.ufrrj.br\/labicoc\/\" target=\"_blank\" rel=\"noopener\">http:\/\/r1.ufrrj.br\/labicoc\/<\/a><\/td>\n<\/tr>\n<tr>\n<td rowspan=\"3\">Linhas de pesquisa:<\/td>\n<td><a href=\"http:\/\/dgp.cnpq.br\/dgp\/espelholinha\/1057842215908185414291\" target=\"_blank\" rel=\"noopener\"><strong>Taxonomia e Ecologia de Cocc\u00eddios<\/strong><\/a><\/td>\n<\/tr>\n<tr>\n<td><a href=\"http:\/\/dgp.cnpq.br\/dgp\/espelholinha\/1057842215908185414292\" target=\"_blank\" rel=\"noopener\"><strong>Diagn\u00f3stico de Cocc\u00eddios dos Animais Dom\u00e9sticos<\/strong><\/a><\/td>\n<\/tr>\n<tr>\n<td><a href=\"http:\/\/dgp.cnpq.br\/dgp\/espelholinha\/1057842215908185414293\" target=\"_blank\" rel=\"noopener\"><strong>Susceptibilidade de Cocc\u00eddios<\/strong><\/a><\/td>\n<\/tr>\n<\/tbody>\n<\/table>\n","protected":false},"excerpt":{"rendered":"<p>&nbsp; Abaixo est\u00e3o relacionados os grupos e linhas de pesquisa dos professores do DBA (ordem alfab\u00e9tica): &nbsp; Grupo de Pesquisa: Laborat\u00f3rio de [&hellip;]<\/p>\n","protected":false},"author":65,"featured_media":0,"parent":1445,"menu_order":0,"comment_status":"closed","ping_status":"closed","template":"","meta":{"_acf_changed":false,"_themeisle_gutenberg_block_has_review":false,"footnotes":"","_links_to":"","_links_to_target":""},"class_list":["post-1506","page","type-page","status-publish","hentry"],"acf":[],"yoast_head":"<!-- This site is optimized with the Yoast SEO plugin v26.8 - https:\/\/yoast.com\/product\/yoast-seo-wordpress\/ -->\n<title>Linhas de Pesquisa - Instituto de Ci\u00eancias Biol\u00f3gicas e da Sa\u00fade<\/title>\n<meta name=\"robots\" content=\"index, follow, max-snippet:-1, max-image-preview:large, max-video-preview:-1\" \/>\n<link rel=\"canonical\" href=\"https:\/\/institutos.ufrrj.br\/icbs\/departamento-de-biologia-animal\/linhas-de-pesquisa\/\" \/>\n<meta property=\"og:locale\" content=\"pt_BR\" \/>\n<meta property=\"og:type\" content=\"article\" \/>\n<meta property=\"og:title\" content=\"Linhas de Pesquisa - Instituto de Ci\u00eancias Biol\u00f3gicas e da Sa\u00fade\" \/>\n<meta property=\"og:description\" content=\"&nbsp; Abaixo est\u00e3o relacionados os grupos e linhas de pesquisa dos professores do DBA (ordem alfab\u00e9tica): &nbsp; Grupo de Pesquisa: Laborat\u00f3rio de [&hellip;]\" \/>\n<meta property=\"og:url\" content=\"https:\/\/institutos.ufrrj.br\/icbs\/departamento-de-biologia-animal\/linhas-de-pesquisa\/\" \/>\n<meta property=\"og:site_name\" content=\"Instituto de Ci\u00eancias Biol\u00f3gicas e da Sa\u00fade\" \/>\n<meta property=\"article:modified_time\" content=\"2021-12-16T12:23:59+00:00\" \/>\n<meta name=\"twitter:card\" content=\"summary_large_image\" \/>\n<meta name=\"twitter:label1\" content=\"Est. tempo de leitura\" \/>\n\t<meta name=\"twitter:data1\" content=\"1 minuto\" \/>\n<script type=\"application\/ld+json\" class=\"yoast-schema-graph\">{\"@context\":\"https:\/\/schema.org\",\"@graph\":[{\"@type\":\"WebPage\",\"@id\":\"https:\/\/institutos.ufrrj.br\/icbs\/departamento-de-biologia-animal\/linhas-de-pesquisa\/\",\"url\":\"https:\/\/institutos.ufrrj.br\/icbs\/departamento-de-biologia-animal\/linhas-de-pesquisa\/\",\"name\":\"Linhas de Pesquisa - Instituto de Ci\u00eancias Biol\u00f3gicas e da Sa\u00fade\",\"isPartOf\":{\"@id\":\"https:\/\/institutos.ufrrj.br\/icbs\/#website\"},\"datePublished\":\"2021-11-03T17:05:08+00:00\",\"dateModified\":\"2021-12-16T12:23:59+00:00\",\"breadcrumb\":{\"@id\":\"https:\/\/institutos.ufrrj.br\/icbs\/departamento-de-biologia-animal\/linhas-de-pesquisa\/#breadcrumb\"},\"inLanguage\":\"pt-BR\",\"potentialAction\":[{\"@type\":\"ReadAction\",\"target\":[\"https:\/\/institutos.ufrrj.br\/icbs\/departamento-de-biologia-animal\/linhas-de-pesquisa\/\"]}]},{\"@type\":\"BreadcrumbList\",\"@id\":\"https:\/\/institutos.ufrrj.br\/icbs\/departamento-de-biologia-animal\/linhas-de-pesquisa\/#breadcrumb\",\"itemListElement\":[{\"@type\":\"ListItem\",\"position\":1,\"name\":\"In\u00edcio\",\"item\":\"https:\/\/institutos.ufrrj.br\/icbs\/\"},{\"@type\":\"ListItem\",\"position\":2,\"name\":\"Departamento de Biologia Animal\",\"item\":\"https:\/\/institutos.ufrrj.br\/icbs\/departamento-de-biologia-animal\/\"},{\"@type\":\"ListItem\",\"position\":3,\"name\":\"Linhas de Pesquisa\"}]},{\"@type\":\"WebSite\",\"@id\":\"https:\/\/institutos.ufrrj.br\/icbs\/#website\",\"url\":\"https:\/\/institutos.ufrrj.br\/icbs\/\",\"name\":\"ICBS - Instituto de Ci\u00eancias Biol\u00f3gicas e da Sa\u00fade\",\"description\":\"\",\"publisher\":{\"@id\":\"https:\/\/institutos.ufrrj.br\/icbs\/#organization\"},\"potentialAction\":[{\"@type\":\"SearchAction\",\"target\":{\"@type\":\"EntryPoint\",\"urlTemplate\":\"https:\/\/institutos.ufrrj.br\/icbs\/?s={search_term_string}\"},\"query-input\":{\"@type\":\"PropertyValueSpecification\",\"valueRequired\":true,\"valueName\":\"search_term_string\"}}],\"inLanguage\":\"pt-BR\"},{\"@type\":\"Organization\",\"@id\":\"https:\/\/institutos.ufrrj.br\/icbs\/#organization\",\"name\":\"UFRRJ - Universidade Federal Rural do Rio de Janeiro\",\"url\":\"https:\/\/institutos.ufrrj.br\/icbs\/\",\"logo\":{\"@type\":\"ImageObject\",\"inLanguage\":\"pt-BR\",\"@id\":\"https:\/\/institutos.ufrrj.br\/icbs\/#\/schema\/logo\/image\/\",\"url\":\"https:\/\/institutos.ufrrj.br\/icbs\/wp-content\/uploads\/sites\/6\/2022\/05\/Logo-ICBS.png\",\"contentUrl\":\"https:\/\/institutos.ufrrj.br\/icbs\/wp-content\/uploads\/sites\/6\/2022\/05\/Logo-ICBS.png\",\"width\":387,\"height\":371,\"caption\":\"UFRRJ - Universidade Federal Rural do Rio de Janeiro\"},\"image\":{\"@id\":\"https:\/\/institutos.ufrrj.br\/icbs\/#\/schema\/logo\/image\/\"}}]}<\/script>\n<!-- \/ Yoast SEO plugin. -->","yoast_head_json":{"title":"Linhas de Pesquisa - Instituto de Ci\u00eancias Biol\u00f3gicas e da Sa\u00fade","robots":{"index":"index","follow":"follow","max-snippet":"max-snippet:-1","max-image-preview":"max-image-preview:large","max-video-preview":"max-video-preview:-1"},"canonical":"https:\/\/institutos.ufrrj.br\/icbs\/departamento-de-biologia-animal\/linhas-de-pesquisa\/","og_locale":"pt_BR","og_type":"article","og_title":"Linhas de Pesquisa - Instituto de Ci\u00eancias Biol\u00f3gicas e da Sa\u00fade","og_description":"&nbsp; Abaixo est\u00e3o relacionados os grupos e linhas de pesquisa dos professores do DBA (ordem alfab\u00e9tica): &nbsp; Grupo de Pesquisa: Laborat\u00f3rio de [&hellip;]","og_url":"https:\/\/institutos.ufrrj.br\/icbs\/departamento-de-biologia-animal\/linhas-de-pesquisa\/","og_site_name":"Instituto de Ci\u00eancias Biol\u00f3gicas e da Sa\u00fade","article_modified_time":"2021-12-16T12:23:59+00:00","twitter_card":"summary_large_image","twitter_misc":{"Est. tempo de leitura":"1 minuto"},"schema":{"@context":"https:\/\/schema.org","@graph":[{"@type":"WebPage","@id":"https:\/\/institutos.ufrrj.br\/icbs\/departamento-de-biologia-animal\/linhas-de-pesquisa\/","url":"https:\/\/institutos.ufrrj.br\/icbs\/departamento-de-biologia-animal\/linhas-de-pesquisa\/","name":"Linhas de Pesquisa - Instituto de Ci\u00eancias Biol\u00f3gicas e da Sa\u00fade","isPartOf":{"@id":"https:\/\/institutos.ufrrj.br\/icbs\/#website"},"datePublished":"2021-11-03T17:05:08+00:00","dateModified":"2021-12-16T12:23:59+00:00","breadcrumb":{"@id":"https:\/\/institutos.ufrrj.br\/icbs\/departamento-de-biologia-animal\/linhas-de-pesquisa\/#breadcrumb"},"inLanguage":"pt-BR","potentialAction":[{"@type":"ReadAction","target":["https:\/\/institutos.ufrrj.br\/icbs\/departamento-de-biologia-animal\/linhas-de-pesquisa\/"]}]},{"@type":"BreadcrumbList","@id":"https:\/\/institutos.ufrrj.br\/icbs\/departamento-de-biologia-animal\/linhas-de-pesquisa\/#breadcrumb","itemListElement":[{"@type":"ListItem","position":1,"name":"In\u00edcio","item":"https:\/\/institutos.ufrrj.br\/icbs\/"},{"@type":"ListItem","position":2,"name":"Departamento de Biologia Animal","item":"https:\/\/institutos.ufrrj.br\/icbs\/departamento-de-biologia-animal\/"},{"@type":"ListItem","position":3,"name":"Linhas de Pesquisa"}]},{"@type":"WebSite","@id":"https:\/\/institutos.ufrrj.br\/icbs\/#website","url":"https:\/\/institutos.ufrrj.br\/icbs\/","name":"ICBS - Instituto de Ci\u00eancias Biol\u00f3gicas e da Sa\u00fade","description":"","publisher":{"@id":"https:\/\/institutos.ufrrj.br\/icbs\/#organization"},"potentialAction":[{"@type":"SearchAction","target":{"@type":"EntryPoint","urlTemplate":"https:\/\/institutos.ufrrj.br\/icbs\/?s={search_term_string}"},"query-input":{"@type":"PropertyValueSpecification","valueRequired":true,"valueName":"search_term_string"}}],"inLanguage":"pt-BR"},{"@type":"Organization","@id":"https:\/\/institutos.ufrrj.br\/icbs\/#organization","name":"UFRRJ - Universidade Federal Rural do Rio de Janeiro","url":"https:\/\/institutos.ufrrj.br\/icbs\/","logo":{"@type":"ImageObject","inLanguage":"pt-BR","@id":"https:\/\/institutos.ufrrj.br\/icbs\/#\/schema\/logo\/image\/","url":"https:\/\/institutos.ufrrj.br\/icbs\/wp-content\/uploads\/sites\/6\/2022\/05\/Logo-ICBS.png","contentUrl":"https:\/\/institutos.ufrrj.br\/icbs\/wp-content\/uploads\/sites\/6\/2022\/05\/Logo-ICBS.png","width":387,"height":371,"caption":"UFRRJ - Universidade Federal Rural do Rio de Janeiro"},"image":{"@id":"https:\/\/institutos.ufrrj.br\/icbs\/#\/schema\/logo\/image\/"}}]}},"_links":{"self":[{"href":"https:\/\/institutos.ufrrj.br\/icbs\/wp-json\/wp\/v2\/pages\/1506","targetHints":{"allow":["GET"]}}],"collection":[{"href":"https:\/\/institutos.ufrrj.br\/icbs\/wp-json\/wp\/v2\/pages"}],"about":[{"href":"https:\/\/institutos.ufrrj.br\/icbs\/wp-json\/wp\/v2\/types\/page"}],"author":[{"embeddable":true,"href":"https:\/\/institutos.ufrrj.br\/icbs\/wp-json\/wp\/v2\/users\/65"}],"replies":[{"embeddable":true,"href":"https:\/\/institutos.ufrrj.br\/icbs\/wp-json\/wp\/v2\/comments?post=1506"}],"version-history":[{"count":13,"href":"https:\/\/institutos.ufrrj.br\/icbs\/wp-json\/wp\/v2\/pages\/1506\/revisions"}],"predecessor-version":[{"id":1652,"href":"https:\/\/institutos.ufrrj.br\/icbs\/wp-json\/wp\/v2\/pages\/1506\/revisions\/1652"}],"up":[{"embeddable":true,"href":"https:\/\/institutos.ufrrj.br\/icbs\/wp-json\/wp\/v2\/pages\/1445"}],"wp:attachment":[{"href":"https:\/\/institutos.ufrrj.br\/icbs\/wp-json\/wp\/v2\/media?parent=1506"}],"curies":[{"name":"wp","href":"https:\/\/api.w.org\/{rel}","templated":true}]}}