{"id":1933,"date":"2022-07-05T18:16:31","date_gmt":"2022-07-05T18:16:31","guid":{"rendered":"https:\/\/institutos.ufrrj.br\/icbs\/?page_id=1933"},"modified":"2024-01-31T12:34:30","modified_gmt":"2024-01-31T15:34:30","slug":"corpo-docente","status":"publish","type":"page","link":"https:\/\/institutos.ufrrj.br\/icbs\/departamento-de-genetica\/corpo-docente\/","title":{"rendered":"Corpo Docente"},"content":{"rendered":"<table>\n<tbody>\n<tr>\n<td width=\"227\"><strong>Docente<\/strong><\/td>\n<td width=\"170\"><strong>Email<\/strong><\/td>\n<td width=\"189\"><strong>Curr\u00edculo lattes<\/strong><\/td>\n<\/tr>\n<tr>\n<td width=\"227\"><strong>ANGELA ESMERIA PINTO<\/strong><\/td>\n<td width=\"170\"><strong>angelaesmeria@ufrrj.br<\/strong><\/td>\n<td width=\"189\">&#8211;<\/td>\n<\/tr>\n<tr>\n<td width=\"227\"><strong>ANTONIA KECYA FRANCA MOITA COSTA<\/strong><\/td>\n<td width=\"170\"><strong>kecyamoita@gmail.com<\/strong><\/td>\n<td width=\"189\"><a href=\"http:\/\/lattes.cnpq.br\/4890570635854055\">http:\/\/lattes.cnpq.br\/4890570635854055<\/a><\/td>\n<\/tr>\n<tr>\n<td width=\"227\"><strong>BIANCA MACHADO CAMPOS TRINDADE<\/strong><\/td>\n<td width=\"170\"><strong>biancamachado@hotmail.com<\/strong><\/td>\n<td width=\"189\"><a href=\"http:\/\/lattes.cnpq.br\/3598704673738055\">http:\/\/lattes.cnpq.br\/3598704673738055<\/a><\/td>\n<\/tr>\n<tr>\n<td width=\"227\"><strong>BRUNA RAFAELA DA SILVA MENEZES<\/strong><\/td>\n<td width=\"170\"><strong>brunarafamenezes@hotmail.com<\/strong><\/td>\n<td width=\"189\"><a href=\"http:\/\/lattes.cnpq.br\/9643745154814449\">http:\/\/lattes.cnpq.br\/9643745154814449<\/a><\/td>\n<\/tr>\n<tr>\n<td width=\"227\"><strong>DENISE MONNERAT NOGUEIRA<\/strong><\/td>\n<td width=\"170\"><strong>denisemn@hotmail.com<\/strong><\/td>\n<td width=\"189\"><a href=\"http:\/\/lattes.cnpq.br\/0121912784111761\">http:\/\/lattes.cnpq.br\/0121912784111761<\/a><\/td>\n<\/tr>\n<tr>\n<td width=\"227\"><strong>ELISANDRA LURDES KERN<\/strong><\/td>\n<td width=\"170\"><strong>elikern@hotmail.com<\/strong><\/td>\n<td width=\"189\"><a href=\"http:\/\/lattes.cnpq.br\/3181538413245770\">http:\/\/lattes.cnpq.br\/2195797315436433<\/a><\/td>\n<\/tr>\n<tr>\n<td width=\"227\"><strong>FELIPE BASTOS ROCHA<\/strong><\/td>\n<td width=\"170\">\n<h5 class=\"iw\"><strong><span class=\"qu\" tabindex=\"-1\" role=\"gridcell\" translate=\"no\"><span class=\"go\">felipe.f@ufrrj.br<\/span><\/span><\/strong><\/h5>\n<\/td>\n<td width=\"189\"><a href=\"http:\/\/lattes.cnpq.br\/5600157114125163\">http:\/\/lattes.cnpq.br\/9850186052133290<\/a><\/td>\n<\/tr>\n<tr>\n<td width=\"227\"><strong>LUCIANA BUENO FERREIRA<\/strong><\/td>\n<td width=\"170\"><strong> lucianabuenoferreira@gmail.com<\/strong><\/td>\n<td width=\"189\"><a href=\"http:\/\/lattes.cnpq.br\/8856929718126611\"> http:\/\/lattes.cnpq.br\/8856929718126611<\/a><\/td>\n<\/tr>\n<tr>\n<td width=\"227\"><strong>MARILENE HILMA DOS SANTOS<\/strong><\/td>\n<td width=\"170\"><strong>marilene.ufrrj@gmail.com<\/strong><\/td>\n<td width=\"189\"><a href=\"http:\/\/lattes.cnpq.br\/2955792197623296\">http:\/\/lattes.cnpq.br\/2955792197623296<\/a><\/td>\n<\/tr>\n<tr>\n<td width=\"227\"><strong>MARINA MORTATI DIAS BARBERO<\/strong><\/td>\n<td width=\"170\"><strong>barbero.mmd@gmail.com<\/strong><\/td>\n<td width=\"189\"><a href=\"http:\/\/lattes.cnpq.br\/4747928461844433\">http:\/\/lattes.cnpq.br\/4747928461844433<\/a><\/td>\n<\/tr>\n<\/tbody>\n<\/table>\n","protected":false},"excerpt":{"rendered":"<p>Docente Email Curr\u00edculo lattes ANGELA ESMERIA PINTO angelaesmeria@ufrrj.br &#8211; ANTONIA KECYA FRANCA MOITA COSTA kecyamoita@gmail.com http:\/\/lattes.cnpq.br\/4890570635854055 BIANCA MACHADO CAMPOS TRINDADE biancamachado@hotmail.com http:\/\/lattes.cnpq.br\/3598704673738055 [&hellip;]<\/p>\n","protected":false},"author":20,"featured_media":0,"parent":553,"menu_order":0,"comment_status":"closed","ping_status":"closed","template":"","meta":{"_acf_changed":false,"_themeisle_gutenberg_block_has_review":false,"footnotes":"","_links_to":"","_links_to_target":""},"class_list":["post-1933","page","type-page","status-publish","hentry"],"acf":[],"yoast_head":"<!-- This site is optimized with the Yoast SEO plugin v26.8 - https:\/\/yoast.com\/product\/yoast-seo-wordpress\/ -->\n<title>Corpo Docente - Instituto de Ci\u00eancias Biol\u00f3gicas e da Sa\u00fade<\/title>\n<meta name=\"robots\" content=\"index, follow, max-snippet:-1, max-image-preview:large, max-video-preview:-1\" \/>\n<link rel=\"canonical\" href=\"https:\/\/institutos.ufrrj.br\/icbs\/departamento-de-genetica\/corpo-docente\/\" \/>\n<meta property=\"og:locale\" content=\"pt_BR\" \/>\n<meta property=\"og:type\" content=\"article\" \/>\n<meta property=\"og:title\" content=\"Corpo Docente - Instituto de Ci\u00eancias Biol\u00f3gicas e da Sa\u00fade\" \/>\n<meta property=\"og:description\" content=\"Docente Email Curr\u00edculo lattes ANGELA ESMERIA PINTO angelaesmeria@ufrrj.br &#8211; ANTONIA KECYA FRANCA MOITA COSTA kecyamoita@gmail.com http:\/\/lattes.cnpq.br\/4890570635854055 BIANCA MACHADO CAMPOS TRINDADE biancamachado@hotmail.com http:\/\/lattes.cnpq.br\/3598704673738055 [&hellip;]\" \/>\n<meta property=\"og:url\" content=\"https:\/\/institutos.ufrrj.br\/icbs\/departamento-de-genetica\/corpo-docente\/\" \/>\n<meta property=\"og:site_name\" content=\"Instituto de Ci\u00eancias Biol\u00f3gicas e da Sa\u00fade\" \/>\n<meta property=\"article:modified_time\" content=\"2024-01-31T15:34:30+00:00\" \/>\n<meta name=\"twitter:card\" content=\"summary_large_image\" \/>\n<meta name=\"twitter:label1\" content=\"Est. tempo de leitura\" \/>\n\t<meta name=\"twitter:data1\" content=\"1 minuto\" \/>\n<script type=\"application\/ld+json\" class=\"yoast-schema-graph\">{\"@context\":\"https:\/\/schema.org\",\"@graph\":[{\"@type\":\"WebPage\",\"@id\":\"https:\/\/institutos.ufrrj.br\/icbs\/departamento-de-genetica\/corpo-docente\/\",\"url\":\"https:\/\/institutos.ufrrj.br\/icbs\/departamento-de-genetica\/corpo-docente\/\",\"name\":\"Corpo Docente - Instituto de Ci\u00eancias Biol\u00f3gicas e da Sa\u00fade\",\"isPartOf\":{\"@id\":\"https:\/\/institutos.ufrrj.br\/icbs\/#website\"},\"datePublished\":\"2022-07-05T18:16:31+00:00\",\"dateModified\":\"2024-01-31T15:34:30+00:00\",\"breadcrumb\":{\"@id\":\"https:\/\/institutos.ufrrj.br\/icbs\/departamento-de-genetica\/corpo-docente\/#breadcrumb\"},\"inLanguage\":\"pt-BR\",\"potentialAction\":[{\"@type\":\"ReadAction\",\"target\":[\"https:\/\/institutos.ufrrj.br\/icbs\/departamento-de-genetica\/corpo-docente\/\"]}]},{\"@type\":\"BreadcrumbList\",\"@id\":\"https:\/\/institutos.ufrrj.br\/icbs\/departamento-de-genetica\/corpo-docente\/#breadcrumb\",\"itemListElement\":[{\"@type\":\"ListItem\",\"position\":1,\"name\":\"In\u00edcio\",\"item\":\"https:\/\/institutos.ufrrj.br\/icbs\/\"},{\"@type\":\"ListItem\",\"position\":2,\"name\":\"Departamento de Gen\u00e9tica\",\"item\":\"https:\/\/institutos.ufrrj.br\/icbs\/departamento-de-genetica\/\"},{\"@type\":\"ListItem\",\"position\":3,\"name\":\"Corpo Docente\"}]},{\"@type\":\"WebSite\",\"@id\":\"https:\/\/institutos.ufrrj.br\/icbs\/#website\",\"url\":\"https:\/\/institutos.ufrrj.br\/icbs\/\",\"name\":\"ICBS - Instituto de Ci\u00eancias Biol\u00f3gicas e da Sa\u00fade\",\"description\":\"\",\"publisher\":{\"@id\":\"https:\/\/institutos.ufrrj.br\/icbs\/#organization\"},\"potentialAction\":[{\"@type\":\"SearchAction\",\"target\":{\"@type\":\"EntryPoint\",\"urlTemplate\":\"https:\/\/institutos.ufrrj.br\/icbs\/?s={search_term_string}\"},\"query-input\":{\"@type\":\"PropertyValueSpecification\",\"valueRequired\":true,\"valueName\":\"search_term_string\"}}],\"inLanguage\":\"pt-BR\"},{\"@type\":\"Organization\",\"@id\":\"https:\/\/institutos.ufrrj.br\/icbs\/#organization\",\"name\":\"UFRRJ - Universidade Federal Rural do Rio de Janeiro\",\"url\":\"https:\/\/institutos.ufrrj.br\/icbs\/\",\"logo\":{\"@type\":\"ImageObject\",\"inLanguage\":\"pt-BR\",\"@id\":\"https:\/\/institutos.ufrrj.br\/icbs\/#\/schema\/logo\/image\/\",\"url\":\"https:\/\/institutos.ufrrj.br\/icbs\/wp-content\/uploads\/sites\/6\/2022\/05\/Logo-ICBS.png\",\"contentUrl\":\"https:\/\/institutos.ufrrj.br\/icbs\/wp-content\/uploads\/sites\/6\/2022\/05\/Logo-ICBS.png\",\"width\":387,\"height\":371,\"caption\":\"UFRRJ - Universidade Federal Rural do Rio de Janeiro\"},\"image\":{\"@id\":\"https:\/\/institutos.ufrrj.br\/icbs\/#\/schema\/logo\/image\/\"}}]}<\/script>\n<!-- \/ Yoast SEO plugin. -->","yoast_head_json":{"title":"Corpo Docente - Instituto de Ci\u00eancias Biol\u00f3gicas e da Sa\u00fade","robots":{"index":"index","follow":"follow","max-snippet":"max-snippet:-1","max-image-preview":"max-image-preview:large","max-video-preview":"max-video-preview:-1"},"canonical":"https:\/\/institutos.ufrrj.br\/icbs\/departamento-de-genetica\/corpo-docente\/","og_locale":"pt_BR","og_type":"article","og_title":"Corpo Docente - Instituto de Ci\u00eancias Biol\u00f3gicas e da Sa\u00fade","og_description":"Docente Email Curr\u00edculo lattes ANGELA ESMERIA PINTO angelaesmeria@ufrrj.br &#8211; ANTONIA KECYA FRANCA MOITA COSTA kecyamoita@gmail.com http:\/\/lattes.cnpq.br\/4890570635854055 BIANCA MACHADO CAMPOS TRINDADE biancamachado@hotmail.com http:\/\/lattes.cnpq.br\/3598704673738055 [&hellip;]","og_url":"https:\/\/institutos.ufrrj.br\/icbs\/departamento-de-genetica\/corpo-docente\/","og_site_name":"Instituto de Ci\u00eancias Biol\u00f3gicas e da Sa\u00fade","article_modified_time":"2024-01-31T15:34:30+00:00","twitter_card":"summary_large_image","twitter_misc":{"Est. tempo de leitura":"1 minuto"},"schema":{"@context":"https:\/\/schema.org","@graph":[{"@type":"WebPage","@id":"https:\/\/institutos.ufrrj.br\/icbs\/departamento-de-genetica\/corpo-docente\/","url":"https:\/\/institutos.ufrrj.br\/icbs\/departamento-de-genetica\/corpo-docente\/","name":"Corpo Docente - Instituto de Ci\u00eancias Biol\u00f3gicas e da Sa\u00fade","isPartOf":{"@id":"https:\/\/institutos.ufrrj.br\/icbs\/#website"},"datePublished":"2022-07-05T18:16:31+00:00","dateModified":"2024-01-31T15:34:30+00:00","breadcrumb":{"@id":"https:\/\/institutos.ufrrj.br\/icbs\/departamento-de-genetica\/corpo-docente\/#breadcrumb"},"inLanguage":"pt-BR","potentialAction":[{"@type":"ReadAction","target":["https:\/\/institutos.ufrrj.br\/icbs\/departamento-de-genetica\/corpo-docente\/"]}]},{"@type":"BreadcrumbList","@id":"https:\/\/institutos.ufrrj.br\/icbs\/departamento-de-genetica\/corpo-docente\/#breadcrumb","itemListElement":[{"@type":"ListItem","position":1,"name":"In\u00edcio","item":"https:\/\/institutos.ufrrj.br\/icbs\/"},{"@type":"ListItem","position":2,"name":"Departamento de Gen\u00e9tica","item":"https:\/\/institutos.ufrrj.br\/icbs\/departamento-de-genetica\/"},{"@type":"ListItem","position":3,"name":"Corpo Docente"}]},{"@type":"WebSite","@id":"https:\/\/institutos.ufrrj.br\/icbs\/#website","url":"https:\/\/institutos.ufrrj.br\/icbs\/","name":"ICBS - Instituto de Ci\u00eancias Biol\u00f3gicas e da Sa\u00fade","description":"","publisher":{"@id":"https:\/\/institutos.ufrrj.br\/icbs\/#organization"},"potentialAction":[{"@type":"SearchAction","target":{"@type":"EntryPoint","urlTemplate":"https:\/\/institutos.ufrrj.br\/icbs\/?s={search_term_string}"},"query-input":{"@type":"PropertyValueSpecification","valueRequired":true,"valueName":"search_term_string"}}],"inLanguage":"pt-BR"},{"@type":"Organization","@id":"https:\/\/institutos.ufrrj.br\/icbs\/#organization","name":"UFRRJ - Universidade Federal Rural do Rio de Janeiro","url":"https:\/\/institutos.ufrrj.br\/icbs\/","logo":{"@type":"ImageObject","inLanguage":"pt-BR","@id":"https:\/\/institutos.ufrrj.br\/icbs\/#\/schema\/logo\/image\/","url":"https:\/\/institutos.ufrrj.br\/icbs\/wp-content\/uploads\/sites\/6\/2022\/05\/Logo-ICBS.png","contentUrl":"https:\/\/institutos.ufrrj.br\/icbs\/wp-content\/uploads\/sites\/6\/2022\/05\/Logo-ICBS.png","width":387,"height":371,"caption":"UFRRJ - Universidade Federal Rural do Rio de Janeiro"},"image":{"@id":"https:\/\/institutos.ufrrj.br\/icbs\/#\/schema\/logo\/image\/"}}]}},"_links":{"self":[{"href":"https:\/\/institutos.ufrrj.br\/icbs\/wp-json\/wp\/v2\/pages\/1933","targetHints":{"allow":["GET"]}}],"collection":[{"href":"https:\/\/institutos.ufrrj.br\/icbs\/wp-json\/wp\/v2\/pages"}],"about":[{"href":"https:\/\/institutos.ufrrj.br\/icbs\/wp-json\/wp\/v2\/types\/page"}],"author":[{"embeddable":true,"href":"https:\/\/institutos.ufrrj.br\/icbs\/wp-json\/wp\/v2\/users\/20"}],"replies":[{"embeddable":true,"href":"https:\/\/institutos.ufrrj.br\/icbs\/wp-json\/wp\/v2\/comments?post=1933"}],"version-history":[{"count":9,"href":"https:\/\/institutos.ufrrj.br\/icbs\/wp-json\/wp\/v2\/pages\/1933\/revisions"}],"predecessor-version":[{"id":2624,"href":"https:\/\/institutos.ufrrj.br\/icbs\/wp-json\/wp\/v2\/pages\/1933\/revisions\/2624"}],"up":[{"embeddable":true,"href":"https:\/\/institutos.ufrrj.br\/icbs\/wp-json\/wp\/v2\/pages\/553"}],"wp:attachment":[{"href":"https:\/\/institutos.ufrrj.br\/icbs\/wp-json\/wp\/v2\/media?parent=1933"}],"curies":[{"name":"wp","href":"https:\/\/api.w.org\/{rel}","templated":true}]}}