{"id":48,"date":"2014-11-28T13:12:01","date_gmt":"2014-11-28T13:12:01","guid":{"rendered":"http:\/\/institutos.ufrrj.br\/ib\/?page_id=48"},"modified":"2021-10-13T16:06:22","modified_gmt":"2021-10-13T16:06:22","slug":"pos-graduacao","status":"publish","type":"page","link":"https:\/\/institutos.ufrrj.br\/icbs\/pos-graduacao\/","title":{"rendered":"P\u00f3s-Gradua\u00e7\u00e3o"},"content":{"rendered":"<p class=\"style21\" align=\"center\"><strong><span class=\"style11\"><span lang=\"pt-BR\" xml:lang=\"pt-BR\">Atualmente, o ICBS\u00a0 oferece tr\u00eas cursos P\u00f3s-gradua\u00e7\u00e3o.<\/span><\/span><\/strong><span lang=\"pt-BR\" xml:lang=\"pt-BR\"><br \/>\n<\/span><\/p>\n<p align=\"center\">Clique no nome do curso e acesse as p\u00e1ginas!<\/p>\n<p>&nbsp;<\/p>\n<table style=\"height: 158px\" border=\"0\" width=\"681\" align=\"center\" bgcolor=\"#FFFFFF\">\n<tbody>\n<tr>\n<td class=\"style11 style1 name\" bgcolor=\"#CCCCCC\" width=\"301\"><span class=\"style11\"><strong>Programa<\/strong><\/span><\/td>\n<td bgcolor=\"#CCCCCC\" width=\"647\"><span class=\"style11\"><strong>Curso<\/strong><\/span><\/td>\n<td bgcolor=\"#CCCCCC\" width=\"647\"><span class=\"style11\"><strong><label>Coordenador<\/label><\/strong><\/span><\/td>\n<\/tr>\n<tr>\n<td class=\"name style1 style11\" bgcolor=\"#FFFFFF\" height=\"47\"><strong>Mestrado<\/strong><\/td>\n<td bgcolor=\"#FFFFFF\"><strong><a class=\"style22\" href=\"http:\/\/cursos.ufrrj.br\/posgraduacao\/ppgfba\/\" target=\"_blank\" rel=\"noopener\"><span lang=\"pt-BR\" xml:lang=\"pt-BR\"><br \/>\nFitossanidade e Biotecnologia Apli<\/span>cada<\/a><\/strong><\/td>\n<td bgcolor=\"#FFFFFF\"><label><\/label>Coordenador: Dr. Paulo Sergio Torres Brioso<\/p>\n<p>Vice-coordenador: Dr.\u00a0F\u00e1bio Souto de Almeida<\/td>\n<\/tr>\n<tr>\n<td><strong><span class=\"style11\">Mestrado e Doutorado<\/span><\/strong><\/td>\n<td><strong><a class=\"style22\" href=\"http:\/\/www.ufrrj.br\/posgrad\/cpgba\" target=\"_blank\" rel=\"noopener\">Biologia Animal<\/a><\/strong><\/td>\n<td>Coordenador: Dr. Francisco Gerson Araujo<\/p>\n<p>Vice-coordenador: Dr.\u00a0Jos\u00e9 Antonio de Oliveira<\/td>\n<\/tr>\n<tr>\n<td><strong>\u00a0Mestrado e Doutorado<\/strong><\/td>\n<td><strong><a class=\"style22\" href=\"http:\/\/cursos.ufrrj.br\/posgraduacao\/pmpgcf\/\" target=\"_blank\" rel=\"noopener\">Multic\u00eantrico Ci\u00eancias Fisiol\u00f3gicas<\/a><\/strong><\/td>\n<td>Coordenador: Dr. David do Carmo Malvar<\/p>\n<p>Vice-coordenador: Dr. Wellington da silva C\u00f4rtes<\/td>\n<\/tr>\n<tr>\n<td><\/td>\n<td><\/td>\n<td><\/td>\n<\/tr>\n<\/tbody>\n<\/table>\n<p>&nbsp;<\/p>\n","protected":false},"excerpt":{"rendered":"<p>Atualmente, o ICBS\u00a0 oferece tr\u00eas cursos P\u00f3s-gradua\u00e7\u00e3o. Clique no nome do curso e acesse as p\u00e1ginas! &nbsp; Programa Curso Coordenador Mestrado Fitossanidade [&hellip;]<\/p>\n","protected":false},"author":20,"featured_media":67,"parent":0,"menu_order":0,"comment_status":"open","ping_status":"open","template":"","meta":{"_acf_changed":false,"_themeisle_gutenberg_block_has_review":false,"footnotes":"","_links_to":"","_links_to_target":""},"class_list":["post-48","page","type-page","status-publish","has-post-thumbnail","hentry"],"acf":[],"yoast_head":"<!-- This site is optimized with the Yoast SEO plugin v26.8 - https:\/\/yoast.com\/product\/yoast-seo-wordpress\/ -->\n<title>P\u00f3s-Gradua\u00e7\u00e3o - Instituto de Ci\u00eancias Biol\u00f3gicas e da Sa\u00fade<\/title>\n<meta name=\"robots\" content=\"index, follow, max-snippet:-1, max-image-preview:large, max-video-preview:-1\" \/>\n<link rel=\"canonical\" href=\"https:\/\/institutos.ufrrj.br\/icbs\/pos-graduacao\/\" \/>\n<meta property=\"og:locale\" content=\"pt_BR\" \/>\n<meta property=\"og:type\" content=\"article\" \/>\n<meta property=\"og:title\" content=\"P\u00f3s-Gradua\u00e7\u00e3o - Instituto de Ci\u00eancias Biol\u00f3gicas e da Sa\u00fade\" \/>\n<meta property=\"og:description\" content=\"Atualmente, o ICBS\u00a0 oferece tr\u00eas cursos P\u00f3s-gradua\u00e7\u00e3o. Clique no nome do curso e acesse as p\u00e1ginas! &nbsp; Programa Curso Coordenador Mestrado Fitossanidade [&hellip;]\" \/>\n<meta property=\"og:url\" content=\"https:\/\/institutos.ufrrj.br\/icbs\/pos-graduacao\/\" \/>\n<meta property=\"og:site_name\" content=\"Instituto de Ci\u00eancias Biol\u00f3gicas e da Sa\u00fade\" \/>\n<meta property=\"article:modified_time\" content=\"2021-10-13T16:06:22+00:00\" \/>\n<meta property=\"og:image\" content=\"https:\/\/institutos.ufrrj.br\/icbs\/wp-content\/uploads\/sites\/6\/2014\/11\/posgrad.png\" \/>\n\t<meta property=\"og:image:width\" content=\"240\" \/>\n\t<meta property=\"og:image:height\" content=\"130\" \/>\n\t<meta property=\"og:image:type\" content=\"image\/png\" \/>\n<meta name=\"twitter:card\" content=\"summary_large_image\" \/>\n<script type=\"application\/ld+json\" class=\"yoast-schema-graph\">{\"@context\":\"https:\/\/schema.org\",\"@graph\":[{\"@type\":\"WebPage\",\"@id\":\"https:\/\/institutos.ufrrj.br\/icbs\/pos-graduacao\/\",\"url\":\"https:\/\/institutos.ufrrj.br\/icbs\/pos-graduacao\/\",\"name\":\"P\u00f3s-Gradua\u00e7\u00e3o - Instituto de Ci\u00eancias Biol\u00f3gicas e da Sa\u00fade\",\"isPartOf\":{\"@id\":\"https:\/\/institutos.ufrrj.br\/icbs\/#website\"},\"primaryImageOfPage\":{\"@id\":\"https:\/\/institutos.ufrrj.br\/icbs\/pos-graduacao\/#primaryimage\"},\"image\":{\"@id\":\"https:\/\/institutos.ufrrj.br\/icbs\/pos-graduacao\/#primaryimage\"},\"thumbnailUrl\":\"https:\/\/institutos.ufrrj.br\/icbs\/wp-content\/uploads\/sites\/6\/2014\/11\/posgrad.png\",\"datePublished\":\"2014-11-28T13:12:01+00:00\",\"dateModified\":\"2021-10-13T16:06:22+00:00\",\"breadcrumb\":{\"@id\":\"https:\/\/institutos.ufrrj.br\/icbs\/pos-graduacao\/#breadcrumb\"},\"inLanguage\":\"pt-BR\",\"potentialAction\":[{\"@type\":\"ReadAction\",\"target\":[\"https:\/\/institutos.ufrrj.br\/icbs\/pos-graduacao\/\"]}]},{\"@type\":\"ImageObject\",\"inLanguage\":\"pt-BR\",\"@id\":\"https:\/\/institutos.ufrrj.br\/icbs\/pos-graduacao\/#primaryimage\",\"url\":\"https:\/\/institutos.ufrrj.br\/icbs\/wp-content\/uploads\/sites\/6\/2014\/11\/posgrad.png\",\"contentUrl\":\"https:\/\/institutos.ufrrj.br\/icbs\/wp-content\/uploads\/sites\/6\/2014\/11\/posgrad.png\",\"width\":240,\"height\":130},{\"@type\":\"BreadcrumbList\",\"@id\":\"https:\/\/institutos.ufrrj.br\/icbs\/pos-graduacao\/#breadcrumb\",\"itemListElement\":[{\"@type\":\"ListItem\",\"position\":1,\"name\":\"In\u00edcio\",\"item\":\"https:\/\/institutos.ufrrj.br\/icbs\/\"},{\"@type\":\"ListItem\",\"position\":2,\"name\":\"P\u00f3s-Gradua\u00e7\u00e3o\"}]},{\"@type\":\"WebSite\",\"@id\":\"https:\/\/institutos.ufrrj.br\/icbs\/#website\",\"url\":\"https:\/\/institutos.ufrrj.br\/icbs\/\",\"name\":\"ICBS - Instituto de Ci\u00eancias Biol\u00f3gicas e da Sa\u00fade\",\"description\":\"\",\"publisher\":{\"@id\":\"https:\/\/institutos.ufrrj.br\/icbs\/#organization\"},\"potentialAction\":[{\"@type\":\"SearchAction\",\"target\":{\"@type\":\"EntryPoint\",\"urlTemplate\":\"https:\/\/institutos.ufrrj.br\/icbs\/?s={search_term_string}\"},\"query-input\":{\"@type\":\"PropertyValueSpecification\",\"valueRequired\":true,\"valueName\":\"search_term_string\"}}],\"inLanguage\":\"pt-BR\"},{\"@type\":\"Organization\",\"@id\":\"https:\/\/institutos.ufrrj.br\/icbs\/#organization\",\"name\":\"UFRRJ - Universidade Federal Rural do Rio de Janeiro\",\"url\":\"https:\/\/institutos.ufrrj.br\/icbs\/\",\"logo\":{\"@type\":\"ImageObject\",\"inLanguage\":\"pt-BR\",\"@id\":\"https:\/\/institutos.ufrrj.br\/icbs\/#\/schema\/logo\/image\/\",\"url\":\"https:\/\/institutos.ufrrj.br\/icbs\/wp-content\/uploads\/sites\/6\/2022\/05\/Logo-ICBS.png\",\"contentUrl\":\"https:\/\/institutos.ufrrj.br\/icbs\/wp-content\/uploads\/sites\/6\/2022\/05\/Logo-ICBS.png\",\"width\":387,\"height\":371,\"caption\":\"UFRRJ - Universidade Federal Rural do Rio de Janeiro\"},\"image\":{\"@id\":\"https:\/\/institutos.ufrrj.br\/icbs\/#\/schema\/logo\/image\/\"}}]}<\/script>\n<!-- \/ Yoast SEO plugin. -->","yoast_head_json":{"title":"P\u00f3s-Gradua\u00e7\u00e3o - Instituto de Ci\u00eancias Biol\u00f3gicas e da Sa\u00fade","robots":{"index":"index","follow":"follow","max-snippet":"max-snippet:-1","max-image-preview":"max-image-preview:large","max-video-preview":"max-video-preview:-1"},"canonical":"https:\/\/institutos.ufrrj.br\/icbs\/pos-graduacao\/","og_locale":"pt_BR","og_type":"article","og_title":"P\u00f3s-Gradua\u00e7\u00e3o - Instituto de Ci\u00eancias Biol\u00f3gicas e da Sa\u00fade","og_description":"Atualmente, o ICBS\u00a0 oferece tr\u00eas cursos P\u00f3s-gradua\u00e7\u00e3o. Clique no nome do curso e acesse as p\u00e1ginas! &nbsp; Programa Curso Coordenador Mestrado Fitossanidade [&hellip;]","og_url":"https:\/\/institutos.ufrrj.br\/icbs\/pos-graduacao\/","og_site_name":"Instituto de Ci\u00eancias Biol\u00f3gicas e da Sa\u00fade","article_modified_time":"2021-10-13T16:06:22+00:00","og_image":[{"width":240,"height":130,"url":"https:\/\/institutos.ufrrj.br\/icbs\/wp-content\/uploads\/sites\/6\/2014\/11\/posgrad.png","type":"image\/png"}],"twitter_card":"summary_large_image","schema":{"@context":"https:\/\/schema.org","@graph":[{"@type":"WebPage","@id":"https:\/\/institutos.ufrrj.br\/icbs\/pos-graduacao\/","url":"https:\/\/institutos.ufrrj.br\/icbs\/pos-graduacao\/","name":"P\u00f3s-Gradua\u00e7\u00e3o - Instituto de Ci\u00eancias Biol\u00f3gicas e da Sa\u00fade","isPartOf":{"@id":"https:\/\/institutos.ufrrj.br\/icbs\/#website"},"primaryImageOfPage":{"@id":"https:\/\/institutos.ufrrj.br\/icbs\/pos-graduacao\/#primaryimage"},"image":{"@id":"https:\/\/institutos.ufrrj.br\/icbs\/pos-graduacao\/#primaryimage"},"thumbnailUrl":"https:\/\/institutos.ufrrj.br\/icbs\/wp-content\/uploads\/sites\/6\/2014\/11\/posgrad.png","datePublished":"2014-11-28T13:12:01+00:00","dateModified":"2021-10-13T16:06:22+00:00","breadcrumb":{"@id":"https:\/\/institutos.ufrrj.br\/icbs\/pos-graduacao\/#breadcrumb"},"inLanguage":"pt-BR","potentialAction":[{"@type":"ReadAction","target":["https:\/\/institutos.ufrrj.br\/icbs\/pos-graduacao\/"]}]},{"@type":"ImageObject","inLanguage":"pt-BR","@id":"https:\/\/institutos.ufrrj.br\/icbs\/pos-graduacao\/#primaryimage","url":"https:\/\/institutos.ufrrj.br\/icbs\/wp-content\/uploads\/sites\/6\/2014\/11\/posgrad.png","contentUrl":"https:\/\/institutos.ufrrj.br\/icbs\/wp-content\/uploads\/sites\/6\/2014\/11\/posgrad.png","width":240,"height":130},{"@type":"BreadcrumbList","@id":"https:\/\/institutos.ufrrj.br\/icbs\/pos-graduacao\/#breadcrumb","itemListElement":[{"@type":"ListItem","position":1,"name":"In\u00edcio","item":"https:\/\/institutos.ufrrj.br\/icbs\/"},{"@type":"ListItem","position":2,"name":"P\u00f3s-Gradua\u00e7\u00e3o"}]},{"@type":"WebSite","@id":"https:\/\/institutos.ufrrj.br\/icbs\/#website","url":"https:\/\/institutos.ufrrj.br\/icbs\/","name":"ICBS - Instituto de Ci\u00eancias Biol\u00f3gicas e da Sa\u00fade","description":"","publisher":{"@id":"https:\/\/institutos.ufrrj.br\/icbs\/#organization"},"potentialAction":[{"@type":"SearchAction","target":{"@type":"EntryPoint","urlTemplate":"https:\/\/institutos.ufrrj.br\/icbs\/?s={search_term_string}"},"query-input":{"@type":"PropertyValueSpecification","valueRequired":true,"valueName":"search_term_string"}}],"inLanguage":"pt-BR"},{"@type":"Organization","@id":"https:\/\/institutos.ufrrj.br\/icbs\/#organization","name":"UFRRJ - Universidade Federal Rural do Rio de Janeiro","url":"https:\/\/institutos.ufrrj.br\/icbs\/","logo":{"@type":"ImageObject","inLanguage":"pt-BR","@id":"https:\/\/institutos.ufrrj.br\/icbs\/#\/schema\/logo\/image\/","url":"https:\/\/institutos.ufrrj.br\/icbs\/wp-content\/uploads\/sites\/6\/2022\/05\/Logo-ICBS.png","contentUrl":"https:\/\/institutos.ufrrj.br\/icbs\/wp-content\/uploads\/sites\/6\/2022\/05\/Logo-ICBS.png","width":387,"height":371,"caption":"UFRRJ - Universidade Federal Rural do Rio de Janeiro"},"image":{"@id":"https:\/\/institutos.ufrrj.br\/icbs\/#\/schema\/logo\/image\/"}}]}},"_links":{"self":[{"href":"https:\/\/institutos.ufrrj.br\/icbs\/wp-json\/wp\/v2\/pages\/48","targetHints":{"allow":["GET"]}}],"collection":[{"href":"https:\/\/institutos.ufrrj.br\/icbs\/wp-json\/wp\/v2\/pages"}],"about":[{"href":"https:\/\/institutos.ufrrj.br\/icbs\/wp-json\/wp\/v2\/types\/page"}],"author":[{"embeddable":true,"href":"https:\/\/institutos.ufrrj.br\/icbs\/wp-json\/wp\/v2\/users\/20"}],"replies":[{"embeddable":true,"href":"https:\/\/institutos.ufrrj.br\/icbs\/wp-json\/wp\/v2\/comments?post=48"}],"version-history":[{"count":25,"href":"https:\/\/institutos.ufrrj.br\/icbs\/wp-json\/wp\/v2\/pages\/48\/revisions"}],"predecessor-version":[{"id":2892,"href":"https:\/\/institutos.ufrrj.br\/icbs\/wp-json\/wp\/v2\/pages\/48\/revisions\/2892"}],"wp:featuredmedia":[{"embeddable":true,"href":"https:\/\/institutos.ufrrj.br\/icbs\/wp-json\/wp\/v2\/media\/67"}],"wp:attachment":[{"href":"https:\/\/institutos.ufrrj.br\/icbs\/wp-json\/wp\/v2\/media?parent=48"}],"curies":[{"name":"wp","href":"https:\/\/api.w.org\/{rel}","templated":true}]}}