{"id":6,"date":"2014-11-26T12:14:31","date_gmt":"2014-11-26T12:14:31","guid":{"rendered":"http:\/\/institutos.ufrrj.br\/ib\/?page_id=6"},"modified":"2026-01-29T13:31:32","modified_gmt":"2026-01-29T16:31:32","slug":"deliberacoes","status":"publish","type":"page","link":"https:\/\/institutos.ufrrj.br\/icbs\/deliberacoes\/","title":{"rendered":"Estrutura F\u00edsica"},"content":{"rendered":"<div style=\"font-size: large; text-align: justify;\">\n<p><strong>O Instituto de Ci\u00eancias Biol\u00f3gicas e da Sa\u00fade (ICBS) \u00e9 formado pelo Pr\u00e9dio Principal (antigo IB), Anexos I e II , Pr\u00e9dio do CICS, Laborat\u00f3rio de Ecologia de Peixes, \u00c1rea Experimental de Fitopatologia, Espa\u00e7os do DAAH no IV e do DCFis no PQ.<\/strong><\/p>\n<h3>Pr\u00e9dio Principal (antigo IB):<\/h3>\n<p>Localiza-se \u00e0 direita do Pavilh\u00e3o Principal (P1). Comporta, al\u00e9m da Diretoria, a secretaria das Coordena\u00e7\u00f5es do Curso de P\u00f3s-Gradua\u00e7\u00e3o em Biologia Animal e do Curso Gradua\u00e7\u00e3o de Ci\u00eancias Biol\u00f3gicas, assim como os Departamentos de Gen\u00e9tica e parte dos de Entomologia e Fitopatologia, de Biologia Animal e de Ci\u00eancias Farmac\u00eauticas.<\/p>\n<h3>Anexo I:<\/h3>\n<p>Localiza-se \u00e0 esquerda do Pr\u00e9dio Principal (IB). Com aproximadamente 1.400 m\u00b2 de \u00e1rea constru\u00edda, 6 salas de aula te\u00f3ricas, sala da Coordena\u00e7\u00e3o de Est\u00e1gio Supervisionado e do Programa Institucional de Bolsa de Inicia\u00e7\u00e3o \u00e0 Doc\u00eancia (PIBID) de Ci\u00eancias Biol\u00f3gicas, sala do Diret\u00f3rio Acad\u00eamico Charles Darwin (curso de Ci\u00eancias Biol\u00f3gicas), sala do Diret\u00f3rio Acad\u00eamico Diogo de Castro (curso de Farm\u00e1cia), 2 espa\u00e7os destinados a cole\u00e7\u00f5es cient\u00edficas (Anf\u00edbios e Quir\u00f3pteros) e salas\/laborat\u00f3rios da \u00c1rea de Zoologia.<\/p>\n<h2><\/h2>\n<h2><span style=\"color: #ff0000;\">&gt;<\/span>Anexo II:<\/h2>\n<p>Tamb\u00e9m chamado de Pavilh\u00e3o Hugo de Souza Lopes, localiza-se, \u00e0 esquerda do antigo IB, tal como o Anexo I, mas em frente \u00e0 este. Com aproximadamente 700 m\u00b2, com secretaria administrativa, 2 salas de aula, sala de professores e laborat\u00f3rios.<\/p>\n<h2><span style=\"color: #ff0000;\">&gt;<\/span>CICS:<\/h2>\n<p>O Centro Integrado de Ci\u00eancias da Sa\u00fade (CICS), tamb\u00e9m chamado de Anat\u00f4mico, teve seu projeto iniciado em 2011, obras iniciadas em 2012, interrompidas em 2016 e retomadas posteriormente. Em 2019 foi inaugurado o Anat\u00f4mico, estando apto a receber turmas de aulas te\u00f3ricas.<\/p>\n<h2><span style=\"color: #ff0000;\">&gt;<\/span>Laborat\u00f3rio de Ecologia de Peixes:<\/h2>\n<h2><span style=\"color: #ff0000;\">P\u00c1GINA EM CONSTRU\u00c7\u00c3O!!!<\/span><\/h2>\n<h2><span style=\"color: #ff0000;\">&gt;<\/span>\u00c1rea Experimental de Fitopatologia:<\/h2>\n<p>A \u00c1rea Experimental de Fitopatologia e parte da \u00c1rea de Entomologia (Centro Integrado de Manejo de Pragas Cincinnato Rory Gon\u00e7alvez est\u00e3o localizados em pr\u00e9dios situados atr\u00e1s da Imprensa Universit\u00e1ria, com salas de aula, pr\u00e1tica e te\u00f3rica, e laborat\u00f3rios.<\/p>\n<h2><span style=\"color: #ff0000;\">&gt;<\/span>Espa\u00e7os do DAAH no IV:<\/h2>\n<p>O Departamento de Anatomia Animal e Humana (DAAH), \u00c1rea de Histologia e Embriologia localizam-se no pr\u00e9dio principal do Instituto de Veterin\u00e1ria.<\/p>\n<h2><span style=\"color: #ff0000;\">&gt;<\/span>Espa\u00e7os do DCFis no PQ:<\/h2>\n<p>O Departamento de Ci\u00eancias Fisiol\u00f3gicas (DCFis) localiza-se no Pavilh\u00e3o de Qu\u00edmica.<\/p>\n<\/div>\n<p><a href=\"http:\/\/institutos.ufrrj.br\/ib\/wp-content\/uploads\/sites\/6\/2014\/11\/planta_bio.jpg\"><img loading=\"lazy\" decoding=\"async\" class=\"wp-image-144 aligncenter\" src=\"http:\/\/institutos.ufrrj.br\/ib\/wp-content\/uploads\/sites\/6\/2014\/11\/planta_bio.jpg\" alt=\"planta_bio\" width=\"491\" height=\"520\" srcset=\"https:\/\/institutos.ufrrj.br\/icbs\/wp-content\/uploads\/sites\/6\/2014\/11\/planta_bio.jpg 571w, https:\/\/institutos.ufrrj.br\/icbs\/wp-content\/uploads\/sites\/6\/2014\/11\/planta_bio-283x300.jpg 283w, https:\/\/institutos.ufrrj.br\/icbs\/wp-content\/uploads\/sites\/6\/2014\/11\/planta_bio-94x100.jpg 94w\" sizes=\"auto, (max-width: 491px) 100vw, 491px\" \/><\/a><\/p>\n<p style=\"text-align: center;\"><em>(Clique na imagem\u00a0para ampliar)<\/em><\/p>\n<p><strong><span class=\"style21\"><a title=\"Estrutura\" href=\"http:\/\/institutos.ufrrj.br\/ib\/wp-content\/uploads\/sites\/6\/2014\/11\/planta_ib.pdf\" target=\"_blank\" rel=\"noopener\">planta_ib<\/a><\/span><\/strong><\/p>\n<p>&#8230;<\/p>\n","protected":false},"excerpt":{"rendered":"<p>O Instituto de Ci\u00eancias Biol\u00f3gicas e da Sa\u00fade (ICBS) \u00e9 formado pelo Pr\u00e9dio Principal (antigo IB), Anexos I e II , Pr\u00e9dio [&hellip;]<\/p>\n","protected":false},"author":20,"featured_media":0,"parent":0,"menu_order":0,"comment_status":"open","ping_status":"open","template":"","meta":{"_acf_changed":false,"_themeisle_gutenberg_block_has_review":false,"footnotes":"","_links_to":"","_links_to_target":""},"class_list":["post-6","page","type-page","status-publish","hentry"],"acf":[],"yoast_head":"<!-- This site is optimized with the Yoast SEO plugin v26.8 - https:\/\/yoast.com\/product\/yoast-seo-wordpress\/ -->\n<title>Estrutura F\u00edsica - Instituto de Ci\u00eancias Biol\u00f3gicas e da Sa\u00fade<\/title>\n<meta name=\"robots\" content=\"index, follow, max-snippet:-1, max-image-preview:large, max-video-preview:-1\" \/>\n<link rel=\"canonical\" href=\"https:\/\/institutos.ufrrj.br\/icbs\/deliberacoes\/\" \/>\n<meta property=\"og:locale\" content=\"pt_BR\" \/>\n<meta property=\"og:type\" content=\"article\" \/>\n<meta property=\"og:title\" content=\"Estrutura F\u00edsica - Instituto de Ci\u00eancias Biol\u00f3gicas e da Sa\u00fade\" \/>\n<meta property=\"og:description\" content=\"O Instituto de Ci\u00eancias Biol\u00f3gicas e da Sa\u00fade (ICBS) \u00e9 formado pelo Pr\u00e9dio Principal (antigo IB), Anexos I e II , Pr\u00e9dio [&hellip;]\" \/>\n<meta property=\"og:url\" content=\"https:\/\/institutos.ufrrj.br\/icbs\/deliberacoes\/\" \/>\n<meta property=\"og:site_name\" content=\"Instituto de Ci\u00eancias Biol\u00f3gicas e da Sa\u00fade\" \/>\n<meta property=\"article:modified_time\" content=\"2026-01-29T16:31:32+00:00\" \/>\n<meta property=\"og:image\" content=\"https:\/\/institutos.ufrrj.br\/icbs\/wp-content\/uploads\/sites\/6\/2014\/11\/planta_bio.jpg\" \/>\n\t<meta property=\"og:image:width\" content=\"571\" \/>\n\t<meta property=\"og:image:height\" content=\"605\" \/>\n\t<meta property=\"og:image:type\" content=\"image\/jpeg\" \/>\n<meta name=\"twitter:card\" content=\"summary_large_image\" \/>\n<meta name=\"twitter:label1\" content=\"Est. tempo de leitura\" \/>\n\t<meta name=\"twitter:data1\" content=\"3 minutos\" \/>\n<script type=\"application\/ld+json\" class=\"yoast-schema-graph\">{\"@context\":\"https:\/\/schema.org\",\"@graph\":[{\"@type\":\"WebPage\",\"@id\":\"https:\/\/institutos.ufrrj.br\/icbs\/deliberacoes\/\",\"url\":\"https:\/\/institutos.ufrrj.br\/icbs\/deliberacoes\/\",\"name\":\"Estrutura F\u00edsica - Instituto de Ci\u00eancias Biol\u00f3gicas e da Sa\u00fade\",\"isPartOf\":{\"@id\":\"https:\/\/institutos.ufrrj.br\/icbs\/#website\"},\"primaryImageOfPage\":{\"@id\":\"https:\/\/institutos.ufrrj.br\/icbs\/deliberacoes\/#primaryimage\"},\"image\":{\"@id\":\"https:\/\/institutos.ufrrj.br\/icbs\/deliberacoes\/#primaryimage\"},\"thumbnailUrl\":\"http:\/\/institutos.ufrrj.br\/ib\/wp-content\/uploads\/sites\/6\/2014\/11\/planta_bio.jpg\",\"datePublished\":\"2014-11-26T12:14:31+00:00\",\"dateModified\":\"2026-01-29T16:31:32+00:00\",\"breadcrumb\":{\"@id\":\"https:\/\/institutos.ufrrj.br\/icbs\/deliberacoes\/#breadcrumb\"},\"inLanguage\":\"pt-BR\",\"potentialAction\":[{\"@type\":\"ReadAction\",\"target\":[\"https:\/\/institutos.ufrrj.br\/icbs\/deliberacoes\/\"]}]},{\"@type\":\"ImageObject\",\"inLanguage\":\"pt-BR\",\"@id\":\"https:\/\/institutos.ufrrj.br\/icbs\/deliberacoes\/#primaryimage\",\"url\":\"http:\/\/institutos.ufrrj.br\/ib\/wp-content\/uploads\/sites\/6\/2014\/11\/planta_bio.jpg\",\"contentUrl\":\"http:\/\/institutos.ufrrj.br\/ib\/wp-content\/uploads\/sites\/6\/2014\/11\/planta_bio.jpg\"},{\"@type\":\"BreadcrumbList\",\"@id\":\"https:\/\/institutos.ufrrj.br\/icbs\/deliberacoes\/#breadcrumb\",\"itemListElement\":[{\"@type\":\"ListItem\",\"position\":1,\"name\":\"In\u00edcio\",\"item\":\"https:\/\/institutos.ufrrj.br\/icbs\/\"},{\"@type\":\"ListItem\",\"position\":2,\"name\":\"Estrutura F\u00edsica\"}]},{\"@type\":\"WebSite\",\"@id\":\"https:\/\/institutos.ufrrj.br\/icbs\/#website\",\"url\":\"https:\/\/institutos.ufrrj.br\/icbs\/\",\"name\":\"ICBS - Instituto de Ci\u00eancias Biol\u00f3gicas e da Sa\u00fade\",\"description\":\"\",\"publisher\":{\"@id\":\"https:\/\/institutos.ufrrj.br\/icbs\/#organization\"},\"potentialAction\":[{\"@type\":\"SearchAction\",\"target\":{\"@type\":\"EntryPoint\",\"urlTemplate\":\"https:\/\/institutos.ufrrj.br\/icbs\/?s={search_term_string}\"},\"query-input\":{\"@type\":\"PropertyValueSpecification\",\"valueRequired\":true,\"valueName\":\"search_term_string\"}}],\"inLanguage\":\"pt-BR\"},{\"@type\":\"Organization\",\"@id\":\"https:\/\/institutos.ufrrj.br\/icbs\/#organization\",\"name\":\"UFRRJ - Universidade Federal Rural do Rio de Janeiro\",\"url\":\"https:\/\/institutos.ufrrj.br\/icbs\/\",\"logo\":{\"@type\":\"ImageObject\",\"inLanguage\":\"pt-BR\",\"@id\":\"https:\/\/institutos.ufrrj.br\/icbs\/#\/schema\/logo\/image\/\",\"url\":\"https:\/\/institutos.ufrrj.br\/icbs\/wp-content\/uploads\/sites\/6\/2022\/05\/Logo-ICBS.png\",\"contentUrl\":\"https:\/\/institutos.ufrrj.br\/icbs\/wp-content\/uploads\/sites\/6\/2022\/05\/Logo-ICBS.png\",\"width\":387,\"height\":371,\"caption\":\"UFRRJ - Universidade Federal Rural do Rio de Janeiro\"},\"image\":{\"@id\":\"https:\/\/institutos.ufrrj.br\/icbs\/#\/schema\/logo\/image\/\"}}]}<\/script>\n<!-- \/ Yoast SEO plugin. -->","yoast_head_json":{"title":"Estrutura F\u00edsica - Instituto de Ci\u00eancias Biol\u00f3gicas e da Sa\u00fade","robots":{"index":"index","follow":"follow","max-snippet":"max-snippet:-1","max-image-preview":"max-image-preview:large","max-video-preview":"max-video-preview:-1"},"canonical":"https:\/\/institutos.ufrrj.br\/icbs\/deliberacoes\/","og_locale":"pt_BR","og_type":"article","og_title":"Estrutura F\u00edsica - Instituto de Ci\u00eancias Biol\u00f3gicas e da Sa\u00fade","og_description":"O Instituto de Ci\u00eancias Biol\u00f3gicas e da Sa\u00fade (ICBS) \u00e9 formado pelo Pr\u00e9dio Principal (antigo IB), Anexos I e II , Pr\u00e9dio [&hellip;]","og_url":"https:\/\/institutos.ufrrj.br\/icbs\/deliberacoes\/","og_site_name":"Instituto de Ci\u00eancias Biol\u00f3gicas e da Sa\u00fade","article_modified_time":"2026-01-29T16:31:32+00:00","og_image":[{"width":571,"height":605,"url":"https:\/\/institutos.ufrrj.br\/icbs\/wp-content\/uploads\/sites\/6\/2014\/11\/planta_bio.jpg","type":"image\/jpeg"}],"twitter_card":"summary_large_image","twitter_misc":{"Est. tempo de leitura":"3 minutos"},"schema":{"@context":"https:\/\/schema.org","@graph":[{"@type":"WebPage","@id":"https:\/\/institutos.ufrrj.br\/icbs\/deliberacoes\/","url":"https:\/\/institutos.ufrrj.br\/icbs\/deliberacoes\/","name":"Estrutura F\u00edsica - Instituto de Ci\u00eancias Biol\u00f3gicas e da Sa\u00fade","isPartOf":{"@id":"https:\/\/institutos.ufrrj.br\/icbs\/#website"},"primaryImageOfPage":{"@id":"https:\/\/institutos.ufrrj.br\/icbs\/deliberacoes\/#primaryimage"},"image":{"@id":"https:\/\/institutos.ufrrj.br\/icbs\/deliberacoes\/#primaryimage"},"thumbnailUrl":"http:\/\/institutos.ufrrj.br\/ib\/wp-content\/uploads\/sites\/6\/2014\/11\/planta_bio.jpg","datePublished":"2014-11-26T12:14:31+00:00","dateModified":"2026-01-29T16:31:32+00:00","breadcrumb":{"@id":"https:\/\/institutos.ufrrj.br\/icbs\/deliberacoes\/#breadcrumb"},"inLanguage":"pt-BR","potentialAction":[{"@type":"ReadAction","target":["https:\/\/institutos.ufrrj.br\/icbs\/deliberacoes\/"]}]},{"@type":"ImageObject","inLanguage":"pt-BR","@id":"https:\/\/institutos.ufrrj.br\/icbs\/deliberacoes\/#primaryimage","url":"http:\/\/institutos.ufrrj.br\/ib\/wp-content\/uploads\/sites\/6\/2014\/11\/planta_bio.jpg","contentUrl":"http:\/\/institutos.ufrrj.br\/ib\/wp-content\/uploads\/sites\/6\/2014\/11\/planta_bio.jpg"},{"@type":"BreadcrumbList","@id":"https:\/\/institutos.ufrrj.br\/icbs\/deliberacoes\/#breadcrumb","itemListElement":[{"@type":"ListItem","position":1,"name":"In\u00edcio","item":"https:\/\/institutos.ufrrj.br\/icbs\/"},{"@type":"ListItem","position":2,"name":"Estrutura F\u00edsica"}]},{"@type":"WebSite","@id":"https:\/\/institutos.ufrrj.br\/icbs\/#website","url":"https:\/\/institutos.ufrrj.br\/icbs\/","name":"ICBS - Instituto de Ci\u00eancias Biol\u00f3gicas e da Sa\u00fade","description":"","publisher":{"@id":"https:\/\/institutos.ufrrj.br\/icbs\/#organization"},"potentialAction":[{"@type":"SearchAction","target":{"@type":"EntryPoint","urlTemplate":"https:\/\/institutos.ufrrj.br\/icbs\/?s={search_term_string}"},"query-input":{"@type":"PropertyValueSpecification","valueRequired":true,"valueName":"search_term_string"}}],"inLanguage":"pt-BR"},{"@type":"Organization","@id":"https:\/\/institutos.ufrrj.br\/icbs\/#organization","name":"UFRRJ - Universidade Federal Rural do Rio de Janeiro","url":"https:\/\/institutos.ufrrj.br\/icbs\/","logo":{"@type":"ImageObject","inLanguage":"pt-BR","@id":"https:\/\/institutos.ufrrj.br\/icbs\/#\/schema\/logo\/image\/","url":"https:\/\/institutos.ufrrj.br\/icbs\/wp-content\/uploads\/sites\/6\/2022\/05\/Logo-ICBS.png","contentUrl":"https:\/\/institutos.ufrrj.br\/icbs\/wp-content\/uploads\/sites\/6\/2022\/05\/Logo-ICBS.png","width":387,"height":371,"caption":"UFRRJ - Universidade Federal Rural do Rio de Janeiro"},"image":{"@id":"https:\/\/institutos.ufrrj.br\/icbs\/#\/schema\/logo\/image\/"}}]}},"_links":{"self":[{"href":"https:\/\/institutos.ufrrj.br\/icbs\/wp-json\/wp\/v2\/pages\/6","targetHints":{"allow":["GET"]}}],"collection":[{"href":"https:\/\/institutos.ufrrj.br\/icbs\/wp-json\/wp\/v2\/pages"}],"about":[{"href":"https:\/\/institutos.ufrrj.br\/icbs\/wp-json\/wp\/v2\/types\/page"}],"author":[{"embeddable":true,"href":"https:\/\/institutos.ufrrj.br\/icbs\/wp-json\/wp\/v2\/users\/20"}],"replies":[{"embeddable":true,"href":"https:\/\/institutos.ufrrj.br\/icbs\/wp-json\/wp\/v2\/comments?post=6"}],"version-history":[{"count":23,"href":"https:\/\/institutos.ufrrj.br\/icbs\/wp-json\/wp\/v2\/pages\/6\/revisions"}],"predecessor-version":[{"id":3041,"href":"https:\/\/institutos.ufrrj.br\/icbs\/wp-json\/wp\/v2\/pages\/6\/revisions\/3041"}],"wp:attachment":[{"href":"https:\/\/institutos.ufrrj.br\/icbs\/wp-json\/wp\/v2\/media?parent=6"}],"curies":[{"name":"wp","href":"https:\/\/api.w.org\/{rel}","templated":true}]}}