{"id":1078,"date":"2014-06-23T16:47:09","date_gmt":"2014-06-23T16:47:09","guid":{"rendered":"http:\/\/institutos.ufrrj.br\/ice\/?page_id=1078"},"modified":"2014-10-06T16:42:28","modified_gmt":"2014-10-06T16:42:28","slug":"profmat","status":"publish","type":"page","link":"https:\/\/institutos.ufrrj.br\/ice\/profmat\/","title":{"rendered":"PROFMAT"},"content":{"rendered":"<p>O <strong>PROFMAT<\/strong> \u00e9 um programa de p\u00f3s-gradua\u00e7\u00e3o\u00a0<em>stricto sensu<\/em>\u00a0, um programa de\u00a0<em>Mestrado<\/em>, que tem como objetivo principal proporcionar forma\u00e7\u00e3o aprofundada e adequada para professores de matem\u00e1tica em exerc\u00edcio da doc\u00eancia no Ensino B\u00e1sico, no Ensino Fundamental e no Ensino M\u00e9dio. <strong><a href=\"http:\/\/cursos.ufrrj.br\/posgraduacao\/profmat\/2013\/05\/14\/profmat-2\/\" target=\"_blank\">Saiba mais&#8230;<\/a><\/strong><\/p>\n","protected":false},"excerpt":{"rendered":"<p>O PROFMAT \u00e9 um programa de p\u00f3s-gradua\u00e7\u00e3o\u00a0stricto sensu\u00a0, um programa de\u00a0Mestrado, que tem como objetivo principal proporcionar forma\u00e7\u00e3o aprofundada e adequada para [&hellip;]<\/p>\n","protected":false},"author":2,"featured_media":0,"parent":0,"menu_order":0,"comment_status":"open","ping_status":"open","template":"","meta":{"_acf_changed":false,"ngg_post_thumbnail":0,"_themeisle_gutenberg_block_has_review":false,"footnotes":""},"class_list":["post-1078","page","type-page","status-publish","hentry"],"acf":[],"yoast_head":"<!-- This site is optimized with the Yoast SEO plugin v26.8 - https:\/\/yoast.com\/product\/yoast-seo-wordpress\/ -->\n<title>PROFMAT - Institutos de Ci\u00eancias Exatas - ICE<\/title>\n<meta name=\"robots\" content=\"index, follow, max-snippet:-1, max-image-preview:large, max-video-preview:-1\" \/>\n<link rel=\"canonical\" href=\"https:\/\/institutos.ufrrj.br\/ice\/profmat\/\" \/>\n<meta property=\"og:locale\" content=\"pt_BR\" \/>\n<meta property=\"og:type\" content=\"article\" \/>\n<meta property=\"og:title\" content=\"PROFMAT - Institutos de Ci\u00eancias Exatas - ICE\" \/>\n<meta property=\"og:description\" content=\"O PROFMAT \u00e9 um programa de p\u00f3s-gradua\u00e7\u00e3o\u00a0stricto sensu\u00a0, um programa de\u00a0Mestrado, que tem como objetivo principal proporcionar forma\u00e7\u00e3o aprofundada e adequada para [&hellip;]\" \/>\n<meta property=\"og:url\" content=\"https:\/\/institutos.ufrrj.br\/ice\/profmat\/\" \/>\n<meta property=\"og:site_name\" content=\"Institutos de Ci\u00eancias Exatas - ICE\" \/>\n<meta property=\"article:modified_time\" content=\"2014-10-06T16:42:28+00:00\" \/>\n<meta name=\"twitter:card\" content=\"summary_large_image\" \/>\n<script type=\"application\/ld+json\" class=\"yoast-schema-graph\">{\"@context\":\"https:\/\/schema.org\",\"@graph\":[{\"@type\":\"WebPage\",\"@id\":\"https:\/\/institutos.ufrrj.br\/ice\/profmat\/\",\"url\":\"https:\/\/institutos.ufrrj.br\/ice\/profmat\/\",\"name\":\"PROFMAT - Institutos de Ci\u00eancias Exatas - ICE\",\"isPartOf\":{\"@id\":\"https:\/\/institutos.ufrrj.br\/ice\/#website\"},\"datePublished\":\"2014-06-23T16:47:09+00:00\",\"dateModified\":\"2014-10-06T16:42:28+00:00\",\"breadcrumb\":{\"@id\":\"https:\/\/institutos.ufrrj.br\/ice\/profmat\/#breadcrumb\"},\"inLanguage\":\"pt-BR\",\"potentialAction\":[{\"@type\":\"ReadAction\",\"target\":[\"https:\/\/institutos.ufrrj.br\/ice\/profmat\/\"]}]},{\"@type\":\"BreadcrumbList\",\"@id\":\"https:\/\/institutos.ufrrj.br\/ice\/profmat\/#breadcrumb\",\"itemListElement\":[{\"@type\":\"ListItem\",\"position\":1,\"name\":\"In\u00edcio\",\"item\":\"https:\/\/institutos.ufrrj.br\/ice\/\"},{\"@type\":\"ListItem\",\"position\":2,\"name\":\"PROFMAT\"}]},{\"@type\":\"WebSite\",\"@id\":\"https:\/\/institutos.ufrrj.br\/ice\/#website\",\"url\":\"https:\/\/institutos.ufrrj.br\/ice\/\",\"name\":\"Institutos de Ci\u00eancias Exatas - ICE\",\"description\":\"CAMPUS SEROP\u00c9DICA - UFRRJ\",\"potentialAction\":[{\"@type\":\"SearchAction\",\"target\":{\"@type\":\"EntryPoint\",\"urlTemplate\":\"https:\/\/institutos.ufrrj.br\/ice\/?s={search_term_string}\"},\"query-input\":{\"@type\":\"PropertyValueSpecification\",\"valueRequired\":true,\"valueName\":\"search_term_string\"}}],\"inLanguage\":\"pt-BR\"}]}<\/script>\n<!-- \/ Yoast SEO plugin. -->","yoast_head_json":{"title":"PROFMAT - Institutos de Ci\u00eancias Exatas - ICE","robots":{"index":"index","follow":"follow","max-snippet":"max-snippet:-1","max-image-preview":"max-image-preview:large","max-video-preview":"max-video-preview:-1"},"canonical":"https:\/\/institutos.ufrrj.br\/ice\/profmat\/","og_locale":"pt_BR","og_type":"article","og_title":"PROFMAT - Institutos de Ci\u00eancias Exatas - ICE","og_description":"O PROFMAT \u00e9 um programa de p\u00f3s-gradua\u00e7\u00e3o\u00a0stricto sensu\u00a0, um programa de\u00a0Mestrado, que tem como objetivo principal proporcionar forma\u00e7\u00e3o aprofundada e adequada para [&hellip;]","og_url":"https:\/\/institutos.ufrrj.br\/ice\/profmat\/","og_site_name":"Institutos de Ci\u00eancias Exatas - ICE","article_modified_time":"2014-10-06T16:42:28+00:00","twitter_card":"summary_large_image","schema":{"@context":"https:\/\/schema.org","@graph":[{"@type":"WebPage","@id":"https:\/\/institutos.ufrrj.br\/ice\/profmat\/","url":"https:\/\/institutos.ufrrj.br\/ice\/profmat\/","name":"PROFMAT - Institutos de Ci\u00eancias Exatas - ICE","isPartOf":{"@id":"https:\/\/institutos.ufrrj.br\/ice\/#website"},"datePublished":"2014-06-23T16:47:09+00:00","dateModified":"2014-10-06T16:42:28+00:00","breadcrumb":{"@id":"https:\/\/institutos.ufrrj.br\/ice\/profmat\/#breadcrumb"},"inLanguage":"pt-BR","potentialAction":[{"@type":"ReadAction","target":["https:\/\/institutos.ufrrj.br\/ice\/profmat\/"]}]},{"@type":"BreadcrumbList","@id":"https:\/\/institutos.ufrrj.br\/ice\/profmat\/#breadcrumb","itemListElement":[{"@type":"ListItem","position":1,"name":"In\u00edcio","item":"https:\/\/institutos.ufrrj.br\/ice\/"},{"@type":"ListItem","position":2,"name":"PROFMAT"}]},{"@type":"WebSite","@id":"https:\/\/institutos.ufrrj.br\/ice\/#website","url":"https:\/\/institutos.ufrrj.br\/ice\/","name":"Institutos de Ci\u00eancias Exatas - ICE","description":"CAMPUS SEROP\u00c9DICA - UFRRJ","potentialAction":[{"@type":"SearchAction","target":{"@type":"EntryPoint","urlTemplate":"https:\/\/institutos.ufrrj.br\/ice\/?s={search_term_string}"},"query-input":{"@type":"PropertyValueSpecification","valueRequired":true,"valueName":"search_term_string"}}],"inLanguage":"pt-BR"}]}},"_links":{"self":[{"href":"https:\/\/institutos.ufrrj.br\/ice\/wp-json\/wp\/v2\/pages\/1078","targetHints":{"allow":["GET"]}}],"collection":[{"href":"https:\/\/institutos.ufrrj.br\/ice\/wp-json\/wp\/v2\/pages"}],"about":[{"href":"https:\/\/institutos.ufrrj.br\/ice\/wp-json\/wp\/v2\/types\/page"}],"author":[{"embeddable":true,"href":"https:\/\/institutos.ufrrj.br\/ice\/wp-json\/wp\/v2\/users\/2"}],"replies":[{"embeddable":true,"href":"https:\/\/institutos.ufrrj.br\/ice\/wp-json\/wp\/v2\/comments?post=1078"}],"version-history":[{"count":7,"href":"https:\/\/institutos.ufrrj.br\/ice\/wp-json\/wp\/v2\/pages\/1078\/revisions"}],"predecessor-version":[{"id":1359,"href":"https:\/\/institutos.ufrrj.br\/ice\/wp-json\/wp\/v2\/pages\/1078\/revisions\/1359"}],"wp:attachment":[{"href":"https:\/\/institutos.ufrrj.br\/ice\/wp-json\/wp\/v2\/media?parent=1078"}],"curies":[{"name":"wp","href":"https:\/\/api.w.org\/{rel}","templated":true}]}}