{"id":20,"date":"2011-01-25T12:01:27","date_gmt":"2011-01-25T12:01:27","guid":{"rendered":"http:\/\/r1.ufrrj.br\/wp\/ice\/"},"modified":"2015-10-07T20:19:57","modified_gmt":"2015-10-07T20:19:57","slug":"estrutura","status":"publish","type":"page","link":"https:\/\/institutos.ufrrj.br\/ice\/instituto\/estrutura\/","title":{"rendered":"Estrutura"},"content":{"rendered":"<h2><strong>Est\u00e3o subordinados ao ICE:<\/strong><\/h2>\n<p><strong>Departamento de F\u00edsica \u2013 <a href=\"http:\/\/institutos.ufrrj.br\/ice\/departamentos\/defis\/departamento\/\">DEFIS<\/a><\/strong><\/p>\n<p><strong>Departamento de Matem\u00e1tica \u2013 <a href=\"http:\/\/institutos.ufrrj.br\/ice\/departamentos\/demat\/departamento\/\">DEMAT<\/a><\/strong><\/p>\n<p><strong>Departamento de Qu\u00edmica \u2013 <a href=\"http:\/\/institutos.ufrrj.br\/ice\/departamentos\/dequim\/departamento\/\">DEQUIM<\/a><\/strong><\/p>\n<p><strong>Coordena\u00e7\u00e3o do Curso de Qu\u00edmica<\/strong><\/p>\n<p><strong>Coordena\u00e7\u00e3o do Curso de Matem\u00e1tica<\/strong><\/p>\n<p><strong>Coordena\u00e7\u00e3o do Curso de F\u00edsica<\/strong><\/p>\n<p><strong>Coordena\u00e7\u00e3o do Curso de Sistema de Informa\u00e7\u00e3o<\/strong><\/p>\n<p><strong>Coordena\u00e7\u00e3o do Programa de P\u00f3s-Gradua\u00e7\u00e3o em Qu\u00edmica \u2013 <a href=\"http:\/\/institutos.ufrrj.br\/ice\/ppgq\/\">PPGQ<\/a><\/strong><\/p>\n<p><strong>Coordena\u00e7\u00e3o do Programa de P\u00f3s-Gradua\u00e7\u00e3o em Modelagem Matem\u00e1tica e Computacional \u2013 <a href=\"http:\/\/institutos.ufrrj.br\/ice\/ppgmmc-2\/\">PPGMMC<\/a><\/strong><\/p>\n<p><strong>Mestrado Profissional em Matem\u00e1tica em Rede Nacional \u2013 <a href=\"http:\/\/institutos.ufrrj.br\/ice\/profmat\/\">PROFMAT<\/a><\/strong><\/p>\n<p><strong>Mestrado Profissional em Qu\u00edmica em Rede Nacional \u2013 PROFQUI<\/strong><\/p>\n<p>&nbsp;<\/p>\n<p>O DEFIS tem sua secretaria funcionando no na sala 53, Pr\u00e9dio Central (P1), assim como suas salas de aula, salas dos docentes, laborat\u00f3rios e, bem como a Coordena\u00e7\u00e3o do Curso de Gradua\u00e7\u00e3o em F\u00edsica.<\/p>\n<p>O DEMAT funciona com sua secretaria (sala 80), sala dos docentes e biblioteca setorial no Pr\u00e9dio Central (P1), suas salas de aula e laborat\u00f3rios de inform\u00e1tica est\u00e3o localizadas no Pavilh\u00e3o Pythagoras, onde tamb\u00e9m est\u00e1 sediada a Coordena\u00e7\u00e3o da Gradua\u00e7\u00e3o em Matem\u00e1tica e o Laborat\u00f3rio de Estat\u00edstica, Computa\u00e7\u00e3o e Matem\u00e1tica Aplicada \u2013 LESCMA.<\/p>\n<p>O DEQUIM encontra-se instalado no pr\u00f3prio pr\u00e9dio do ICE, assim como seus laborat\u00f3rios, salas de aula e salas dos docentes.<\/p>\n<p><strong><i>Objetivos<\/i><\/strong><\/p>\n<p>Dar continuidade com aprimoramento \u00e9 sempre o nosso desafio \u2013 \u201cMelhoria do sistema de intera\u00e7\u00e3o interna e externa do ICE (Departamentos, Coordena\u00e7\u00f5es de Cursos, Centro de Manuten\u00e7\u00e3o, Docentes, Estudantes, Servidores, e a Comunidade em geral)\u201d.<\/p>\n<p>Outro desafio consiste no resgate do poder das capacidades t\u00e9cnicas, cient\u00edficas e administrativas de cada uma das Unidades b\u00e1sicas do Instituto, de forma a gerar e reunir for\u00e7as pol\u00edticas particularmente direcionadas \u00e0 qualidade dos distintos servi\u00e7os prestados pelo Instituto. Sem d\u00favida s\u00e3o metas que requerem esfor\u00e7o participativo de todos e de forma integrada, cuidando para que as decis\u00f5es tomadas advenham dos Colegiados.<\/p>\n<p>Portanto, ao longo desses mais de 40 anos, vivenciamos conquistas, realiza\u00e7\u00f5es e centenas de jovens que se matriculam em disciplinas oferecidas pelos diversos Departamentos.<\/p>\n","protected":false},"excerpt":{"rendered":"<p>Est\u00e3o subordinados ao ICE: Departamento de F\u00edsica \u2013 DEFIS Departamento de Matem\u00e1tica \u2013 DEMAT Departamento de Qu\u00edmica \u2013 DEQUIM Coordena\u00e7\u00e3o do Curso [&hellip;]<\/p>\n","protected":false},"author":1,"featured_media":0,"parent":10,"menu_order":1,"comment_status":"open","ping_status":"open","template":"","meta":{"_acf_changed":false,"ngg_post_thumbnail":0,"_themeisle_gutenberg_block_has_review":false,"footnotes":""},"class_list":["post-20","page","type-page","status-publish","hentry"],"acf":[],"yoast_head":"<!-- This site is optimized with the Yoast SEO plugin v26.8 - https:\/\/yoast.com\/product\/yoast-seo-wordpress\/ -->\n<title>Estrutura - Institutos de Ci\u00eancias Exatas - ICE<\/title>\n<meta name=\"robots\" content=\"index, follow, max-snippet:-1, max-image-preview:large, max-video-preview:-1\" \/>\n<link rel=\"canonical\" href=\"https:\/\/institutos.ufrrj.br\/ice\/instituto\/estrutura\/\" \/>\n<meta property=\"og:locale\" content=\"pt_BR\" \/>\n<meta property=\"og:type\" content=\"article\" \/>\n<meta property=\"og:title\" content=\"Estrutura - Institutos de Ci\u00eancias Exatas - ICE\" \/>\n<meta property=\"og:description\" content=\"Est\u00e3o subordinados ao ICE: Departamento de F\u00edsica \u2013 DEFIS Departamento de Matem\u00e1tica \u2013 DEMAT Departamento de Qu\u00edmica \u2013 DEQUIM Coordena\u00e7\u00e3o do Curso [&hellip;]\" \/>\n<meta property=\"og:url\" content=\"https:\/\/institutos.ufrrj.br\/ice\/instituto\/estrutura\/\" \/>\n<meta property=\"og:site_name\" content=\"Institutos de Ci\u00eancias Exatas - ICE\" \/>\n<meta property=\"article:modified_time\" content=\"2015-10-07T20:19:57+00:00\" \/>\n<meta name=\"twitter:card\" content=\"summary_large_image\" \/>\n<meta name=\"twitter:label1\" content=\"Est. tempo de leitura\" \/>\n\t<meta name=\"twitter:data1\" content=\"2 minutos\" \/>\n<script type=\"application\/ld+json\" class=\"yoast-schema-graph\">{\"@context\":\"https:\/\/schema.org\",\"@graph\":[{\"@type\":\"WebPage\",\"@id\":\"https:\/\/institutos.ufrrj.br\/ice\/instituto\/estrutura\/\",\"url\":\"https:\/\/institutos.ufrrj.br\/ice\/instituto\/estrutura\/\",\"name\":\"Estrutura - Institutos de Ci\u00eancias Exatas - ICE\",\"isPartOf\":{\"@id\":\"https:\/\/institutos.ufrrj.br\/ice\/#website\"},\"datePublished\":\"2011-01-25T12:01:27+00:00\",\"dateModified\":\"2015-10-07T20:19:57+00:00\",\"breadcrumb\":{\"@id\":\"https:\/\/institutos.ufrrj.br\/ice\/instituto\/estrutura\/#breadcrumb\"},\"inLanguage\":\"pt-BR\",\"potentialAction\":[{\"@type\":\"ReadAction\",\"target\":[\"https:\/\/institutos.ufrrj.br\/ice\/instituto\/estrutura\/\"]}]},{\"@type\":\"BreadcrumbList\",\"@id\":\"https:\/\/institutos.ufrrj.br\/ice\/instituto\/estrutura\/#breadcrumb\",\"itemListElement\":[{\"@type\":\"ListItem\",\"position\":1,\"name\":\"In\u00edcio\",\"item\":\"https:\/\/institutos.ufrrj.br\/ice\/\"},{\"@type\":\"ListItem\",\"position\":2,\"name\":\"Instituto\",\"item\":\"https:\/\/institutos.ufrrj.br\/ice\/instituto\/\"},{\"@type\":\"ListItem\",\"position\":3,\"name\":\"Estrutura\"}]},{\"@type\":\"WebSite\",\"@id\":\"https:\/\/institutos.ufrrj.br\/ice\/#website\",\"url\":\"https:\/\/institutos.ufrrj.br\/ice\/\",\"name\":\"Institutos de Ci\u00eancias Exatas - ICE\",\"description\":\"CAMPUS SEROP\u00c9DICA - UFRRJ\",\"potentialAction\":[{\"@type\":\"SearchAction\",\"target\":{\"@type\":\"EntryPoint\",\"urlTemplate\":\"https:\/\/institutos.ufrrj.br\/ice\/?s={search_term_string}\"},\"query-input\":{\"@type\":\"PropertyValueSpecification\",\"valueRequired\":true,\"valueName\":\"search_term_string\"}}],\"inLanguage\":\"pt-BR\"}]}<\/script>\n<!-- \/ Yoast SEO plugin. -->","yoast_head_json":{"title":"Estrutura - Institutos de Ci\u00eancias Exatas - ICE","robots":{"index":"index","follow":"follow","max-snippet":"max-snippet:-1","max-image-preview":"max-image-preview:large","max-video-preview":"max-video-preview:-1"},"canonical":"https:\/\/institutos.ufrrj.br\/ice\/instituto\/estrutura\/","og_locale":"pt_BR","og_type":"article","og_title":"Estrutura - Institutos de Ci\u00eancias Exatas - ICE","og_description":"Est\u00e3o subordinados ao ICE: Departamento de F\u00edsica \u2013 DEFIS Departamento de Matem\u00e1tica \u2013 DEMAT Departamento de Qu\u00edmica \u2013 DEQUIM Coordena\u00e7\u00e3o do Curso [&hellip;]","og_url":"https:\/\/institutos.ufrrj.br\/ice\/instituto\/estrutura\/","og_site_name":"Institutos de Ci\u00eancias Exatas - ICE","article_modified_time":"2015-10-07T20:19:57+00:00","twitter_card":"summary_large_image","twitter_misc":{"Est. tempo de leitura":"2 minutos"},"schema":{"@context":"https:\/\/schema.org","@graph":[{"@type":"WebPage","@id":"https:\/\/institutos.ufrrj.br\/ice\/instituto\/estrutura\/","url":"https:\/\/institutos.ufrrj.br\/ice\/instituto\/estrutura\/","name":"Estrutura - Institutos de Ci\u00eancias Exatas - ICE","isPartOf":{"@id":"https:\/\/institutos.ufrrj.br\/ice\/#website"},"datePublished":"2011-01-25T12:01:27+00:00","dateModified":"2015-10-07T20:19:57+00:00","breadcrumb":{"@id":"https:\/\/institutos.ufrrj.br\/ice\/instituto\/estrutura\/#breadcrumb"},"inLanguage":"pt-BR","potentialAction":[{"@type":"ReadAction","target":["https:\/\/institutos.ufrrj.br\/ice\/instituto\/estrutura\/"]}]},{"@type":"BreadcrumbList","@id":"https:\/\/institutos.ufrrj.br\/ice\/instituto\/estrutura\/#breadcrumb","itemListElement":[{"@type":"ListItem","position":1,"name":"In\u00edcio","item":"https:\/\/institutos.ufrrj.br\/ice\/"},{"@type":"ListItem","position":2,"name":"Instituto","item":"https:\/\/institutos.ufrrj.br\/ice\/instituto\/"},{"@type":"ListItem","position":3,"name":"Estrutura"}]},{"@type":"WebSite","@id":"https:\/\/institutos.ufrrj.br\/ice\/#website","url":"https:\/\/institutos.ufrrj.br\/ice\/","name":"Institutos de Ci\u00eancias Exatas - ICE","description":"CAMPUS SEROP\u00c9DICA - UFRRJ","potentialAction":[{"@type":"SearchAction","target":{"@type":"EntryPoint","urlTemplate":"https:\/\/institutos.ufrrj.br\/ice\/?s={search_term_string}"},"query-input":{"@type":"PropertyValueSpecification","valueRequired":true,"valueName":"search_term_string"}}],"inLanguage":"pt-BR"}]}},"_links":{"self":[{"href":"https:\/\/institutos.ufrrj.br\/ice\/wp-json\/wp\/v2\/pages\/20","targetHints":{"allow":["GET"]}}],"collection":[{"href":"https:\/\/institutos.ufrrj.br\/ice\/wp-json\/wp\/v2\/pages"}],"about":[{"href":"https:\/\/institutos.ufrrj.br\/ice\/wp-json\/wp\/v2\/types\/page"}],"author":[{"embeddable":true,"href":"https:\/\/institutos.ufrrj.br\/ice\/wp-json\/wp\/v2\/users\/1"}],"replies":[{"embeddable":true,"href":"https:\/\/institutos.ufrrj.br\/ice\/wp-json\/wp\/v2\/comments?post=20"}],"version-history":[{"count":13,"href":"https:\/\/institutos.ufrrj.br\/ice\/wp-json\/wp\/v2\/pages\/20\/revisions"}],"predecessor-version":[{"id":1454,"href":"https:\/\/institutos.ufrrj.br\/ice\/wp-json\/wp\/v2\/pages\/20\/revisions\/1454"}],"up":[{"embeddable":true,"href":"https:\/\/institutos.ufrrj.br\/ice\/wp-json\/wp\/v2\/pages\/10"}],"wp:attachment":[{"href":"https:\/\/institutos.ufrrj.br\/ice\/wp-json\/wp\/v2\/media?parent=20"}],"curies":[{"name":"wp","href":"https:\/\/api.w.org\/{rel}","templated":true}]}}