{"id":201,"date":"2011-02-03T14:31:16","date_gmt":"2011-02-03T14:31:16","guid":{"rendered":"http:\/\/r1.ufrrj.br\/wp\/ice\/"},"modified":"2014-10-06T16:42:42","modified_gmt":"2014-10-06T16:42:42","slug":"esttrutura","status":"publish","type":"page","link":"https:\/\/institutos.ufrrj.br\/ice\/departamentos\/demat\/esttrutura\/","title":{"rendered":"Estrutura"},"content":{"rendered":"<p>Estrutura Administrativa do Departamento de Matem\u00e1tica<\/p>\n<p>Servidores do Departamento de Matem\u00e1tica:<\/p>\n<ul>\n<li>Alexandre Neves Correa Junior &#8211; Assistente de Administra\u00e7\u00e3o<\/li>\n<li>Nei Miguez &#8211; Porteiro\u00a0 Cedido pela CBTU<\/li>\n<li>Jos\u00e9 Carlos Pimentel &#8211; Assistente de Administra\u00e7\u00e3o<\/li>\n","protected":false},"excerpt":{"rendered":"<p>Estrutura Administrativa do Departamento de Matem\u00e1tica Servidores do Departamento de Matem\u00e1tica: Alexandre Neves Correa Junior &#8211; Assistente de Administra\u00e7\u00e3o Nei Miguez &#8211; [&hellip;]<\/p>\n","protected":false},"author":2,"featured_media":0,"parent":37,"menu_order":0,"comment_status":"open","ping_status":"open","template":"","meta":{"_acf_changed":false,"ngg_post_thumbnail":0,"_themeisle_gutenberg_block_has_review":false,"footnotes":""},"class_list":["post-201","page","type-page","status-publish","hentry"],"acf":[],"yoast_head":"<!-- This site is optimized with the Yoast SEO plugin v26.8 - https:\/\/yoast.com\/product\/yoast-seo-wordpress\/ -->\n<title>Estrutura - Institutos de Ci\u00eancias Exatas - ICE<\/title>\n<meta name=\"robots\" content=\"index, follow, max-snippet:-1, max-image-preview:large, max-video-preview:-1\" \/>\n<link rel=\"canonical\" href=\"https:\/\/institutos.ufrrj.br\/ice\/departamentos\/demat\/esttrutura\/\" \/>\n<meta property=\"og:locale\" content=\"pt_BR\" \/>\n<meta property=\"og:type\" content=\"article\" \/>\n<meta property=\"og:title\" content=\"Estrutura - Institutos de Ci\u00eancias Exatas - ICE\" \/>\n<meta property=\"og:description\" content=\"Estrutura Administrativa do Departamento de Matem\u00e1tica Servidores do Departamento de Matem\u00e1tica: Alexandre Neves Correa Junior &#8211; Assistente de Administra\u00e7\u00e3o Nei Miguez &#8211; [&hellip;]\" \/>\n<meta property=\"og:url\" content=\"https:\/\/institutos.ufrrj.br\/ice\/departamentos\/demat\/esttrutura\/\" \/>\n<meta property=\"og:site_name\" content=\"Institutos de Ci\u00eancias Exatas - ICE\" \/>\n<meta property=\"article:modified_time\" content=\"2014-10-06T16:42:42+00:00\" \/>\n<meta name=\"twitter:card\" content=\"summary_large_image\" \/>\n<script type=\"application\/ld+json\" class=\"yoast-schema-graph\">{\"@context\":\"https:\/\/schema.org\",\"@graph\":[{\"@type\":\"WebPage\",\"@id\":\"https:\/\/institutos.ufrrj.br\/ice\/departamentos\/demat\/esttrutura\/\",\"url\":\"https:\/\/institutos.ufrrj.br\/ice\/departamentos\/demat\/esttrutura\/\",\"name\":\"Estrutura - Institutos de Ci\u00eancias Exatas - ICE\",\"isPartOf\":{\"@id\":\"https:\/\/institutos.ufrrj.br\/ice\/#website\"},\"datePublished\":\"2011-02-03T14:31:16+00:00\",\"dateModified\":\"2014-10-06T16:42:42+00:00\",\"breadcrumb\":{\"@id\":\"https:\/\/institutos.ufrrj.br\/ice\/departamentos\/demat\/esttrutura\/#breadcrumb\"},\"inLanguage\":\"pt-BR\",\"potentialAction\":[{\"@type\":\"ReadAction\",\"target\":[\"https:\/\/institutos.ufrrj.br\/ice\/departamentos\/demat\/esttrutura\/\"]}]},{\"@type\":\"BreadcrumbList\",\"@id\":\"https:\/\/institutos.ufrrj.br\/ice\/departamentos\/demat\/esttrutura\/#breadcrumb\",\"itemListElement\":[{\"@type\":\"ListItem\",\"position\":1,\"name\":\"In\u00edcio\",\"item\":\"https:\/\/institutos.ufrrj.br\/ice\/\"},{\"@type\":\"ListItem\",\"position\":2,\"name\":\"Gradua\u00e7\u00e3o\",\"item\":\"https:\/\/institutos.ufrrj.br\/ice\/departamentos\/\"},{\"@type\":\"ListItem\",\"position\":3,\"name\":\"MATEM\u00c1TICA\",\"item\":\"https:\/\/institutos.ufrrj.br\/ice\/departamentos\/demat\/\"},{\"@type\":\"ListItem\",\"position\":4,\"name\":\"Estrutura\"}]},{\"@type\":\"WebSite\",\"@id\":\"https:\/\/institutos.ufrrj.br\/ice\/#website\",\"url\":\"https:\/\/institutos.ufrrj.br\/ice\/\",\"name\":\"Institutos de Ci\u00eancias Exatas - ICE\",\"description\":\"CAMPUS SEROP\u00c9DICA - UFRRJ\",\"potentialAction\":[{\"@type\":\"SearchAction\",\"target\":{\"@type\":\"EntryPoint\",\"urlTemplate\":\"https:\/\/institutos.ufrrj.br\/ice\/?s={search_term_string}\"},\"query-input\":{\"@type\":\"PropertyValueSpecification\",\"valueRequired\":true,\"valueName\":\"search_term_string\"}}],\"inLanguage\":\"pt-BR\"}]}<\/script>\n<!-- \/ Yoast SEO plugin. -->","yoast_head_json":{"title":"Estrutura - Institutos de Ci\u00eancias Exatas - ICE","robots":{"index":"index","follow":"follow","max-snippet":"max-snippet:-1","max-image-preview":"max-image-preview:large","max-video-preview":"max-video-preview:-1"},"canonical":"https:\/\/institutos.ufrrj.br\/ice\/departamentos\/demat\/esttrutura\/","og_locale":"pt_BR","og_type":"article","og_title":"Estrutura - Institutos de Ci\u00eancias Exatas - ICE","og_description":"Estrutura Administrativa do Departamento de Matem\u00e1tica Servidores do Departamento de Matem\u00e1tica: Alexandre Neves Correa Junior &#8211; Assistente de Administra\u00e7\u00e3o Nei Miguez &#8211; [&hellip;]","og_url":"https:\/\/institutos.ufrrj.br\/ice\/departamentos\/demat\/esttrutura\/","og_site_name":"Institutos de Ci\u00eancias Exatas - ICE","article_modified_time":"2014-10-06T16:42:42+00:00","twitter_card":"summary_large_image","schema":{"@context":"https:\/\/schema.org","@graph":[{"@type":"WebPage","@id":"https:\/\/institutos.ufrrj.br\/ice\/departamentos\/demat\/esttrutura\/","url":"https:\/\/institutos.ufrrj.br\/ice\/departamentos\/demat\/esttrutura\/","name":"Estrutura - Institutos de Ci\u00eancias Exatas - ICE","isPartOf":{"@id":"https:\/\/institutos.ufrrj.br\/ice\/#website"},"datePublished":"2011-02-03T14:31:16+00:00","dateModified":"2014-10-06T16:42:42+00:00","breadcrumb":{"@id":"https:\/\/institutos.ufrrj.br\/ice\/departamentos\/demat\/esttrutura\/#breadcrumb"},"inLanguage":"pt-BR","potentialAction":[{"@type":"ReadAction","target":["https:\/\/institutos.ufrrj.br\/ice\/departamentos\/demat\/esttrutura\/"]}]},{"@type":"BreadcrumbList","@id":"https:\/\/institutos.ufrrj.br\/ice\/departamentos\/demat\/esttrutura\/#breadcrumb","itemListElement":[{"@type":"ListItem","position":1,"name":"In\u00edcio","item":"https:\/\/institutos.ufrrj.br\/ice\/"},{"@type":"ListItem","position":2,"name":"Gradua\u00e7\u00e3o","item":"https:\/\/institutos.ufrrj.br\/ice\/departamentos\/"},{"@type":"ListItem","position":3,"name":"MATEM\u00c1TICA","item":"https:\/\/institutos.ufrrj.br\/ice\/departamentos\/demat\/"},{"@type":"ListItem","position":4,"name":"Estrutura"}]},{"@type":"WebSite","@id":"https:\/\/institutos.ufrrj.br\/ice\/#website","url":"https:\/\/institutos.ufrrj.br\/ice\/","name":"Institutos de Ci\u00eancias Exatas - ICE","description":"CAMPUS SEROP\u00c9DICA - UFRRJ","potentialAction":[{"@type":"SearchAction","target":{"@type":"EntryPoint","urlTemplate":"https:\/\/institutos.ufrrj.br\/ice\/?s={search_term_string}"},"query-input":{"@type":"PropertyValueSpecification","valueRequired":true,"valueName":"search_term_string"}}],"inLanguage":"pt-BR"}]}},"_links":{"self":[{"href":"https:\/\/institutos.ufrrj.br\/ice\/wp-json\/wp\/v2\/pages\/201","targetHints":{"allow":["GET"]}}],"collection":[{"href":"https:\/\/institutos.ufrrj.br\/ice\/wp-json\/wp\/v2\/pages"}],"about":[{"href":"https:\/\/institutos.ufrrj.br\/ice\/wp-json\/wp\/v2\/types\/page"}],"author":[{"embeddable":true,"href":"https:\/\/institutos.ufrrj.br\/ice\/wp-json\/wp\/v2\/users\/2"}],"replies":[{"embeddable":true,"href":"https:\/\/institutos.ufrrj.br\/ice\/wp-json\/wp\/v2\/comments?post=201"}],"version-history":[{"count":2,"href":"https:\/\/institutos.ufrrj.br\/ice\/wp-json\/wp\/v2\/pages\/201\/revisions"}],"predecessor-version":[{"id":955,"href":"https:\/\/institutos.ufrrj.br\/ice\/wp-json\/wp\/v2\/pages\/201\/revisions\/955"}],"up":[{"embeddable":true,"href":"https:\/\/institutos.ufrrj.br\/ice\/wp-json\/wp\/v2\/pages\/37"}],"wp:attachment":[{"href":"https:\/\/institutos.ufrrj.br\/ice\/wp-json\/wp\/v2\/media?parent=201"}],"curies":[{"name":"wp","href":"https:\/\/api.w.org\/{rel}","templated":true}]}}