{"id":230,"date":"2011-02-03T18:40:23","date_gmt":"2011-02-03T18:40:23","guid":{"rendered":"http:\/\/r1.ufrrj.br\/wp\/ice\/"},"modified":"2014-10-06T16:42:42","modified_gmt":"2014-10-06T16:42:42","slug":"links","status":"publish","type":"page","link":"https:\/\/institutos.ufrrj.br\/ice\/departamentos\/demat\/links\/","title":{"rendered":"Links"},"content":{"rendered":"<p>\u00bb <strong>Institutos e Departamentos de Matem\u00e1tica<\/strong><br \/> <a href=\"http:\/\/www.ufv.br\/dma\/intermat\/Links\/dptos.htm\" target=\"_blank\">http:\/\/www.ufv.br\/dma\/intermat\/Links\/dptos.htm<br \/> <\/a><\/p>\n<p>\u00bb <strong>Sociedades Matem\u00e1ticas e Associa\u00e7\u00f5es<\/strong><br \/> <a href=\"http:\/\/www.ufv.br\/dma\/intermat\/Links\/sociedades.htm\" target=\"_blank\">http:\/\/www.ufv.br\/dma\/intermat\/Links\/sociedades.htm<br \/> <\/a><\/p>\n<p>\u00bb <strong>AMS Journal<\/strong><br \/> <a href=\"http:\/\/www.ams.org\/jams\/\" target=\"_blank\">http:\/\/www.ams.org\/jams\/<br \/> <\/a><\/p>\n<p>\u00bb <strong>American Journal of Mathematics<\/strong><br \/> <a href=\"http:\/\/muse.jhu.edu\/journals\/american_journal_of_mathematics\/index.html\" target=\"_blank\">http:\/\/muse.jhu.edu\/journals\/american_journal_of_mathematics\/index.html<br \/> <\/a><\/p>\n<p>\u00bb <strong>Apoio \u00e0s disciplinas b\u00e1sicas de gradua\u00e7\u00e3o<\/strong><br \/> <a href=\"http:\/\/www.ufv.br\/dma\/intermat\/Links\/apoio.htm\" target=\"_blank\">http:\/\/www.ufv.br\/dma\/intermat\/Links\/apoio.htm<br \/> <\/a><\/p>\n<p>\u00bb <strong>Instituto de Ciencias Exatas &#8211; UFMG<\/strong><br \/> <a href=\"http:\/\/www.icex.ufmg.br\/\" target=\"_blank\">http:\/\/www.icex.ufmg.br\/<br \/> <\/a><\/p>\n<p>\u00bb <strong>Departamento de Ci\u00eancias Exatas &#8211; UFLA<\/strong><br \/> <a href=\"http:\/\/www.dex.ufla.br\/\" target=\"_blank\">http:\/\/www.dex.ufla.br<br \/> <\/a><\/p>\n<p>\u00bb <strong>Hist\u00f3rias da Probabilidade<\/strong><br \/> <a href=\"http:\/\/www.terravista.pt\/MeiaPraia\/5079\/\" target=\"_blank\">http:\/\/www.terravista.pt\/MeiaPraia\/5079\/<br \/> <\/a><\/p>\n<p>\u00bb <strong>Matem\u00e1tica na Gr\u00e9cia, A<\/strong><br \/> <a href=\"http:\/\/latt.if.usp.br\/~delyra\/C.B.deLyra\/evolmath\/palestra\/node3.html\" target=\"_blank\">http:\/\/latt.if.usp.br\/~delyra\/C.B.deLyra\/evolmath\/palestra\/node3.html<br \/> <\/a><\/p>\n<p>\u00bb <strong>Hist\u00f3ria da Matem\u00e1tica &#8211; Hist\u00f3ria dos Problemas<\/strong><br \/> <a href=\"http:\/\/www.malhatlantica.pt\/mathis\/\" target=\"_blank\">http:\/\/www.malhatlantica.pt\/mathis\/<br \/> <\/a><\/p>\n<p>\u00bb <strong>Portal Matem\u00e1tico<\/strong><br \/> <a href=\"http:\/\/site.portalmatematico.com\/\" target=\"_blank\">http:\/\/site.portalmatematico.com\/<br \/> <\/a><\/p>\n<p>\u00bb <strong>Estat\u00edstica<\/strong><br \/> <a href=\"http:\/\/www.estatisticapr.hpg.com.br\/\" target=\"_blank\">http:\/\/www.estatisticapr.hpg.com.br\/<br \/> <\/a><\/p>\n<p>\u00bb <strong>Sociedade Brasileira de Educa\u00e7\u00e3o Matem\u00e1tica &#8211; Rio de Janeiro: SBEMRJ<\/strong><br \/> <a href=\"http:\/\/sbemrj.com.br\/\" target=\"_blank\">http:\/\/sbemrj.com.br<br \/> <\/a><\/p>\n<p>\u00bb <strong>SBMAC<\/strong><br \/> <a href=\"http:\/\/www.sbmac.org.br\/\" target=\"_blank\">http:\/\/www.sbmac.org.br\/<br \/> <\/a><\/p>\n<p>\u00bb <strong>Instituto de Matem\u00e1tica Pura e Aplicada<\/strong><br \/> <a href=\"http:\/\/www.impa.br\/\" target=\"_blank\">http:\/\/www.impa.br<br \/> <\/a><\/p>\n<p>\u00bb <strong>LNCC &#8211; Laborat\u00f3rio Nacional de Computa\u00e7\u00e3o Cient\u00edfica<\/strong><br \/> <a href=\"http:\/\/www.lncc.br\/\" target=\"_blank\">http:\/\/www.lncc.br<br \/> <\/a><\/p>\n<p>\u00bb <strong>SIAMS Journal <\/strong><br \/> <a href=\"http:\/\/epubs.siam.org\/\" target=\"_blank\">http:\/\/epubs.siam.org\/<br \/> <\/a><\/p>\n<p>\u00bb <strong>C\u00f3digo e Arte: A Etnomatem\u00e1tica dos Incas<\/strong><br \/> <a href=\"http:\/\/www.klepsidra.net\/etnomatematica.html\" target=\"_blank\">http:\/\/www.klepsidra.net\/etnomatematica.html<br \/> <\/a><\/p>\n<p>&nbsp;<\/p>\n<p>\u00bb <strong>Concep\u00e7\u00e3o etnoantropol\u00f3gica de matem\u00e1tica<\/strong><br \/> <a href=\"http:\/\/vello.sites.uol.com.br\/proposta.htm\" target=\"_blank\">http:\/\/vello.sites.uol.com.br\/proposta.htm<br \/> <\/a><\/p>\n<p>\u00bb <strong>O Programa Etnomatem\u00e1tica e Quest\u00f5es Historiogr\u00e1ficas e Metodol\u00f3gicas<\/strong><br \/> <a href=\"http:\/\/vello.sites.uol.com.br\/filosofia.htm\" target=\"_blank\">http:\/\/vello.sites.uol.com.br\/filosofia.htm<br \/> <\/a><\/p>\n","protected":false},"excerpt":{"rendered":"<p>\u00bb Institutos e Departamentos de Matem\u00e1tica http:\/\/www.ufv.br\/dma\/intermat\/Links\/dptos.htm \u00bb Sociedades Matem\u00e1ticas e Associa\u00e7\u00f5es http:\/\/www.ufv.br\/dma\/intermat\/Links\/sociedades.htm \u00bb AMS Journal http:\/\/www.ams.org\/jams\/ \u00bb American Journal of Mathematics [&hellip;]<\/p>\n","protected":false},"author":2,"featured_media":0,"parent":37,"menu_order":5,"comment_status":"open","ping_status":"open","template":"","meta":{"_acf_changed":false,"ngg_post_thumbnail":0,"_themeisle_gutenberg_block_has_review":false,"footnotes":""},"class_list":["post-230","page","type-page","status-publish","hentry"],"acf":[],"yoast_head":"<!-- This site is optimized with the Yoast SEO plugin v26.8 - https:\/\/yoast.com\/product\/yoast-seo-wordpress\/ -->\n<title>Links - Institutos de Ci\u00eancias Exatas - ICE<\/title>\n<meta name=\"robots\" content=\"index, follow, max-snippet:-1, max-image-preview:large, max-video-preview:-1\" \/>\n<link rel=\"canonical\" href=\"https:\/\/institutos.ufrrj.br\/ice\/departamentos\/demat\/links\/\" \/>\n<meta property=\"og:locale\" content=\"pt_BR\" \/>\n<meta property=\"og:type\" content=\"article\" \/>\n<meta property=\"og:title\" content=\"Links - Institutos de Ci\u00eancias Exatas - ICE\" \/>\n<meta property=\"og:description\" content=\"\u00bb Institutos e Departamentos de Matem\u00e1tica http:\/\/www.ufv.br\/dma\/intermat\/Links\/dptos.htm \u00bb Sociedades Matem\u00e1ticas e Associa\u00e7\u00f5es http:\/\/www.ufv.br\/dma\/intermat\/Links\/sociedades.htm \u00bb AMS Journal http:\/\/www.ams.org\/jams\/ \u00bb American Journal of Mathematics [&hellip;]\" \/>\n<meta property=\"og:url\" content=\"https:\/\/institutos.ufrrj.br\/ice\/departamentos\/demat\/links\/\" \/>\n<meta property=\"og:site_name\" content=\"Institutos de Ci\u00eancias Exatas - ICE\" \/>\n<meta property=\"article:modified_time\" content=\"2014-10-06T16:42:42+00:00\" \/>\n<meta name=\"twitter:card\" content=\"summary_large_image\" \/>\n<meta name=\"twitter:label1\" content=\"Est. tempo de leitura\" \/>\n\t<meta name=\"twitter:data1\" content=\"1 minuto\" \/>\n<script type=\"application\/ld+json\" class=\"yoast-schema-graph\">{\"@context\":\"https:\/\/schema.org\",\"@graph\":[{\"@type\":\"WebPage\",\"@id\":\"https:\/\/institutos.ufrrj.br\/ice\/departamentos\/demat\/links\/\",\"url\":\"https:\/\/institutos.ufrrj.br\/ice\/departamentos\/demat\/links\/\",\"name\":\"Links - Institutos de Ci\u00eancias Exatas - ICE\",\"isPartOf\":{\"@id\":\"https:\/\/institutos.ufrrj.br\/ice\/#website\"},\"datePublished\":\"2011-02-03T18:40:23+00:00\",\"dateModified\":\"2014-10-06T16:42:42+00:00\",\"breadcrumb\":{\"@id\":\"https:\/\/institutos.ufrrj.br\/ice\/departamentos\/demat\/links\/#breadcrumb\"},\"inLanguage\":\"pt-BR\",\"potentialAction\":[{\"@type\":\"ReadAction\",\"target\":[\"https:\/\/institutos.ufrrj.br\/ice\/departamentos\/demat\/links\/\"]}]},{\"@type\":\"BreadcrumbList\",\"@id\":\"https:\/\/institutos.ufrrj.br\/ice\/departamentos\/demat\/links\/#breadcrumb\",\"itemListElement\":[{\"@type\":\"ListItem\",\"position\":1,\"name\":\"In\u00edcio\",\"item\":\"https:\/\/institutos.ufrrj.br\/ice\/\"},{\"@type\":\"ListItem\",\"position\":2,\"name\":\"Gradua\u00e7\u00e3o\",\"item\":\"https:\/\/institutos.ufrrj.br\/ice\/departamentos\/\"},{\"@type\":\"ListItem\",\"position\":3,\"name\":\"MATEM\u00c1TICA\",\"item\":\"https:\/\/institutos.ufrrj.br\/ice\/departamentos\/demat\/\"},{\"@type\":\"ListItem\",\"position\":4,\"name\":\"Links\"}]},{\"@type\":\"WebSite\",\"@id\":\"https:\/\/institutos.ufrrj.br\/ice\/#website\",\"url\":\"https:\/\/institutos.ufrrj.br\/ice\/\",\"name\":\"Institutos de Ci\u00eancias Exatas - ICE\",\"description\":\"CAMPUS SEROP\u00c9DICA - UFRRJ\",\"potentialAction\":[{\"@type\":\"SearchAction\",\"target\":{\"@type\":\"EntryPoint\",\"urlTemplate\":\"https:\/\/institutos.ufrrj.br\/ice\/?s={search_term_string}\"},\"query-input\":{\"@type\":\"PropertyValueSpecification\",\"valueRequired\":true,\"valueName\":\"search_term_string\"}}],\"inLanguage\":\"pt-BR\"}]}<\/script>\n<!-- \/ Yoast SEO plugin. -->","yoast_head_json":{"title":"Links - Institutos de Ci\u00eancias Exatas - ICE","robots":{"index":"index","follow":"follow","max-snippet":"max-snippet:-1","max-image-preview":"max-image-preview:large","max-video-preview":"max-video-preview:-1"},"canonical":"https:\/\/institutos.ufrrj.br\/ice\/departamentos\/demat\/links\/","og_locale":"pt_BR","og_type":"article","og_title":"Links - Institutos de Ci\u00eancias Exatas - ICE","og_description":"\u00bb Institutos e Departamentos de Matem\u00e1tica http:\/\/www.ufv.br\/dma\/intermat\/Links\/dptos.htm \u00bb Sociedades Matem\u00e1ticas e Associa\u00e7\u00f5es http:\/\/www.ufv.br\/dma\/intermat\/Links\/sociedades.htm \u00bb AMS Journal http:\/\/www.ams.org\/jams\/ \u00bb American Journal of Mathematics [&hellip;]","og_url":"https:\/\/institutos.ufrrj.br\/ice\/departamentos\/demat\/links\/","og_site_name":"Institutos de Ci\u00eancias Exatas - ICE","article_modified_time":"2014-10-06T16:42:42+00:00","twitter_card":"summary_large_image","twitter_misc":{"Est. tempo de leitura":"1 minuto"},"schema":{"@context":"https:\/\/schema.org","@graph":[{"@type":"WebPage","@id":"https:\/\/institutos.ufrrj.br\/ice\/departamentos\/demat\/links\/","url":"https:\/\/institutos.ufrrj.br\/ice\/departamentos\/demat\/links\/","name":"Links - Institutos de Ci\u00eancias Exatas - ICE","isPartOf":{"@id":"https:\/\/institutos.ufrrj.br\/ice\/#website"},"datePublished":"2011-02-03T18:40:23+00:00","dateModified":"2014-10-06T16:42:42+00:00","breadcrumb":{"@id":"https:\/\/institutos.ufrrj.br\/ice\/departamentos\/demat\/links\/#breadcrumb"},"inLanguage":"pt-BR","potentialAction":[{"@type":"ReadAction","target":["https:\/\/institutos.ufrrj.br\/ice\/departamentos\/demat\/links\/"]}]},{"@type":"BreadcrumbList","@id":"https:\/\/institutos.ufrrj.br\/ice\/departamentos\/demat\/links\/#breadcrumb","itemListElement":[{"@type":"ListItem","position":1,"name":"In\u00edcio","item":"https:\/\/institutos.ufrrj.br\/ice\/"},{"@type":"ListItem","position":2,"name":"Gradua\u00e7\u00e3o","item":"https:\/\/institutos.ufrrj.br\/ice\/departamentos\/"},{"@type":"ListItem","position":3,"name":"MATEM\u00c1TICA","item":"https:\/\/institutos.ufrrj.br\/ice\/departamentos\/demat\/"},{"@type":"ListItem","position":4,"name":"Links"}]},{"@type":"WebSite","@id":"https:\/\/institutos.ufrrj.br\/ice\/#website","url":"https:\/\/institutos.ufrrj.br\/ice\/","name":"Institutos de Ci\u00eancias Exatas - ICE","description":"CAMPUS SEROP\u00c9DICA - UFRRJ","potentialAction":[{"@type":"SearchAction","target":{"@type":"EntryPoint","urlTemplate":"https:\/\/institutos.ufrrj.br\/ice\/?s={search_term_string}"},"query-input":{"@type":"PropertyValueSpecification","valueRequired":true,"valueName":"search_term_string"}}],"inLanguage":"pt-BR"}]}},"_links":{"self":[{"href":"https:\/\/institutos.ufrrj.br\/ice\/wp-json\/wp\/v2\/pages\/230","targetHints":{"allow":["GET"]}}],"collection":[{"href":"https:\/\/institutos.ufrrj.br\/ice\/wp-json\/wp\/v2\/pages"}],"about":[{"href":"https:\/\/institutos.ufrrj.br\/ice\/wp-json\/wp\/v2\/types\/page"}],"author":[{"embeddable":true,"href":"https:\/\/institutos.ufrrj.br\/ice\/wp-json\/wp\/v2\/users\/2"}],"replies":[{"embeddable":true,"href":"https:\/\/institutos.ufrrj.br\/ice\/wp-json\/wp\/v2\/comments?post=230"}],"version-history":[{"count":3,"href":"https:\/\/institutos.ufrrj.br\/ice\/wp-json\/wp\/v2\/pages\/230\/revisions"}],"predecessor-version":[{"id":1267,"href":"https:\/\/institutos.ufrrj.br\/ice\/wp-json\/wp\/v2\/pages\/230\/revisions\/1267"}],"up":[{"embeddable":true,"href":"https:\/\/institutos.ufrrj.br\/ice\/wp-json\/wp\/v2\/pages\/37"}],"wp:attachment":[{"href":"https:\/\/institutos.ufrrj.br\/ice\/wp-json\/wp\/v2\/media?parent=230"}],"curies":[{"name":"wp","href":"https:\/\/api.w.org\/{rel}","templated":true}]}}