{"id":46,"date":"2011-01-25T12:14:46","date_gmt":"2011-01-25T12:14:46","guid":{"rendered":"http:\/\/r1.ufrrj.br\/wp\/ice\/"},"modified":"2014-10-06T16:42:42","modified_gmt":"2014-10-06T16:42:42","slug":"linha-de-pesquisa","status":"publish","type":"page","link":"https:\/\/institutos.ufrrj.br\/ice\/departamentos\/demat\/linha-de-pesquisa\/","title":{"rendered":"Linhas de Pesquisas"},"content":{"rendered":"<p>Linhas de Pesquisa do Departamento de Matem\u00e1tica:<\/p>\n<ul>\n<li>\n<h3>Computa\u00e7\u00e3o<\/h3>\n<ul>\n<li>Computa\u00e7\u00e3o Gr\u00e1fica<\/li>\n<li>Orienta\u00e7\u00e3o a Objetos<\/li>\n<li>Banco de Dados<\/li>\n<\/ul>\n<\/li>\n<li>\n<h3>Estat\u00edstica<\/h3>\n<ul>\n<li>Estat\u00edstica Experimental<\/li>\n<li>Probabilidade e Processos Estoc\u00e1sticos<\/li>\n<li>Estat\u00edstica de Popula\u00e7\u00e3o<\/li>\n<li>Controle \u00d3timo Estoc\u00e1stico<\/li>\n<li>Econometria<\/li>\n<li>Biomodelos<\/li>\n<li>Modelos Lineares e N\u00e3o-Lineares<\/li>\n<li>An\u00e1lise Multivarada<\/li>\n<\/ul>\n<\/li>\n<li>\n<h3>Matem\u00e1tica<\/h3>\n<ul>\n<li>Descri\u00e7\u00e3o: Equa\u00e7\u00f5es Diferenciais Hiperb\u00f3licas e Problemas F\u00edsicos.<\/li>\n<\/ul>\n<\/li>\n<\/ul>\n","protected":false},"excerpt":{"rendered":"<p>Linhas de Pesquisa do Departamento de Matem\u00e1tica: Computa\u00e7\u00e3o Computa\u00e7\u00e3o Gr\u00e1fica Orienta\u00e7\u00e3o a Objetos Banco de Dados Estat\u00edstica Estat\u00edstica Experimental Probabilidade e Processos [&hellip;]<\/p>\n","protected":false},"author":1,"featured_media":0,"parent":37,"menu_order":0,"comment_status":"open","ping_status":"open","template":"","meta":{"_acf_changed":false,"ngg_post_thumbnail":0,"_themeisle_gutenberg_block_has_review":false,"footnotes":""},"class_list":["post-46","page","type-page","status-publish","hentry"],"acf":[],"yoast_head":"<!-- This site is optimized with the Yoast SEO plugin v26.8 - https:\/\/yoast.com\/product\/yoast-seo-wordpress\/ -->\n<title>Linhas de Pesquisas - Institutos de Ci\u00eancias Exatas - ICE<\/title>\n<meta name=\"robots\" content=\"index, follow, max-snippet:-1, max-image-preview:large, max-video-preview:-1\" \/>\n<link rel=\"canonical\" href=\"https:\/\/institutos.ufrrj.br\/ice\/departamentos\/demat\/linha-de-pesquisa\/\" \/>\n<meta property=\"og:locale\" content=\"pt_BR\" \/>\n<meta property=\"og:type\" content=\"article\" \/>\n<meta property=\"og:title\" content=\"Linhas de Pesquisas - Institutos de Ci\u00eancias Exatas - ICE\" \/>\n<meta property=\"og:description\" content=\"Linhas de Pesquisa do Departamento de Matem\u00e1tica: Computa\u00e7\u00e3o Computa\u00e7\u00e3o Gr\u00e1fica Orienta\u00e7\u00e3o a Objetos Banco de Dados Estat\u00edstica Estat\u00edstica Experimental Probabilidade e Processos [&hellip;]\" \/>\n<meta property=\"og:url\" content=\"https:\/\/institutos.ufrrj.br\/ice\/departamentos\/demat\/linha-de-pesquisa\/\" \/>\n<meta property=\"og:site_name\" content=\"Institutos de Ci\u00eancias Exatas - ICE\" \/>\n<meta property=\"article:modified_time\" content=\"2014-10-06T16:42:42+00:00\" \/>\n<meta name=\"twitter:card\" content=\"summary_large_image\" \/>\n<script type=\"application\/ld+json\" class=\"yoast-schema-graph\">{\"@context\":\"https:\/\/schema.org\",\"@graph\":[{\"@type\":\"WebPage\",\"@id\":\"https:\/\/institutos.ufrrj.br\/ice\/departamentos\/demat\/linha-de-pesquisa\/\",\"url\":\"https:\/\/institutos.ufrrj.br\/ice\/departamentos\/demat\/linha-de-pesquisa\/\",\"name\":\"Linhas de Pesquisas - Institutos de Ci\u00eancias Exatas - ICE\",\"isPartOf\":{\"@id\":\"https:\/\/institutos.ufrrj.br\/ice\/#website\"},\"datePublished\":\"2011-01-25T12:14:46+00:00\",\"dateModified\":\"2014-10-06T16:42:42+00:00\",\"breadcrumb\":{\"@id\":\"https:\/\/institutos.ufrrj.br\/ice\/departamentos\/demat\/linha-de-pesquisa\/#breadcrumb\"},\"inLanguage\":\"pt-BR\",\"potentialAction\":[{\"@type\":\"ReadAction\",\"target\":[\"https:\/\/institutos.ufrrj.br\/ice\/departamentos\/demat\/linha-de-pesquisa\/\"]}]},{\"@type\":\"BreadcrumbList\",\"@id\":\"https:\/\/institutos.ufrrj.br\/ice\/departamentos\/demat\/linha-de-pesquisa\/#breadcrumb\",\"itemListElement\":[{\"@type\":\"ListItem\",\"position\":1,\"name\":\"In\u00edcio\",\"item\":\"https:\/\/institutos.ufrrj.br\/ice\/\"},{\"@type\":\"ListItem\",\"position\":2,\"name\":\"Gradua\u00e7\u00e3o\",\"item\":\"https:\/\/institutos.ufrrj.br\/ice\/departamentos\/\"},{\"@type\":\"ListItem\",\"position\":3,\"name\":\"MATEM\u00c1TICA\",\"item\":\"https:\/\/institutos.ufrrj.br\/ice\/departamentos\/demat\/\"},{\"@type\":\"ListItem\",\"position\":4,\"name\":\"Linhas de Pesquisas\"}]},{\"@type\":\"WebSite\",\"@id\":\"https:\/\/institutos.ufrrj.br\/ice\/#website\",\"url\":\"https:\/\/institutos.ufrrj.br\/ice\/\",\"name\":\"Institutos de Ci\u00eancias Exatas - ICE\",\"description\":\"CAMPUS SEROP\u00c9DICA - UFRRJ\",\"potentialAction\":[{\"@type\":\"SearchAction\",\"target\":{\"@type\":\"EntryPoint\",\"urlTemplate\":\"https:\/\/institutos.ufrrj.br\/ice\/?s={search_term_string}\"},\"query-input\":{\"@type\":\"PropertyValueSpecification\",\"valueRequired\":true,\"valueName\":\"search_term_string\"}}],\"inLanguage\":\"pt-BR\"}]}<\/script>\n<!-- \/ Yoast SEO plugin. -->","yoast_head_json":{"title":"Linhas de Pesquisas - Institutos de Ci\u00eancias Exatas - ICE","robots":{"index":"index","follow":"follow","max-snippet":"max-snippet:-1","max-image-preview":"max-image-preview:large","max-video-preview":"max-video-preview:-1"},"canonical":"https:\/\/institutos.ufrrj.br\/ice\/departamentos\/demat\/linha-de-pesquisa\/","og_locale":"pt_BR","og_type":"article","og_title":"Linhas de Pesquisas - Institutos de Ci\u00eancias Exatas - ICE","og_description":"Linhas de Pesquisa do Departamento de Matem\u00e1tica: Computa\u00e7\u00e3o Computa\u00e7\u00e3o Gr\u00e1fica Orienta\u00e7\u00e3o a Objetos Banco de Dados Estat\u00edstica Estat\u00edstica Experimental Probabilidade e Processos [&hellip;]","og_url":"https:\/\/institutos.ufrrj.br\/ice\/departamentos\/demat\/linha-de-pesquisa\/","og_site_name":"Institutos de Ci\u00eancias Exatas - ICE","article_modified_time":"2014-10-06T16:42:42+00:00","twitter_card":"summary_large_image","schema":{"@context":"https:\/\/schema.org","@graph":[{"@type":"WebPage","@id":"https:\/\/institutos.ufrrj.br\/ice\/departamentos\/demat\/linha-de-pesquisa\/","url":"https:\/\/institutos.ufrrj.br\/ice\/departamentos\/demat\/linha-de-pesquisa\/","name":"Linhas de Pesquisas - Institutos de Ci\u00eancias Exatas - ICE","isPartOf":{"@id":"https:\/\/institutos.ufrrj.br\/ice\/#website"},"datePublished":"2011-01-25T12:14:46+00:00","dateModified":"2014-10-06T16:42:42+00:00","breadcrumb":{"@id":"https:\/\/institutos.ufrrj.br\/ice\/departamentos\/demat\/linha-de-pesquisa\/#breadcrumb"},"inLanguage":"pt-BR","potentialAction":[{"@type":"ReadAction","target":["https:\/\/institutos.ufrrj.br\/ice\/departamentos\/demat\/linha-de-pesquisa\/"]}]},{"@type":"BreadcrumbList","@id":"https:\/\/institutos.ufrrj.br\/ice\/departamentos\/demat\/linha-de-pesquisa\/#breadcrumb","itemListElement":[{"@type":"ListItem","position":1,"name":"In\u00edcio","item":"https:\/\/institutos.ufrrj.br\/ice\/"},{"@type":"ListItem","position":2,"name":"Gradua\u00e7\u00e3o","item":"https:\/\/institutos.ufrrj.br\/ice\/departamentos\/"},{"@type":"ListItem","position":3,"name":"MATEM\u00c1TICA","item":"https:\/\/institutos.ufrrj.br\/ice\/departamentos\/demat\/"},{"@type":"ListItem","position":4,"name":"Linhas de Pesquisas"}]},{"@type":"WebSite","@id":"https:\/\/institutos.ufrrj.br\/ice\/#website","url":"https:\/\/institutos.ufrrj.br\/ice\/","name":"Institutos de Ci\u00eancias Exatas - ICE","description":"CAMPUS SEROP\u00c9DICA - UFRRJ","potentialAction":[{"@type":"SearchAction","target":{"@type":"EntryPoint","urlTemplate":"https:\/\/institutos.ufrrj.br\/ice\/?s={search_term_string}"},"query-input":{"@type":"PropertyValueSpecification","valueRequired":true,"valueName":"search_term_string"}}],"inLanguage":"pt-BR"}]}},"_links":{"self":[{"href":"https:\/\/institutos.ufrrj.br\/ice\/wp-json\/wp\/v2\/pages\/46","targetHints":{"allow":["GET"]}}],"collection":[{"href":"https:\/\/institutos.ufrrj.br\/ice\/wp-json\/wp\/v2\/pages"}],"about":[{"href":"https:\/\/institutos.ufrrj.br\/ice\/wp-json\/wp\/v2\/types\/page"}],"author":[{"embeddable":true,"href":"https:\/\/institutos.ufrrj.br\/ice\/wp-json\/wp\/v2\/users\/1"}],"replies":[{"embeddable":true,"href":"https:\/\/institutos.ufrrj.br\/ice\/wp-json\/wp\/v2\/comments?post=46"}],"version-history":[{"count":6,"href":"https:\/\/institutos.ufrrj.br\/ice\/wp-json\/wp\/v2\/pages\/46\/revisions"}],"predecessor-version":[{"id":948,"href":"https:\/\/institutos.ufrrj.br\/ice\/wp-json\/wp\/v2\/pages\/46\/revisions\/948"}],"up":[{"embeddable":true,"href":"https:\/\/institutos.ufrrj.br\/ice\/wp-json\/wp\/v2\/pages\/37"}],"wp:attachment":[{"href":"https:\/\/institutos.ufrrj.br\/ice\/wp-json\/wp\/v2\/media?parent=46"}],"curies":[{"name":"wp","href":"https:\/\/api.w.org\/{rel}","templated":true}]}}