{"id":196,"date":"2014-12-16T23:09:36","date_gmt":"2014-12-16T23:09:36","guid":{"rendered":"http:\/\/institutos.ufrrj.br\/ichs\/?page_id=196"},"modified":"2025-08-19T16:20:45","modified_gmt":"2025-08-19T19:20:45","slug":"belas-artes","status":"publish","type":"page","link":"https:\/\/institutos.ufrrj.br\/ichs\/curso-de-graduacao\/belas-artes\/","title":{"rendered":"Belas Artes"},"content":{"rendered":"<p><b>Coordenador:<\/b> Vin\u00edcius Queiroz Gomes<\/p>\n<p><strong>Vice-coordenador<\/strong>: Marcelo Amaral Coelho<\/p>\n<p><b>Secret\u00e1ria: <\/b>Loezi Clarice da Silva<\/p>\n<p><b>E-mail Institucional: <\/b><a href=\"mailto:belasartes@ufrrj.br\">belasartes@ufrrj.br<\/a><\/p>\n<p><strong> Telefone<\/strong>:(21) 2682-1042<\/p>\n<p><b><span class=\"il\">Site<\/span>: <a href=\"http:\/\/cursos.ufrrj.br\/grad\/belasartes\/\">http:\/\/cursos.ufrrj.br\/grad\/belasartes\/<\/a><\/b><\/p>\n<p><b>Oferta de vagas:\u00a0<\/b> Semestral\u00a0 \u00a0\u00a0<b> <\/b><\/p>\n<p><b> Quantidade de vagas: <\/b>50 vagas (25 vagas &#8211; 1\u00ba semestre &#8211; noite\/ 25 vagas &#8211; 2\u00ba semestre &#8211; tarde)<\/p>\n<p><b>Turno: <\/b>Vespertino\/Noturno<\/p>\n","protected":false},"excerpt":{"rendered":"<p>Coordenador: Vin\u00edcius Queiroz Gomes Vice-coordenador: Marcelo Amaral Coelho Secret\u00e1ria: Loezi Clarice da Silva E-mail Institucional: belasartes@ufrrj.br Telefone:(21) 2682-1042 Site: http:\/\/cursos.ufrrj.br\/grad\/belasartes\/ Oferta de [&hellip;]<\/p>\n","protected":false},"author":20,"featured_media":0,"parent":193,"menu_order":0,"comment_status":"open","ping_status":"closed","template":"","meta":{"_acf_changed":false,"_themeisle_gutenberg_block_has_review":false,"footnotes":"","_links_to":"","_links_to_target":""},"class_list":["post-196","page","type-page","status-publish","hentry"],"acf":[],"yoast_head":"<!-- This site is optimized with the Yoast SEO plugin v26.8 - https:\/\/yoast.com\/product\/yoast-seo-wordpress\/ -->\n<title>Belas Artes - ICHS - Instituto de Ci\u00eancias Humanas e Sociais<\/title>\n<meta name=\"robots\" content=\"index, follow, max-snippet:-1, max-image-preview:large, max-video-preview:-1\" \/>\n<link rel=\"canonical\" href=\"https:\/\/institutos.ufrrj.br\/ichs\/curso-de-graduacao\/belas-artes\/\" \/>\n<meta property=\"og:locale\" content=\"pt_BR\" \/>\n<meta property=\"og:type\" content=\"article\" \/>\n<meta property=\"og:title\" content=\"Belas Artes - ICHS - Instituto de Ci\u00eancias Humanas e Sociais\" \/>\n<meta property=\"og:description\" content=\"Coordenador: Vin\u00edcius Queiroz Gomes Vice-coordenador: Marcelo Amaral Coelho Secret\u00e1ria: Loezi Clarice da Silva E-mail Institucional: belasartes@ufrrj.br Telefone:(21) 2682-1042 Site: http:\/\/cursos.ufrrj.br\/grad\/belasartes\/ Oferta de [&hellip;]\" \/>\n<meta property=\"og:url\" content=\"https:\/\/institutos.ufrrj.br\/ichs\/curso-de-graduacao\/belas-artes\/\" \/>\n<meta property=\"og:site_name\" content=\"ICHS - Instituto de Ci\u00eancias Humanas e Sociais\" \/>\n<meta property=\"article:publisher\" content=\"https:\/\/www.facebook.com\/people\/Instituto-de-Cincias-Humanas-e-Sociais-ichsufrrj\/100064717788841\/\" \/>\n<meta property=\"article:modified_time\" content=\"2025-08-19T19:20:45+00:00\" \/>\n<meta name=\"twitter:card\" content=\"summary_large_image\" \/>\n<script type=\"application\/ld+json\" class=\"yoast-schema-graph\">{\"@context\":\"https:\/\/schema.org\",\"@graph\":[{\"@type\":\"WebPage\",\"@id\":\"https:\/\/institutos.ufrrj.br\/ichs\/curso-de-graduacao\/belas-artes\/\",\"url\":\"https:\/\/institutos.ufrrj.br\/ichs\/curso-de-graduacao\/belas-artes\/\",\"name\":\"Belas Artes - ICHS - Instituto de Ci\u00eancias Humanas e Sociais\",\"isPartOf\":{\"@id\":\"https:\/\/institutos.ufrrj.br\/ichs\/#website\"},\"datePublished\":\"2014-12-16T23:09:36+00:00\",\"dateModified\":\"2025-08-19T19:20:45+00:00\",\"breadcrumb\":{\"@id\":\"https:\/\/institutos.ufrrj.br\/ichs\/curso-de-graduacao\/belas-artes\/#breadcrumb\"},\"inLanguage\":\"pt-BR\",\"potentialAction\":[{\"@type\":\"ReadAction\",\"target\":[\"https:\/\/institutos.ufrrj.br\/ichs\/curso-de-graduacao\/belas-artes\/\"]}]},{\"@type\":\"BreadcrumbList\",\"@id\":\"https:\/\/institutos.ufrrj.br\/ichs\/curso-de-graduacao\/belas-artes\/#breadcrumb\",\"itemListElement\":[{\"@type\":\"ListItem\",\"position\":1,\"name\":\"In\u00edcio\",\"item\":\"https:\/\/institutos.ufrrj.br\/ichs\/\"},{\"@type\":\"ListItem\",\"position\":2,\"name\":\"Cursos de Gradua\u00e7\u00e3o\",\"item\":\"https:\/\/institutos.ufrrj.br\/ichs\/curso-de-graduacao\/\"},{\"@type\":\"ListItem\",\"position\":3,\"name\":\"Belas Artes\"}]},{\"@type\":\"WebSite\",\"@id\":\"https:\/\/institutos.ufrrj.br\/ichs\/#website\",\"url\":\"https:\/\/institutos.ufrrj.br\/ichs\/\",\"name\":\"ICHS - Instituto de Ci\u00eancias Humanas e Sociais\",\"description\":\"UFRRJ\",\"publisher\":{\"@id\":\"https:\/\/institutos.ufrrj.br\/ichs\/#organization\"},\"potentialAction\":[{\"@type\":\"SearchAction\",\"target\":{\"@type\":\"EntryPoint\",\"urlTemplate\":\"https:\/\/institutos.ufrrj.br\/ichs\/?s={search_term_string}\"},\"query-input\":{\"@type\":\"PropertyValueSpecification\",\"valueRequired\":true,\"valueName\":\"search_term_string\"}}],\"inLanguage\":\"pt-BR\"},{\"@type\":\"Organization\",\"@id\":\"https:\/\/institutos.ufrrj.br\/ichs\/#organization\",\"name\":\"UFRRJ - Universidade Federal Rural do Rio de Janeiro\",\"url\":\"https:\/\/institutos.ufrrj.br\/ichs\/\",\"logo\":{\"@type\":\"ImageObject\",\"inLanguage\":\"pt-BR\",\"@id\":\"https:\/\/institutos.ufrrj.br\/ichs\/#\/schema\/logo\/image\/\",\"url\":\"https:\/\/institutos.ufrrj.br\/ichs\/wp-content\/uploads\/sites\/100\/2026\/01\/ichs-removebg-preview.png\",\"contentUrl\":\"https:\/\/institutos.ufrrj.br\/ichs\/wp-content\/uploads\/sites\/100\/2026\/01\/ichs-removebg-preview.png\",\"width\":500,\"height\":500,\"caption\":\"UFRRJ - Universidade Federal Rural do Rio de Janeiro\"},\"image\":{\"@id\":\"https:\/\/institutos.ufrrj.br\/ichs\/#\/schema\/logo\/image\/\"},\"sameAs\":[\"https:\/\/www.facebook.com\/people\/Instituto-de-Cincias-Humanas-e-Sociais-ichsufrrj\/100064717788841\/\"]}]}<\/script>\n<!-- \/ Yoast SEO plugin. -->","yoast_head_json":{"title":"Belas Artes - ICHS - Instituto de Ci\u00eancias Humanas e Sociais","robots":{"index":"index","follow":"follow","max-snippet":"max-snippet:-1","max-image-preview":"max-image-preview:large","max-video-preview":"max-video-preview:-1"},"canonical":"https:\/\/institutos.ufrrj.br\/ichs\/curso-de-graduacao\/belas-artes\/","og_locale":"pt_BR","og_type":"article","og_title":"Belas Artes - ICHS - Instituto de Ci\u00eancias Humanas e Sociais","og_description":"Coordenador: Vin\u00edcius Queiroz Gomes Vice-coordenador: Marcelo Amaral Coelho Secret\u00e1ria: Loezi Clarice da Silva E-mail Institucional: belasartes@ufrrj.br Telefone:(21) 2682-1042 Site: http:\/\/cursos.ufrrj.br\/grad\/belasartes\/ Oferta de [&hellip;]","og_url":"https:\/\/institutos.ufrrj.br\/ichs\/curso-de-graduacao\/belas-artes\/","og_site_name":"ICHS - Instituto de Ci\u00eancias Humanas e Sociais","article_publisher":"https:\/\/www.facebook.com\/people\/Instituto-de-Cincias-Humanas-e-Sociais-ichsufrrj\/100064717788841\/","article_modified_time":"2025-08-19T19:20:45+00:00","twitter_card":"summary_large_image","schema":{"@context":"https:\/\/schema.org","@graph":[{"@type":"WebPage","@id":"https:\/\/institutos.ufrrj.br\/ichs\/curso-de-graduacao\/belas-artes\/","url":"https:\/\/institutos.ufrrj.br\/ichs\/curso-de-graduacao\/belas-artes\/","name":"Belas Artes - ICHS - Instituto de Ci\u00eancias Humanas e Sociais","isPartOf":{"@id":"https:\/\/institutos.ufrrj.br\/ichs\/#website"},"datePublished":"2014-12-16T23:09:36+00:00","dateModified":"2025-08-19T19:20:45+00:00","breadcrumb":{"@id":"https:\/\/institutos.ufrrj.br\/ichs\/curso-de-graduacao\/belas-artes\/#breadcrumb"},"inLanguage":"pt-BR","potentialAction":[{"@type":"ReadAction","target":["https:\/\/institutos.ufrrj.br\/ichs\/curso-de-graduacao\/belas-artes\/"]}]},{"@type":"BreadcrumbList","@id":"https:\/\/institutos.ufrrj.br\/ichs\/curso-de-graduacao\/belas-artes\/#breadcrumb","itemListElement":[{"@type":"ListItem","position":1,"name":"In\u00edcio","item":"https:\/\/institutos.ufrrj.br\/ichs\/"},{"@type":"ListItem","position":2,"name":"Cursos de Gradua\u00e7\u00e3o","item":"https:\/\/institutos.ufrrj.br\/ichs\/curso-de-graduacao\/"},{"@type":"ListItem","position":3,"name":"Belas Artes"}]},{"@type":"WebSite","@id":"https:\/\/institutos.ufrrj.br\/ichs\/#website","url":"https:\/\/institutos.ufrrj.br\/ichs\/","name":"ICHS - Instituto de Ci\u00eancias Humanas e Sociais","description":"UFRRJ","publisher":{"@id":"https:\/\/institutos.ufrrj.br\/ichs\/#organization"},"potentialAction":[{"@type":"SearchAction","target":{"@type":"EntryPoint","urlTemplate":"https:\/\/institutos.ufrrj.br\/ichs\/?s={search_term_string}"},"query-input":{"@type":"PropertyValueSpecification","valueRequired":true,"valueName":"search_term_string"}}],"inLanguage":"pt-BR"},{"@type":"Organization","@id":"https:\/\/institutos.ufrrj.br\/ichs\/#organization","name":"UFRRJ - Universidade Federal Rural do Rio de Janeiro","url":"https:\/\/institutos.ufrrj.br\/ichs\/","logo":{"@type":"ImageObject","inLanguage":"pt-BR","@id":"https:\/\/institutos.ufrrj.br\/ichs\/#\/schema\/logo\/image\/","url":"https:\/\/institutos.ufrrj.br\/ichs\/wp-content\/uploads\/sites\/100\/2026\/01\/ichs-removebg-preview.png","contentUrl":"https:\/\/institutos.ufrrj.br\/ichs\/wp-content\/uploads\/sites\/100\/2026\/01\/ichs-removebg-preview.png","width":500,"height":500,"caption":"UFRRJ - Universidade Federal Rural do Rio de Janeiro"},"image":{"@id":"https:\/\/institutos.ufrrj.br\/ichs\/#\/schema\/logo\/image\/"},"sameAs":["https:\/\/www.facebook.com\/people\/Instituto-de-Cincias-Humanas-e-Sociais-ichsufrrj\/100064717788841\/"]}]}},"_links":{"self":[{"href":"https:\/\/institutos.ufrrj.br\/ichs\/wp-json\/wp\/v2\/pages\/196","targetHints":{"allow":["GET"]}}],"collection":[{"href":"https:\/\/institutos.ufrrj.br\/ichs\/wp-json\/wp\/v2\/pages"}],"about":[{"href":"https:\/\/institutos.ufrrj.br\/ichs\/wp-json\/wp\/v2\/types\/page"}],"author":[{"embeddable":true,"href":"https:\/\/institutos.ufrrj.br\/ichs\/wp-json\/wp\/v2\/users\/20"}],"replies":[{"embeddable":true,"href":"https:\/\/institutos.ufrrj.br\/ichs\/wp-json\/wp\/v2\/comments?post=196"}],"version-history":[{"count":33,"href":"https:\/\/institutos.ufrrj.br\/ichs\/wp-json\/wp\/v2\/pages\/196\/revisions"}],"predecessor-version":[{"id":3239,"href":"https:\/\/institutos.ufrrj.br\/ichs\/wp-json\/wp\/v2\/pages\/196\/revisions\/3239"}],"up":[{"embeddable":true,"href":"https:\/\/institutos.ufrrj.br\/ichs\/wp-json\/wp\/v2\/pages\/193"}],"wp:attachment":[{"href":"https:\/\/institutos.ufrrj.br\/ichs\/wp-json\/wp\/v2\/media?parent=196"}],"curies":[{"name":"wp","href":"https:\/\/api.w.org\/{rel}","templated":true}]}}