{"id":60,"date":"2014-11-06T16:32:56","date_gmt":"2014-11-06T16:32:56","guid":{"rendered":"http:\/\/institutos.ufrrj.br\/ichs\/?page_id=60"},"modified":"2021-03-01T01:12:29","modified_gmt":"2021-03-01T01:12:29","slug":"como-chegar","status":"publish","type":"page","link":"https:\/\/institutos.ufrrj.br\/ichs\/como-chegar\/","title":{"rendered":"Como Chegar"},"content":{"rendered":"<p>O Instituto de Ci\u00eancias Humanas e Sociais da UFRRJ localiza-se no Km 45 da antiga rodovia Rio &#8211; SP, no munic\u00edpio de Serop\u00e9dica, no Rio de Janeiro. Coordenadas mais precisas podem ser encontradas no <span style=\"color: #800000\"><strong><a style=\"color: #800000\" href=\"https:\/\/goo.gl\/maps\/dEY8YQ3PQvC2\">Google Maps<\/a>.<\/strong><\/span><\/p>\n<hr \/>\n<p><a href=\"https:\/\/www.google.com.br\/maps\/place\/Instituto+de+Ci%C3%AAncias+Humanas+e+Sociais+-+Ufrrj,+Serop%C3%A9dica+-+RJ,+23890-000\/@-22.7662897,-43.6855234,600m\/data=!3m2!1e3!4b1!4m7!1m4!3m3!1s0x9955d8251e415f:0x613581ba0a2b68bd!2sUFRRJ+-+Universidade+Federal+Rural+do+Rio+de+Janeiro!3b1!3m1!1s0x99564e5308a78b:0xcf1b51dd7a6470c5\" rel=\"attachment wp-att-766\"><img loading=\"lazy\" decoding=\"async\" class=\"wp-image-766 aligncenter\" src=\"http:\/\/institutos.ufrrj.br\/ichs\/wp-content\/uploads\/sites\/100\/2014\/11\/Apresenta\u00e7\u00e3o1-300x142.png\" alt=\"Apresenta\u00e7\u00e3o1\" width=\"739\" height=\"350\" srcset=\"https:\/\/institutos.ufrrj.br\/ichs\/wp-content\/uploads\/sites\/100\/2014\/11\/Apresenta\u00e7\u00e3o1-300x142.png 300w, https:\/\/institutos.ufrrj.br\/ichs\/wp-content\/uploads\/sites\/100\/2014\/11\/Apresenta\u00e7\u00e3o1-768x363.png 768w, https:\/\/institutos.ufrrj.br\/ichs\/wp-content\/uploads\/sites\/100\/2014\/11\/Apresenta\u00e7\u00e3o1-1024x484.png 1024w, https:\/\/institutos.ufrrj.br\/ichs\/wp-content\/uploads\/sites\/100\/2014\/11\/Apresenta\u00e7\u00e3o1.png 1280w\" sizes=\"auto, (max-width: 739px) 100vw, 739px\" \/><\/a><\/p>\n<div>\n<hr \/>\n<\/div>\n<div>\u00a0<strong>CAMINHOS PARA QUEM VEM DE CARRO<\/strong><\/div>\n<p>&nbsp;<\/p>\n<p><strong><u>1\u00aa Op\u00e7\u00e3o<\/u><\/strong><strong>:<\/strong> Pela Avenida Brasil sentido Zona Oeste, ao avistar\u00a0 o Viaduto Oscar Brito (vulgo &#8220;Dos Cabritos&#8221;) virar \u00e0 direita (Fabrica da Ambev). Seguir pela Antiga Estrada Rio \u2013 S\u00e3o Paulo at\u00e9 o Km 47 (UFRRJ).<\/p>\n<p><strong><u>2\u00aa Op\u00e7\u00e3o<\/u><\/strong>: Pela Rodovia Presidente Dutra sentido Rio \u2013 S\u00e3o Paulo, ap\u00f3s o Ped\u00e1gio Viuva Gra\u00e7a dobrar na primeira sa\u00edda a direita, seguir em frente at\u00e9 a UFRRJ (aproximadamente 5 Km). Outra op\u00e7\u00e3o \u00e9 o rec\u00e9m-criado Arco Metropolitano, o que faz o motorista conseguir fugir do ped\u00e1gio. Seguindo pela Dutra entrar para Japeri, seguir pelo <a href=\"https:\/\/www.google.com.br\/maps\/dir\/Rio+de+Janeiro,+RJ\/Rod.+Raphael+de+Almeida+Magalh%C3%A3es,+Japeri+-+RJ\/Serop%C3%A9dica,+RJ\/@-22.7802669,-43.5921561,11z\/data=%213m1%214b1%214m20%214m19%211m5%211m1%211s0x9bde559108a05b:0x50dc426c672fd24e%212m2%211d-43.1728965%212d-22.9068467%211m5%211m1%211s0x9c07a71577984b:0x2639369424097df3%212m2%211d-43.5821973%212d-22.6633494%211m5%211m1%211s0x995679694622cb:0x87984001ac8db1f2%212m2%211d-43.7159011%212d-22.7530802%213e0\">arco em dire\u00e7\u00e3o a Japeri\/ Miguel Pereira<\/a>, pegar o retorno ap\u00f3s o viaduto e por mais 4 km seguir na dire\u00e7\u00e3o contr\u00e1ria a Japeri, \u00e0 Angra at\u00e9 o retorno para entrar em Serop\u00e9dica.<\/p>\n<p><strong><u>3\u00aa Op\u00e7\u00e3o<\/u><\/strong><strong>:<\/strong> Pela Rodovia Presidente Dutra sentido S\u00e3o Paulo \u2013 Rio, ap\u00f3s o BOB\u00b4S (BELVEDERE) tomar a primeira sa\u00edda a direita, seguir em frente at\u00e9 a UFRRJ (aproximadamente 5 Km).\u00a0 Esta op\u00e7\u00e3o tamb\u00e9m possui ped\u00e1gio.<\/p>\n<p>&nbsp;<\/p>\n<p><strong>OP\u00c7\u00d5ES PARA QUEM VEM DE \u00d4NIBUS OU TREM<\/strong><\/p>\n<p><strong><u>1\u00aa Op\u00e7\u00e3o<\/u><\/strong><strong>:<\/strong>\u00a0 Utilizar o \u00f4nibus Central-Serop\u00e9dica da Via\u00e7\u00e3o <a href=\"http:\/\/www.transportesflores.com.br\/\">Real Rio<\/a>; que sai do terminal Am\u00e9rico Fontenele, na Central do Brasil. Outras informa\u00e7\u00f5es\u00a0 pela Real Rio \u2013 tel (21) 2682-9292.<\/p>\n<p><strong><u>2\u00aa Op\u00e7\u00e3o<\/u><\/strong><strong>:<\/strong> Pegar o trem saindo da esta\u00e7\u00e3o D. Pedro II (Central do Brasil). Neste caso, deve-se desembarcar em Campo Grande e tomar, pr\u00f3ximo a 1a esta\u00e7\u00e3o ferrovi\u00e1ria (Rua Campo Grande), um dos seguintes \u00f4nibus da empresa Real Rio: Campo Grande-Belvedere, Campo Grande-Paracambi ou Campo Grande-Japeri.<\/p>\n<p>&nbsp;<\/p>\n","protected":false},"excerpt":{"rendered":"<p>O Instituto de Ci\u00eancias Humanas e Sociais da UFRRJ localiza-se no Km 45 da antiga rodovia Rio &#8211; SP, no munic\u00edpio de [&hellip;]<\/p>\n","protected":false},"author":20,"featured_media":0,"parent":0,"menu_order":6,"comment_status":"open","ping_status":"open","template":"","meta":{"_acf_changed":false,"_themeisle_gutenberg_block_has_review":false,"footnotes":"","_links_to":"","_links_to_target":""},"class_list":["post-60","page","type-page","status-publish","hentry"],"acf":[],"yoast_head":"<!-- This site is optimized with the Yoast SEO plugin v26.8 - https:\/\/yoast.com\/product\/yoast-seo-wordpress\/ -->\n<title>Como Chegar - ICHS - Instituto de Ci\u00eancias Humanas e Sociais<\/title>\n<meta name=\"robots\" content=\"index, follow, max-snippet:-1, max-image-preview:large, max-video-preview:-1\" \/>\n<link rel=\"canonical\" href=\"https:\/\/institutos.ufrrj.br\/ichs\/como-chegar\/\" \/>\n<meta property=\"og:locale\" content=\"pt_BR\" \/>\n<meta property=\"og:type\" content=\"article\" \/>\n<meta property=\"og:title\" content=\"Como Chegar - ICHS - Instituto de Ci\u00eancias Humanas e Sociais\" \/>\n<meta property=\"og:description\" content=\"O Instituto de Ci\u00eancias Humanas e Sociais da UFRRJ localiza-se no Km 45 da antiga rodovia Rio &#8211; SP, no munic\u00edpio de [&hellip;]\" \/>\n<meta property=\"og:url\" content=\"https:\/\/institutos.ufrrj.br\/ichs\/como-chegar\/\" \/>\n<meta property=\"og:site_name\" content=\"ICHS - Instituto de Ci\u00eancias Humanas e Sociais\" \/>\n<meta property=\"article:publisher\" content=\"https:\/\/www.facebook.com\/people\/Instituto-de-Cincias-Humanas-e-Sociais-ichsufrrj\/100064717788841\/\" \/>\n<meta property=\"article:modified_time\" content=\"2021-03-01T01:12:29+00:00\" \/>\n<meta name=\"twitter:card\" content=\"summary_large_image\" \/>\n<meta name=\"twitter:label1\" content=\"Est. tempo de leitura\" \/>\n\t<meta name=\"twitter:data1\" content=\"2 minutos\" \/>\n<script type=\"application\/ld+json\" class=\"yoast-schema-graph\">{\"@context\":\"https:\/\/schema.org\",\"@graph\":[{\"@type\":\"WebPage\",\"@id\":\"https:\/\/institutos.ufrrj.br\/ichs\/como-chegar\/\",\"url\":\"https:\/\/institutos.ufrrj.br\/ichs\/como-chegar\/\",\"name\":\"Como Chegar - ICHS - Instituto de Ci\u00eancias Humanas e Sociais\",\"isPartOf\":{\"@id\":\"https:\/\/institutos.ufrrj.br\/ichs\/#website\"},\"datePublished\":\"2014-11-06T16:32:56+00:00\",\"dateModified\":\"2021-03-01T01:12:29+00:00\",\"breadcrumb\":{\"@id\":\"https:\/\/institutos.ufrrj.br\/ichs\/como-chegar\/#breadcrumb\"},\"inLanguage\":\"pt-BR\",\"potentialAction\":[{\"@type\":\"ReadAction\",\"target\":[\"https:\/\/institutos.ufrrj.br\/ichs\/como-chegar\/\"]}]},{\"@type\":\"BreadcrumbList\",\"@id\":\"https:\/\/institutos.ufrrj.br\/ichs\/como-chegar\/#breadcrumb\",\"itemListElement\":[{\"@type\":\"ListItem\",\"position\":1,\"name\":\"In\u00edcio\",\"item\":\"https:\/\/institutos.ufrrj.br\/ichs\/\"},{\"@type\":\"ListItem\",\"position\":2,\"name\":\"Como Chegar\"}]},{\"@type\":\"WebSite\",\"@id\":\"https:\/\/institutos.ufrrj.br\/ichs\/#website\",\"url\":\"https:\/\/institutos.ufrrj.br\/ichs\/\",\"name\":\"ICHS - Instituto de Ci\u00eancias Humanas e Sociais\",\"description\":\"UFRRJ\",\"publisher\":{\"@id\":\"https:\/\/institutos.ufrrj.br\/ichs\/#organization\"},\"potentialAction\":[{\"@type\":\"SearchAction\",\"target\":{\"@type\":\"EntryPoint\",\"urlTemplate\":\"https:\/\/institutos.ufrrj.br\/ichs\/?s={search_term_string}\"},\"query-input\":{\"@type\":\"PropertyValueSpecification\",\"valueRequired\":true,\"valueName\":\"search_term_string\"}}],\"inLanguage\":\"pt-BR\"},{\"@type\":\"Organization\",\"@id\":\"https:\/\/institutos.ufrrj.br\/ichs\/#organization\",\"name\":\"UFRRJ - Universidade Federal Rural do Rio de Janeiro\",\"url\":\"https:\/\/institutos.ufrrj.br\/ichs\/\",\"logo\":{\"@type\":\"ImageObject\",\"inLanguage\":\"pt-BR\",\"@id\":\"https:\/\/institutos.ufrrj.br\/ichs\/#\/schema\/logo\/image\/\",\"url\":\"https:\/\/institutos.ufrrj.br\/ichs\/wp-content\/uploads\/sites\/100\/2026\/01\/ichs-removebg-preview.png\",\"contentUrl\":\"https:\/\/institutos.ufrrj.br\/ichs\/wp-content\/uploads\/sites\/100\/2026\/01\/ichs-removebg-preview.png\",\"width\":500,\"height\":500,\"caption\":\"UFRRJ - Universidade Federal Rural do Rio de Janeiro\"},\"image\":{\"@id\":\"https:\/\/institutos.ufrrj.br\/ichs\/#\/schema\/logo\/image\/\"},\"sameAs\":[\"https:\/\/www.facebook.com\/people\/Instituto-de-Cincias-Humanas-e-Sociais-ichsufrrj\/100064717788841\/\"]}]}<\/script>\n<!-- \/ Yoast SEO plugin. -->","yoast_head_json":{"title":"Como Chegar - ICHS - Instituto de Ci\u00eancias Humanas e Sociais","robots":{"index":"index","follow":"follow","max-snippet":"max-snippet:-1","max-image-preview":"max-image-preview:large","max-video-preview":"max-video-preview:-1"},"canonical":"https:\/\/institutos.ufrrj.br\/ichs\/como-chegar\/","og_locale":"pt_BR","og_type":"article","og_title":"Como Chegar - ICHS - Instituto de Ci\u00eancias Humanas e Sociais","og_description":"O Instituto de Ci\u00eancias Humanas e Sociais da UFRRJ localiza-se no Km 45 da antiga rodovia Rio &#8211; SP, no munic\u00edpio de [&hellip;]","og_url":"https:\/\/institutos.ufrrj.br\/ichs\/como-chegar\/","og_site_name":"ICHS - Instituto de Ci\u00eancias Humanas e Sociais","article_publisher":"https:\/\/www.facebook.com\/people\/Instituto-de-Cincias-Humanas-e-Sociais-ichsufrrj\/100064717788841\/","article_modified_time":"2021-03-01T01:12:29+00:00","twitter_card":"summary_large_image","twitter_misc":{"Est. tempo de leitura":"2 minutos"},"schema":{"@context":"https:\/\/schema.org","@graph":[{"@type":"WebPage","@id":"https:\/\/institutos.ufrrj.br\/ichs\/como-chegar\/","url":"https:\/\/institutos.ufrrj.br\/ichs\/como-chegar\/","name":"Como Chegar - ICHS - Instituto de Ci\u00eancias Humanas e Sociais","isPartOf":{"@id":"https:\/\/institutos.ufrrj.br\/ichs\/#website"},"datePublished":"2014-11-06T16:32:56+00:00","dateModified":"2021-03-01T01:12:29+00:00","breadcrumb":{"@id":"https:\/\/institutos.ufrrj.br\/ichs\/como-chegar\/#breadcrumb"},"inLanguage":"pt-BR","potentialAction":[{"@type":"ReadAction","target":["https:\/\/institutos.ufrrj.br\/ichs\/como-chegar\/"]}]},{"@type":"BreadcrumbList","@id":"https:\/\/institutos.ufrrj.br\/ichs\/como-chegar\/#breadcrumb","itemListElement":[{"@type":"ListItem","position":1,"name":"In\u00edcio","item":"https:\/\/institutos.ufrrj.br\/ichs\/"},{"@type":"ListItem","position":2,"name":"Como Chegar"}]},{"@type":"WebSite","@id":"https:\/\/institutos.ufrrj.br\/ichs\/#website","url":"https:\/\/institutos.ufrrj.br\/ichs\/","name":"ICHS - Instituto de Ci\u00eancias Humanas e Sociais","description":"UFRRJ","publisher":{"@id":"https:\/\/institutos.ufrrj.br\/ichs\/#organization"},"potentialAction":[{"@type":"SearchAction","target":{"@type":"EntryPoint","urlTemplate":"https:\/\/institutos.ufrrj.br\/ichs\/?s={search_term_string}"},"query-input":{"@type":"PropertyValueSpecification","valueRequired":true,"valueName":"search_term_string"}}],"inLanguage":"pt-BR"},{"@type":"Organization","@id":"https:\/\/institutos.ufrrj.br\/ichs\/#organization","name":"UFRRJ - Universidade Federal Rural do Rio de Janeiro","url":"https:\/\/institutos.ufrrj.br\/ichs\/","logo":{"@type":"ImageObject","inLanguage":"pt-BR","@id":"https:\/\/institutos.ufrrj.br\/ichs\/#\/schema\/logo\/image\/","url":"https:\/\/institutos.ufrrj.br\/ichs\/wp-content\/uploads\/sites\/100\/2026\/01\/ichs-removebg-preview.png","contentUrl":"https:\/\/institutos.ufrrj.br\/ichs\/wp-content\/uploads\/sites\/100\/2026\/01\/ichs-removebg-preview.png","width":500,"height":500,"caption":"UFRRJ - Universidade Federal Rural do Rio de Janeiro"},"image":{"@id":"https:\/\/institutos.ufrrj.br\/ichs\/#\/schema\/logo\/image\/"},"sameAs":["https:\/\/www.facebook.com\/people\/Instituto-de-Cincias-Humanas-e-Sociais-ichsufrrj\/100064717788841\/"]}]}},"_links":{"self":[{"href":"https:\/\/institutos.ufrrj.br\/ichs\/wp-json\/wp\/v2\/pages\/60","targetHints":{"allow":["GET"]}}],"collection":[{"href":"https:\/\/institutos.ufrrj.br\/ichs\/wp-json\/wp\/v2\/pages"}],"about":[{"href":"https:\/\/institutos.ufrrj.br\/ichs\/wp-json\/wp\/v2\/types\/page"}],"author":[{"embeddable":true,"href":"https:\/\/institutos.ufrrj.br\/ichs\/wp-json\/wp\/v2\/users\/20"}],"replies":[{"embeddable":true,"href":"https:\/\/institutos.ufrrj.br\/ichs\/wp-json\/wp\/v2\/comments?post=60"}],"version-history":[{"count":18,"href":"https:\/\/institutos.ufrrj.br\/ichs\/wp-json\/wp\/v2\/pages\/60\/revisions"}],"predecessor-version":[{"id":1448,"href":"https:\/\/institutos.ufrrj.br\/ichs\/wp-json\/wp\/v2\/pages\/60\/revisions\/1448"}],"wp:attachment":[{"href":"https:\/\/institutos.ufrrj.br\/ichs\/wp-json\/wp\/v2\/media?parent=60"}],"curies":[{"name":"wp","href":"https:\/\/api.w.org\/{rel}","templated":true}]}}