{"id":4602,"date":"2022-03-15T10:12:06","date_gmt":"2022-03-15T13:12:06","guid":{"rendered":"http:\/\/institutos.ufrrj.br\/icsa\/?page_id=4602"},"modified":"2022-08-23T15:55:00","modified_gmt":"2022-08-23T18:55:00","slug":"irpf","status":"publish","type":"page","link":"https:\/\/institutos.ufrrj.br\/icsa\/irpf\/","title":{"rendered":"PROJETO IRPF 2022"},"content":{"rendered":"<p><img loading=\"lazy\" decoding=\"async\" class=\"alignnone wp-image-4587\" src=\"http:\/\/institutos.ufrrj.br\/icsa\/wp-content\/uploads\/sites\/101\/2022\/03\/IRPF-1-231x300.png\" alt=\"\" width=\"897\" height=\"1167\" srcset=\"https:\/\/institutos.ufrrj.br\/icsa\/wp-content\/uploads\/sites\/101\/2022\/03\/IRPF-1-231x300.png 231w, https:\/\/institutos.ufrrj.br\/icsa\/wp-content\/uploads\/sites\/101\/2022\/03\/IRPF-1-768x998.png 768w, https:\/\/institutos.ufrrj.br\/icsa\/wp-content\/uploads\/sites\/101\/2022\/03\/IRPF-1-788x1024.png 788w\" sizes=\"auto, (max-width: 897px) 100vw, 897px\" \/><\/p>\n<p>INSCRI\u00c7\u00d5ES ATRAV\u00c9S DO LINK:<\/p>\n<p><a href=\"https:\/\/docs.google.com\/forms\/d\/e\/1FAIpQLSeEqcE-CZS_WqLsmtNoGnYVHIqqWAVa_PBz4iKj2R3f9cpN2A\/viewform\"><span style=\"color: #0000ff\">https:\/\/docs.google.com\/forms\/d\/e\/1FAIpQLSeEqcE-CZS_WqLsmtNoGnYVHIqqWAVa_PBz4iKj2R3f9cpN2A\/viewform<\/span><\/a><\/p>\n<p><img loading=\"lazy\" decoding=\"async\" class=\"alignnone wp-image-4588\" src=\"http:\/\/institutos.ufrrj.br\/icsa\/wp-content\/uploads\/sites\/101\/2022\/03\/IRPF-2-300x39.png\" alt=\"\" width=\"823\" height=\"107\" srcset=\"https:\/\/institutos.ufrrj.br\/icsa\/wp-content\/uploads\/sites\/101\/2022\/03\/IRPF-2-300x39.png 300w, https:\/\/institutos.ufrrj.br\/icsa\/wp-content\/uploads\/sites\/101\/2022\/03\/IRPF-2-768x100.png 768w, https:\/\/institutos.ufrrj.br\/icsa\/wp-content\/uploads\/sites\/101\/2022\/03\/IRPF-2-1024x133.png 1024w\" sizes=\"auto, (max-width: 823px) 100vw, 823px\" \/><\/p>\n","protected":false},"excerpt":{"rendered":"<p>INSCRI\u00c7\u00d5ES ATRAV\u00c9S DO LINK: https:\/\/docs.google.com\/forms\/d\/e\/1FAIpQLSeEqcE-CZS_WqLsmtNoGnYVHIqqWAVa_PBz4iKj2R3f9cpN2A\/viewform<\/p>\n","protected":false},"author":44,"featured_media":0,"parent":0,"menu_order":0,"comment_status":"closed","ping_status":"closed","template":"","meta":{"_acf_changed":false,"_themeisle_gutenberg_block_has_review":false,"footnotes":"","_links_to":"","_links_to_target":""},"class_list":["post-4602","page","type-page","status-publish","hentry"],"acf":[],"yoast_head":"<!-- This site is optimized with the Yoast SEO plugin v26.8 - https:\/\/yoast.com\/product\/yoast-seo-wordpress\/ -->\n<title>PROJETO IRPF 2022 - ICSA<\/title>\n<meta name=\"robots\" content=\"index, follow, max-snippet:-1, max-image-preview:large, max-video-preview:-1\" \/>\n<link rel=\"canonical\" href=\"https:\/\/institutos.ufrrj.br\/icsa\/irpf\/\" \/>\n<meta property=\"og:locale\" content=\"pt_BR\" \/>\n<meta property=\"og:type\" content=\"article\" \/>\n<meta property=\"og:title\" content=\"PROJETO IRPF 2022 - ICSA\" \/>\n<meta property=\"og:description\" content=\"INSCRI\u00c7\u00d5ES ATRAV\u00c9S DO LINK: https:\/\/docs.google.com\/forms\/d\/e\/1FAIpQLSeEqcE-CZS_WqLsmtNoGnYVHIqqWAVa_PBz4iKj2R3f9cpN2A\/viewform\" \/>\n<meta property=\"og:url\" content=\"https:\/\/institutos.ufrrj.br\/icsa\/irpf\/\" \/>\n<meta property=\"og:site_name\" content=\"ICSA\" \/>\n<meta property=\"article:publisher\" content=\"https:\/\/www.facebook.com\/ICSA-189767328193686\/\" \/>\n<meta property=\"article:modified_time\" content=\"2022-08-23T18:55:00+00:00\" \/>\n<meta property=\"og:image\" content=\"http:\/\/institutos.ufrrj.br\/icsa\/wp-content\/uploads\/sites\/101\/2022\/03\/IRPF-1-231x300.png\" \/>\n<meta name=\"twitter:card\" content=\"summary_large_image\" \/>\n<script type=\"application\/ld+json\" class=\"yoast-schema-graph\">{\"@context\":\"https:\/\/schema.org\",\"@graph\":[{\"@type\":\"WebPage\",\"@id\":\"https:\/\/institutos.ufrrj.br\/icsa\/irpf\/\",\"url\":\"https:\/\/institutos.ufrrj.br\/icsa\/irpf\/\",\"name\":\"PROJETO IRPF 2022 - ICSA\",\"isPartOf\":{\"@id\":\"https:\/\/institutos.ufrrj.br\/icsa\/#website\"},\"primaryImageOfPage\":{\"@id\":\"https:\/\/institutos.ufrrj.br\/icsa\/irpf\/#primaryimage\"},\"image\":{\"@id\":\"https:\/\/institutos.ufrrj.br\/icsa\/irpf\/#primaryimage\"},\"thumbnailUrl\":\"http:\/\/institutos.ufrrj.br\/icsa\/wp-content\/uploads\/sites\/101\/2022\/03\/IRPF-1-231x300.png\",\"datePublished\":\"2022-03-15T13:12:06+00:00\",\"dateModified\":\"2022-08-23T18:55:00+00:00\",\"breadcrumb\":{\"@id\":\"https:\/\/institutos.ufrrj.br\/icsa\/irpf\/#breadcrumb\"},\"inLanguage\":\"pt-BR\",\"potentialAction\":[{\"@type\":\"ReadAction\",\"target\":[\"https:\/\/institutos.ufrrj.br\/icsa\/irpf\/\"]}]},{\"@type\":\"ImageObject\",\"inLanguage\":\"pt-BR\",\"@id\":\"https:\/\/institutos.ufrrj.br\/icsa\/irpf\/#primaryimage\",\"url\":\"https:\/\/institutos.ufrrj.br\/icsa\/wp-content\/uploads\/sites\/101\/2022\/03\/IRPF-1.png\",\"contentUrl\":\"https:\/\/institutos.ufrrj.br\/icsa\/wp-content\/uploads\/sites\/101\/2022\/03\/IRPF-1.png\",\"width\":3178,\"height\":4128},{\"@type\":\"BreadcrumbList\",\"@id\":\"https:\/\/institutos.ufrrj.br\/icsa\/irpf\/#breadcrumb\",\"itemListElement\":[{\"@type\":\"ListItem\",\"position\":1,\"name\":\"In\u00edcio\",\"item\":\"https:\/\/institutos.ufrrj.br\/icsa\/\"},{\"@type\":\"ListItem\",\"position\":2,\"name\":\"PROJETO IRPF 2022\"}]},{\"@type\":\"WebSite\",\"@id\":\"https:\/\/institutos.ufrrj.br\/icsa\/#website\",\"url\":\"https:\/\/institutos.ufrrj.br\/icsa\/\",\"name\":\"ICSA\",\"description\":\"Institutos de Ci\u00eancias Sociais Aplicadas\",\"publisher\":{\"@id\":\"https:\/\/institutos.ufrrj.br\/icsa\/#organization\"},\"potentialAction\":[{\"@type\":\"SearchAction\",\"target\":{\"@type\":\"EntryPoint\",\"urlTemplate\":\"https:\/\/institutos.ufrrj.br\/icsa\/?s={search_term_string}\"},\"query-input\":{\"@type\":\"PropertyValueSpecification\",\"valueRequired\":true,\"valueName\":\"search_term_string\"}}],\"inLanguage\":\"pt-BR\"},{\"@type\":\"Organization\",\"@id\":\"https:\/\/institutos.ufrrj.br\/icsa\/#organization\",\"name\":\"ICSA\",\"url\":\"https:\/\/institutos.ufrrj.br\/icsa\/\",\"logo\":{\"@type\":\"ImageObject\",\"inLanguage\":\"pt-BR\",\"@id\":\"https:\/\/institutos.ufrrj.br\/icsa\/#\/schema\/logo\/image\/\",\"url\":\"https:\/\/institutos.ufrrj.br\/icsa\/wp-content\/uploads\/sites\/101\/2023\/10\/logo_icsa_cor_horz_01-4-1.png\",\"contentUrl\":\"https:\/\/institutos.ufrrj.br\/icsa\/wp-content\/uploads\/sites\/101\/2023\/10\/logo_icsa_cor_horz_01-4-1.png\",\"width\":300,\"height\":101,\"caption\":\"ICSA\"},\"image\":{\"@id\":\"https:\/\/institutos.ufrrj.br\/icsa\/#\/schema\/logo\/image\/\"},\"sameAs\":[\"https:\/\/www.facebook.com\/ICSA-189767328193686\/\",\"https:\/\/www.instagram.com\/icsa.ufrrj\/\",\"https:\/\/www.youtube.com\/@icsaufrrj\"]}]}<\/script>\n<!-- \/ Yoast SEO plugin. -->","yoast_head_json":{"title":"PROJETO IRPF 2022 - ICSA","robots":{"index":"index","follow":"follow","max-snippet":"max-snippet:-1","max-image-preview":"max-image-preview:large","max-video-preview":"max-video-preview:-1"},"canonical":"https:\/\/institutos.ufrrj.br\/icsa\/irpf\/","og_locale":"pt_BR","og_type":"article","og_title":"PROJETO IRPF 2022 - ICSA","og_description":"INSCRI\u00c7\u00d5ES ATRAV\u00c9S DO LINK: https:\/\/docs.google.com\/forms\/d\/e\/1FAIpQLSeEqcE-CZS_WqLsmtNoGnYVHIqqWAVa_PBz4iKj2R3f9cpN2A\/viewform","og_url":"https:\/\/institutos.ufrrj.br\/icsa\/irpf\/","og_site_name":"ICSA","article_publisher":"https:\/\/www.facebook.com\/ICSA-189767328193686\/","article_modified_time":"2022-08-23T18:55:00+00:00","og_image":[{"url":"http:\/\/institutos.ufrrj.br\/icsa\/wp-content\/uploads\/sites\/101\/2022\/03\/IRPF-1-231x300.png","type":"","width":"","height":""}],"twitter_card":"summary_large_image","schema":{"@context":"https:\/\/schema.org","@graph":[{"@type":"WebPage","@id":"https:\/\/institutos.ufrrj.br\/icsa\/irpf\/","url":"https:\/\/institutos.ufrrj.br\/icsa\/irpf\/","name":"PROJETO IRPF 2022 - ICSA","isPartOf":{"@id":"https:\/\/institutos.ufrrj.br\/icsa\/#website"},"primaryImageOfPage":{"@id":"https:\/\/institutos.ufrrj.br\/icsa\/irpf\/#primaryimage"},"image":{"@id":"https:\/\/institutos.ufrrj.br\/icsa\/irpf\/#primaryimage"},"thumbnailUrl":"http:\/\/institutos.ufrrj.br\/icsa\/wp-content\/uploads\/sites\/101\/2022\/03\/IRPF-1-231x300.png","datePublished":"2022-03-15T13:12:06+00:00","dateModified":"2022-08-23T18:55:00+00:00","breadcrumb":{"@id":"https:\/\/institutos.ufrrj.br\/icsa\/irpf\/#breadcrumb"},"inLanguage":"pt-BR","potentialAction":[{"@type":"ReadAction","target":["https:\/\/institutos.ufrrj.br\/icsa\/irpf\/"]}]},{"@type":"ImageObject","inLanguage":"pt-BR","@id":"https:\/\/institutos.ufrrj.br\/icsa\/irpf\/#primaryimage","url":"https:\/\/institutos.ufrrj.br\/icsa\/wp-content\/uploads\/sites\/101\/2022\/03\/IRPF-1.png","contentUrl":"https:\/\/institutos.ufrrj.br\/icsa\/wp-content\/uploads\/sites\/101\/2022\/03\/IRPF-1.png","width":3178,"height":4128},{"@type":"BreadcrumbList","@id":"https:\/\/institutos.ufrrj.br\/icsa\/irpf\/#breadcrumb","itemListElement":[{"@type":"ListItem","position":1,"name":"In\u00edcio","item":"https:\/\/institutos.ufrrj.br\/icsa\/"},{"@type":"ListItem","position":2,"name":"PROJETO IRPF 2022"}]},{"@type":"WebSite","@id":"https:\/\/institutos.ufrrj.br\/icsa\/#website","url":"https:\/\/institutos.ufrrj.br\/icsa\/","name":"ICSA","description":"Institutos de Ci\u00eancias Sociais Aplicadas","publisher":{"@id":"https:\/\/institutos.ufrrj.br\/icsa\/#organization"},"potentialAction":[{"@type":"SearchAction","target":{"@type":"EntryPoint","urlTemplate":"https:\/\/institutos.ufrrj.br\/icsa\/?s={search_term_string}"},"query-input":{"@type":"PropertyValueSpecification","valueRequired":true,"valueName":"search_term_string"}}],"inLanguage":"pt-BR"},{"@type":"Organization","@id":"https:\/\/institutos.ufrrj.br\/icsa\/#organization","name":"ICSA","url":"https:\/\/institutos.ufrrj.br\/icsa\/","logo":{"@type":"ImageObject","inLanguage":"pt-BR","@id":"https:\/\/institutos.ufrrj.br\/icsa\/#\/schema\/logo\/image\/","url":"https:\/\/institutos.ufrrj.br\/icsa\/wp-content\/uploads\/sites\/101\/2023\/10\/logo_icsa_cor_horz_01-4-1.png","contentUrl":"https:\/\/institutos.ufrrj.br\/icsa\/wp-content\/uploads\/sites\/101\/2023\/10\/logo_icsa_cor_horz_01-4-1.png","width":300,"height":101,"caption":"ICSA"},"image":{"@id":"https:\/\/institutos.ufrrj.br\/icsa\/#\/schema\/logo\/image\/"},"sameAs":["https:\/\/www.facebook.com\/ICSA-189767328193686\/","https:\/\/www.instagram.com\/icsa.ufrrj\/","https:\/\/www.youtube.com\/@icsaufrrj"]}]}},"_links":{"self":[{"href":"https:\/\/institutos.ufrrj.br\/icsa\/wp-json\/wp\/v2\/pages\/4602","targetHints":{"allow":["GET"]}}],"collection":[{"href":"https:\/\/institutos.ufrrj.br\/icsa\/wp-json\/wp\/v2\/pages"}],"about":[{"href":"https:\/\/institutos.ufrrj.br\/icsa\/wp-json\/wp\/v2\/types\/page"}],"author":[{"embeddable":true,"href":"https:\/\/institutos.ufrrj.br\/icsa\/wp-json\/wp\/v2\/users\/44"}],"replies":[{"embeddable":true,"href":"https:\/\/institutos.ufrrj.br\/icsa\/wp-json\/wp\/v2\/comments?post=4602"}],"version-history":[{"count":4,"href":"https:\/\/institutos.ufrrj.br\/icsa\/wp-json\/wp\/v2\/pages\/4602\/revisions"}],"predecessor-version":[{"id":5226,"href":"https:\/\/institutos.ufrrj.br\/icsa\/wp-json\/wp\/v2\/pages\/4602\/revisions\/5226"}],"wp:attachment":[{"href":"https:\/\/institutos.ufrrj.br\/icsa\/wp-json\/wp\/v2\/media?parent=4602"}],"curies":[{"name":"wp","href":"https:\/\/api.w.org\/{rel}","templated":true}]}}