{"id":4611,"date":"2022-03-15T16:54:49","date_gmt":"2022-03-15T19:54:49","guid":{"rendered":"http:\/\/institutos.ufrrj.br\/icsa\/?page_id=4611"},"modified":"2024-01-29T11:45:11","modified_gmt":"2024-01-29T14:45:11","slug":"monitoria","status":"publish","type":"page","link":"https:\/\/institutos.ufrrj.br\/icsa\/dccf\/monitoria\/","title":{"rendered":"Monitores 2024."},"content":{"rendered":"\n<div class=\"wp-block-columns is-layout-flex wp-container-core-columns-is-layout-9d6595d7 wp-block-columns-is-layout-flex\">\n<div class=\"wp-block-column is-vertically-aligned-top is-layout-flow wp-block-column-is-layout-flow\" style=\"flex-basis:100%\">\n<p class=\"has-medium-font-size\">Planilha de hor\u00e1rios<\/p>\n\n\n\n<div class=\"wp-block-columns are-vertically-aligned-bottom is-layout-flex wp-container-core-columns-is-layout-9d6595d7 wp-block-columns-is-layout-flex\">\n<div class=\"wp-block-column is-vertically-aligned-bottom is-layout-flow wp-block-column-is-layout-flow\" style=\"flex-basis:100%\">\n<figure class=\"wp-block-table is-style-stripes has-small-font-size\"><table class=\"has-cyan-bluish-gray-background-color has-background\"><tbody><tr><td class=\"has-text-align-center\" data-align=\"center\"><strong>MONITOR<\/strong><\/td><td class=\"has-text-align-center\" data-align=\"center\"><strong>Disciplina<\/strong><\/td><td class=\"has-text-align-center\" data-align=\"center\"><strong>e-mail<\/strong><\/td><td class=\"has-text-align-center\" data-align=\"center\">     <strong>Celular<\/strong>                      <\/td><td class=\"has-text-align-center\" data-align=\"center\">&#8211;<\/td><td class=\"has-text-align-center\" data-align=\"center\">&#8211;<\/td><td><\/td><td><\/td><\/tr><tr><td class=\"has-text-align-center\" data-align=\"center\">POLYANA FELIPE FREIRE<\/td><td class=\"has-text-align-center\" data-align=\"center\"><strong>(IH130) &#8211; MATEM\u00c1TICA FINANCEIRA<\/strong><\/td><td class=\"has-text-align-center\" data-align=\"center\">polyanafelipe2@gmail.com<\/td><td class=\"has-text-align-center\" data-align=\"center\">21-97874-0623<\/td><td class=\"has-text-align-center\" data-align=\"center\">&#8211;<\/td><td class=\"has-text-align-center\" data-align=\"center\">&#8211;<\/td><td><\/td><td><\/td><\/tr><tr><td class=\"has-text-align-center\" data-align=\"center\"><\/td><td class=\"has-text-align-center\" data-align=\"center\">SEGUNDA<\/td><td class=\"has-text-align-center\" data-align=\"center\">TER\u00c7A<\/td><td class=\"has-text-align-center\" data-align=\"center\">QUARTA<\/td><td class=\"has-text-align-center\" data-align=\"center\">QUINTA<\/td><td class=\"has-text-align-center\" data-align=\"center\">SEXTA<\/td><td><\/td><td><\/td><\/tr><tr><td class=\"has-text-align-center\" data-align=\"center\">Hor\u00e1rio de atendimento<\/td><td class=\"has-text-align-center\" data-align=\"center\"><\/td><td class=\"has-text-align-center\" data-align=\"center\"><\/td><td class=\"has-text-align-center\" data-align=\"center\"><\/td><td class=\"has-text-align-center\" data-align=\"center\"><\/td><td class=\"has-text-align-center\" data-align=\"center\"><\/td><td><\/td><td><\/td><\/tr><tr><td class=\"has-text-align-center\" data-align=\"center\">Local de atendimento<\/td><td class=\"has-text-align-center\" data-align=\"center\"><\/td><td class=\"has-text-align-center\" data-align=\"center\"><\/td><td class=\"has-text-align-center\" data-align=\"center\">                                                       <\/td><td class=\"has-text-align-center\" data-align=\"center\"><\/td><td class=\"has-text-align-center\" data-align=\"center\"><\/td><td><\/td><td><\/td><\/tr><tr><td class=\"has-text-align-center\" data-align=\"center\">AGUARDANDO AUTORIZA\u00c7\u00c3O PARA ABERTURA DE NOVOS EDITAIS  <\/td><td class=\"has-text-align-center\" data-align=\"center\"><strong>(IS403) &#8211; CONTABILIDADE INTERMEDI\u00c1RIA<br>I<\/strong><\/td><td class=\"has-text-align-center\" data-align=\"center\"><\/td><td class=\"has-text-align-center\" data-align=\"center\"><\/td><td class=\"has-text-align-center\" data-align=\"center\">&#8211;<\/td><td class=\"has-text-align-center\" data-align=\"center\">&#8211;<\/td><td><\/td><td><\/td><\/tr><tr><td class=\"has-text-align-center\" data-align=\"center\"><\/td><td class=\"has-text-align-center\" data-align=\"center\">SEGUNDA<\/td><td class=\"has-text-align-center\" data-align=\"center\">TER\u00c7A<\/td><td class=\"has-text-align-center\" data-align=\"center\">QUARTA<\/td><td class=\"has-text-align-center\" data-align=\"center\">QUINTA<\/td><td class=\"has-text-align-center\" data-align=\"center\">SEXTA<\/td><td><\/td><td><\/td><\/tr><tr><td class=\"has-text-align-center\" data-align=\"center\">Hor\u00e1rio de atendimento<\/td><td class=\"has-text-align-center\" data-align=\"center\">18h \u00e0s 20h<\/td><td class=\"has-text-align-center\" data-align=\"center\">16h \u00e0s 18h<\/td><td class=\"has-text-align-center\" data-align=\"center\">16h \u00e0s 18h<\/td><td class=\"has-text-align-center\" data-align=\"center\">16h \u00e0s 18h<\/td><td class=\"has-text-align-center\" data-align=\"center\">&#8211;<\/td><td><\/td><td><\/td><\/tr><tr><td class=\"has-text-align-center\" data-align=\"center\">Local de atendimento<\/td><td class=\"has-text-align-center\" data-align=\"center\">Pat ou ICHS<\/td><td class=\"has-text-align-center\" data-align=\"center\">Pat ou ICHS<\/td><td class=\"has-text-align-center\" data-align=\"center\">Pat ou ICHS<\/td><td class=\"has-text-align-center\" data-align=\"center\">Pat ou ICHS<\/td><td class=\"has-text-align-center\" data-align=\"center\">&#8211;<\/td><td><\/td><td><\/td><\/tr><tr><td class=\"has-text-align-center\" data-align=\"center\"><strong>GUSTAVO ROSA JANUARIO<\/strong><\/td><td class=\"has-text-align-center\" data-align=\"center\"><strong>(TH105) &#8211; LABORAT\u00d3RIO CONT\u00c1BIL<br>(IS404) &#8211; SISTEMAS DE INFORMA\u00c7\u00d5ES E<br>PR\u00c1TICAS CONT\u00c1BEIS<br>(IS415) &#8211; PR\u00c1TICAS CONT\u00c1BEIS I<br>(IS424) &#8211; PR\u00c1TICAS CONT\u00c1BEIS II<\/strong><\/td><td class=\"has-text-align-center\" data-align=\"center\"><mark style=\"background-color:rgba(0, 0, 0, 0);color:#001dfe\" class=\"has-inline-color\"><a href=\"mailto:gustavoinfo0@gmail.com\" target=\"_blank\" rel=\"noreferrer noopener\">gustavoinfo0@gmail.com<\/a><\/mark><\/td><td class=\"has-text-align-center\" data-align=\"center\">(21) 98175-6784<\/td><td class=\"has-text-align-center\" data-align=\"center\">&#8211;<\/td><td class=\"has-text-align-center\" data-align=\"center\">&#8211;<\/td><td><\/td><td><\/td><\/tr><tr><td class=\"has-text-align-center\" data-align=\"center\"><\/td><td class=\"has-text-align-center\" data-align=\"center\">SEGUNDA<\/td><td class=\"has-text-align-center\" data-align=\"center\">TER\u00c7A<\/td><td class=\"has-text-align-center\" data-align=\"center\">QUARTA<\/td><td class=\"has-text-align-center\" data-align=\"center\">    QUINTA                                                                                 <\/td><td class=\"has-text-align-center\" data-align=\"center\">     SEXTA                                                                                               <\/td><td><\/td><td>   S\u00c1BADO                                                    <\/td><\/tr><tr><td class=\"has-text-align-center\" data-align=\"center\">Hor\u00e1rio de atendimento<\/td><td class=\"has-text-align-center\" data-align=\"center\">16h \u00e0s 20h<\/td><td class=\"has-text-align-center\" data-align=\"center\">16h \u00e0s 18h<\/td><td class=\"has-text-align-center\" data-align=\"center\">&#8211;<\/td><td class=\"has-text-align-center\" data-align=\"center\">16h \u00e0s 18h<\/td><td class=\"has-text-align-center\" data-align=\"center\">16h \u00e0s 18h<\/td><td><\/td><td>  10h \u00e0s 12h<\/td><\/tr><tr><td class=\"has-text-align-center\" data-align=\"center\">Local de atendimento<\/td><td class=\"has-text-align-center\" data-align=\"center\">PAT ou ICHS<\/td><td class=\"has-text-align-center\" data-align=\"center\">PAT ou ICHS<\/td><td class=\"has-text-align-center\" data-align=\"center\"><\/td><td class=\"has-text-align-center\" data-align=\"center\">PAT ou ICHS<\/td><td class=\"has-text-align-center\" data-align=\"center\"> PAT ou ICHS<\/td><td><\/td><td>PAT ou ICHS<\/td><\/tr><tr><td class=\"has-text-align-center\" data-align=\"center\"><strong>MATHEUS VIEIRA SOUSA<\/strong><\/td><td class=\"has-text-align-center\" data-align=\"center\"><strong>(IH132) &#8211; OR\u00c7AMENTO DE EMPRESA<\/strong><\/td><td class=\"has-text-align-center\" data-align=\"center\"><mark style=\"background-color:rgba(0, 0, 0, 0);color:#0014ff\" class=\"has-inline-color\"><a href=\"mailto:matheusvieirasousa1999@gmail.com\" target=\"_blank\" rel=\"noreferrer noopener\">matheusvieirasousa1999@gmail.com<\/a><\/mark><\/td><td class=\"has-text-align-center\" data-align=\"center\">(21) 96914-8240<\/td><td class=\"has-text-align-center\" data-align=\"center\">&#8211;<\/td><td class=\"has-text-align-center\" data-align=\"center\">&#8211;<\/td><td><\/td><td><\/td><\/tr><tr><td class=\"has-text-align-center\" data-align=\"center\"><\/td><td class=\"has-text-align-center\" data-align=\"center\">SEGUNDA<\/td><td class=\"has-text-align-center\" data-align=\"center\">TER\u00c7A<\/td><td class=\"has-text-align-center\" data-align=\"center\">QUARTA <\/td><td class=\"has-text-align-center\" data-align=\"center\">  QUINTA   <\/td><td class=\"has-text-align-center\" data-align=\"center\">SEXTA <\/td><td><\/td><td><\/td><\/tr><tr><td class=\"has-text-align-center\" data-align=\"center\">Hor\u00e1rio de atendimento<\/td><td class=\"has-text-align-center\" data-align=\"center\">12h \u00e0s 15h (Presencial)<\/td><td class=\"has-text-align-center\" data-align=\"center\">&#8211;<\/td><td class=\"has-text-align-center\" data-align=\"center\">12h \u00e0s 15h<br>(Presencial)<\/td><td class=\"has-text-align-center\" data-align=\"center\">14h \u00e0s 17h<br>(Remoto)<\/td><td class=\"has-text-align-center\" data-align=\"center\">14h \u00e0s 17h<br>(Remoto)<\/td><td><\/td><td><\/td><\/tr><tr><td class=\"has-text-align-center\" data-align=\"center\">Local de atendimento<\/td><td class=\"has-text-align-center\" data-align=\"center\">PIT\u00c1GORAS ou ICHS<\/td><td class=\"has-text-align-center\" data-align=\"center\"><\/td><td class=\"has-text-align-center\" data-align=\"center\">PIT\u00c1GORAS ou ICHS<\/td><td class=\"has-text-align-center\" data-align=\"center\">PIT\u00c1GORAS ou ICHS<\/td><td class=\"has-text-align-center\" data-align=\"center\">PIT\u00c1GORAS ou ICHS<\/td><td><\/td><td><\/td><\/tr><tr><td class=\"has-text-align-center\" data-align=\"center\"><strong>PEDRO DANIEL VIEIRA DE POL<\/strong><\/td><td class=\"has-text-align-center\" data-align=\"center\"><strong>(IH168) &#8211; GER\u00caNCIA DE INVESTIMENTOS<\/strong><\/td><td class=\"has-text-align-center\" data-align=\"center\"><mark style=\"background-color:rgba(0, 0, 0, 0);color:#0216f8\" class=\"has-inline-color\"><a href=\"mailto:pedrodanieek@gmail.com\" target=\"_blank\" rel=\"noreferrer noopener\">pedrodanieek@gmail.com<\/a><\/mark><\/td><td class=\"has-text-align-center\" data-align=\"center\">(21) 98117-0107<\/td><td class=\"has-text-align-center\" data-align=\"center\">&#8211;<\/td><td class=\"has-text-align-center\" data-align=\"center\">&#8211;<\/td><td><\/td><td><\/td><\/tr><tr><td class=\"has-text-align-center\" data-align=\"center\"><\/td><td class=\"has-text-align-center\" data-align=\"center\">SEGUNDA<\/td><td class=\"has-text-align-center\" data-align=\"center\">TER\u00c7A<\/td><td class=\"has-text-align-center\" data-align=\"center\">QUARTA<\/td><td class=\"has-text-align-center\" data-align=\"center\">   QUINTA            <\/td><td class=\"has-text-align-center\" data-align=\"center\">    SEXTA                   <\/td><td><\/td><td><\/td><\/tr><tr><td class=\"has-text-align-center\" data-align=\"center\">Hor\u00e1rio de atendimento<\/td><td class=\"has-text-align-center\" data-align=\"center\">&#8211;<\/td><td class=\"has-text-align-center\" data-align=\"center\">18h \u00e0s 22h<\/td><td class=\"has-text-align-center\" data-align=\"center\">&#8211;<\/td><td class=\"has-text-align-center\" data-align=\"center\">18h \u00e0s 22h<\/td><td class=\"has-text-align-center\" data-align=\"center\">18h \u00e0s 22h<\/td><td><\/td><td><\/td><\/tr><tr><td class=\"has-text-align-center\" data-align=\"center\">Local de atendimento<\/td><td class=\"has-text-align-center\" data-align=\"center\">&#8211;<\/td><td class=\"has-text-align-center\" data-align=\"center\">Pat ou ICHS<\/td><td class=\"has-text-align-center\" data-align=\"center\">&#8211;<\/td><td class=\"has-text-align-center\" data-align=\"center\">Pat ou ICHS<\/td><td class=\"has-text-align-center\" data-align=\"center\">Pat ou ICHS<\/td><td><\/td><td><\/td><\/tr><tr><td class=\"has-text-align-center\" data-align=\"center\">AGUARDANDO AUTORIZA\u00c7\u00c3O PARA ABERTURA DE NOVOS EDITAIS  <\/td><td class=\"has-text-align-center\" data-align=\"center\"><strong><strong>(IS401) &#8211; <\/strong>CONTABILIDADE INTRODUT\u00d3RIA I<\/strong> <br><strong>(IS402)<\/strong> &#8211; <strong>CONTABILIDADE INTRODUT\u00d3RIA II<\/strong><\/td><td class=\"has-text-align-center\" data-align=\"center\"><\/td><td class=\"has-text-align-center\" data-align=\"center\"><\/td><td class=\"has-text-align-center\" data-align=\"center\">&#8211;<\/td><td class=\"has-text-align-center\" data-align=\"center\">&#8211;<\/td><td><\/td><td><\/td><\/tr><tr><td class=\"has-text-align-center\" data-align=\"center\"><\/td><td class=\"has-text-align-center\" data-align=\"center\">SEGUNDA<\/td><td class=\"has-text-align-center\" data-align=\"center\">TER\u00c7A<\/td><td class=\"has-text-align-center\" data-align=\"center\">QUARTA<\/td><td class=\"has-text-align-center\" data-align=\"center\">QUINTA<\/td><td class=\"has-text-align-center\" data-align=\"center\">SEXTA<\/td><td><\/td><td><\/td><\/tr><tr><td class=\"has-text-align-center\" data-align=\"center\">Hor\u00e1rio de atendimento<\/td><td class=\"has-text-align-center\" data-align=\"center\">16h30min \u00e0s 18h30min \/ <br>20h \u00e0s 22h<\/td><td class=\"has-text-align-center\" data-align=\"center\">16h30min \u00e0s 18h30min<\/td><td class=\"has-text-align-center\" data-align=\"center\">16h30min \u00e0s 18h30min<\/td><td class=\"has-text-align-center\" data-align=\"center\">16h30min \u00e0s 18h30min<\/td><td class=\"has-text-align-center\" data-align=\"center\">16h30min \u00e0s 18h30min<\/td><td><\/td><td><\/td><\/tr><tr><td class=\"has-text-align-center\" data-align=\"center\">Local de atendimento<\/td><td class=\"has-text-align-center\" data-align=\"center\">ICHS ou PAT<\/td><td class=\"has-text-align-center\" data-align=\"center\">ICHS ou PAT<\/td><td class=\"has-text-align-center\" data-align=\"center\">ICHS ou PAT<\/td><td class=\"has-text-align-center\" data-align=\"center\">ICHS ou PAT<\/td><td class=\"has-text-align-center\" data-align=\"center\">ICHS ou PAT<\/td><td><\/td><td><\/td><\/tr><tr><td class=\"has-text-align-center\" data-align=\"center\"><strong>CAIO VIN\u00edCIUS FERREIRA DE LEMOS SILVA<\/strong><\/td><td class=\"has-text-align-center\" data-align=\"center\"><strong>(IH169) &#8211; ADMINISTRA\u00c7\u00c3O FINANCEIRA I<\/strong><\/td><td class=\"has-text-align-center\" data-align=\"center\"><a href=\"caiozzlemos@gmail.com\" target=\"_blank\" rel=\"noreferrer noopener\">caiozzlemos@gmail.com<\/a><\/td><td class=\"has-text-align-center\" data-align=\"center\">(21) 98196-             6397<\/td><td class=\"has-text-align-center\" data-align=\"center\">&#8211;<\/td><td class=\"has-text-align-center\" data-align=\"center\">&#8211;<\/td><td><\/td><td><\/td><\/tr><tr><td class=\"has-text-align-center\" data-align=\"center\"><\/td><td class=\"has-text-align-center\" data-align=\"center\">SEGUNDA<\/td><td class=\"has-text-align-center\" data-align=\"center\">TER\u00c7A<\/td><td class=\"has-text-align-center\" data-align=\"center\">QUARTA<\/td><td class=\"has-text-align-center\" data-align=\"center\">QUINTA<\/td><td class=\"has-text-align-center\" data-align=\"center\">SEXTA<\/td><td><\/td><td><\/td><\/tr><tr><td class=\"has-text-align-center\" data-align=\"center\">Hor\u00e1rio de atendimento<\/td><td class=\"has-text-align-center\" data-align=\"center\">15h \u00e0s 18h<\/td><td class=\"has-text-align-center\" data-align=\"center\">15h \u00e0s 18h<\/td><td class=\"has-text-align-center\" data-align=\"center\"><\/td><td class=\"has-text-align-center\" data-align=\"center\">15h \u00e0s 18h<\/td><td class=\"has-text-align-center\" data-align=\"center\">15h \u00e0s 18h <\/td><td><\/td><td><\/td><\/tr><tr><td class=\"has-text-align-center\" data-align=\"center\">Local de atendimento<\/td><td class=\"has-text-align-center\" data-align=\"center\">(Remoto)<\/td><td class=\"has-text-align-center\" data-align=\"center\">(Remoto)<\/td><td class=\"has-text-align-center\" data-align=\"center\">&#8211;<\/td><td class=\"has-text-align-center\" data-align=\"center\">(Remoto)<\/td><td class=\"has-text-align-center\" data-align=\"center\">(Remoto)<\/td><td><\/td><td><\/td><\/tr><\/tbody><\/table><\/figure>\n<\/div>\n<\/div>\n\n\n\n<p><\/p>\n<\/div>\n<\/div>\n","protected":false},"excerpt":{"rendered":"<p>Planilha de hor\u00e1rios MONITOR Disciplina e-mail Celular &#8211; &#8211; POLYANA FELIPE FREIRE (IH130) &#8211; MATEM\u00c1TICA FINANCEIRA polyanafelipe2@gmail.com 21-97874-0623 &#8211; &#8211; <a class=\"read-more\" href=\"https:\/\/institutos.ufrrj.br\/icsa\/dccf\/monitoria\/\">&#8230; <em>leia mais <\/em> <i class=\"fa fa-long-arrow-right\"><\/i><\/a><\/p>\n","protected":false},"author":45,"featured_media":0,"parent":194,"menu_order":0,"comment_status":"closed","ping_status":"closed","template":"","meta":{"_acf_changed":false,"_themeisle_gutenberg_block_has_review":false,"footnotes":"","_links_to":"","_links_to_target":""},"class_list":["post-4611","page","type-page","status-publish","hentry"],"acf":[],"yoast_head":"<!-- This site is optimized with the Yoast SEO plugin v26.8 - https:\/\/yoast.com\/product\/yoast-seo-wordpress\/ -->\n<title>Monitores 2024. - ICSA<\/title>\n<meta name=\"robots\" content=\"index, follow, max-snippet:-1, max-image-preview:large, max-video-preview:-1\" \/>\n<link rel=\"canonical\" href=\"https:\/\/institutos.ufrrj.br\/icsa\/dccf\/monitoria\/\" \/>\n<meta property=\"og:locale\" content=\"pt_BR\" \/>\n<meta property=\"og:type\" content=\"article\" \/>\n<meta property=\"og:title\" content=\"Monitores 2024. - ICSA\" \/>\n<meta property=\"og:description\" content=\"Planilha de hor\u00e1rios MONITOR Disciplina e-mail Celular &#8211; &#8211; POLYANA FELIPE FREIRE (IH130) &#8211; MATEM\u00c1TICA FINANCEIRA polyanafelipe2@gmail.com 21-97874-0623 &#8211; &#8211; ... leia mais\" \/>\n<meta property=\"og:url\" content=\"https:\/\/institutos.ufrrj.br\/icsa\/dccf\/monitoria\/\" \/>\n<meta property=\"og:site_name\" content=\"ICSA\" \/>\n<meta property=\"article:publisher\" content=\"https:\/\/www.facebook.com\/ICSA-189767328193686\/\" \/>\n<meta property=\"article:modified_time\" content=\"2024-01-29T14:45:11+00:00\" \/>\n<meta name=\"twitter:card\" content=\"summary_large_image\" \/>\n<meta name=\"twitter:label1\" content=\"Est. tempo de leitura\" \/>\n\t<meta name=\"twitter:data1\" content=\"2 minutos\" \/>\n<script type=\"application\/ld+json\" class=\"yoast-schema-graph\">{\"@context\":\"https:\/\/schema.org\",\"@graph\":[{\"@type\":\"WebPage\",\"@id\":\"https:\/\/institutos.ufrrj.br\/icsa\/dccf\/monitoria\/\",\"url\":\"https:\/\/institutos.ufrrj.br\/icsa\/dccf\/monitoria\/\",\"name\":\"Monitores 2024. - ICSA\",\"isPartOf\":{\"@id\":\"https:\/\/institutos.ufrrj.br\/icsa\/#website\"},\"datePublished\":\"2022-03-15T19:54:49+00:00\",\"dateModified\":\"2024-01-29T14:45:11+00:00\",\"breadcrumb\":{\"@id\":\"https:\/\/institutos.ufrrj.br\/icsa\/dccf\/monitoria\/#breadcrumb\"},\"inLanguage\":\"pt-BR\",\"potentialAction\":[{\"@type\":\"ReadAction\",\"target\":[\"https:\/\/institutos.ufrrj.br\/icsa\/dccf\/monitoria\/\"]}]},{\"@type\":\"BreadcrumbList\",\"@id\":\"https:\/\/institutos.ufrrj.br\/icsa\/dccf\/monitoria\/#breadcrumb\",\"itemListElement\":[{\"@type\":\"ListItem\",\"position\":1,\"name\":\"In\u00edcio\",\"item\":\"https:\/\/institutos.ufrrj.br\/icsa\/\"},{\"@type\":\"ListItem\",\"position\":2,\"name\":\"CI\u00caNCIAS CONT\u00c1BEIS E FINAN\u00c7AS (DCCF)\",\"item\":\"https:\/\/institutos.ufrrj.br\/icsa\/dccf\/\"},{\"@type\":\"ListItem\",\"position\":3,\"name\":\"Monitores 2024.\"}]},{\"@type\":\"WebSite\",\"@id\":\"https:\/\/institutos.ufrrj.br\/icsa\/#website\",\"url\":\"https:\/\/institutos.ufrrj.br\/icsa\/\",\"name\":\"ICSA\",\"description\":\"Institutos de Ci\u00eancias Sociais Aplicadas\",\"publisher\":{\"@id\":\"https:\/\/institutos.ufrrj.br\/icsa\/#organization\"},\"potentialAction\":[{\"@type\":\"SearchAction\",\"target\":{\"@type\":\"EntryPoint\",\"urlTemplate\":\"https:\/\/institutos.ufrrj.br\/icsa\/?s={search_term_string}\"},\"query-input\":{\"@type\":\"PropertyValueSpecification\",\"valueRequired\":true,\"valueName\":\"search_term_string\"}}],\"inLanguage\":\"pt-BR\"},{\"@type\":\"Organization\",\"@id\":\"https:\/\/institutos.ufrrj.br\/icsa\/#organization\",\"name\":\"ICSA\",\"url\":\"https:\/\/institutos.ufrrj.br\/icsa\/\",\"logo\":{\"@type\":\"ImageObject\",\"inLanguage\":\"pt-BR\",\"@id\":\"https:\/\/institutos.ufrrj.br\/icsa\/#\/schema\/logo\/image\/\",\"url\":\"https:\/\/institutos.ufrrj.br\/icsa\/wp-content\/uploads\/sites\/101\/2023\/10\/logo_icsa_cor_horz_01-4-1.png\",\"contentUrl\":\"https:\/\/institutos.ufrrj.br\/icsa\/wp-content\/uploads\/sites\/101\/2023\/10\/logo_icsa_cor_horz_01-4-1.png\",\"width\":300,\"height\":101,\"caption\":\"ICSA\"},\"image\":{\"@id\":\"https:\/\/institutos.ufrrj.br\/icsa\/#\/schema\/logo\/image\/\"},\"sameAs\":[\"https:\/\/www.facebook.com\/ICSA-189767328193686\/\",\"https:\/\/www.instagram.com\/icsa.ufrrj\/\",\"https:\/\/www.youtube.com\/@icsaufrrj\"]}]}<\/script>\n<!-- \/ Yoast SEO plugin. -->","yoast_head_json":{"title":"Monitores 2024. - ICSA","robots":{"index":"index","follow":"follow","max-snippet":"max-snippet:-1","max-image-preview":"max-image-preview:large","max-video-preview":"max-video-preview:-1"},"canonical":"https:\/\/institutos.ufrrj.br\/icsa\/dccf\/monitoria\/","og_locale":"pt_BR","og_type":"article","og_title":"Monitores 2024. - ICSA","og_description":"Planilha de hor\u00e1rios MONITOR Disciplina e-mail Celular &#8211; &#8211; POLYANA FELIPE FREIRE (IH130) &#8211; MATEM\u00c1TICA FINANCEIRA polyanafelipe2@gmail.com 21-97874-0623 &#8211; &#8211; ... leia mais","og_url":"https:\/\/institutos.ufrrj.br\/icsa\/dccf\/monitoria\/","og_site_name":"ICSA","article_publisher":"https:\/\/www.facebook.com\/ICSA-189767328193686\/","article_modified_time":"2024-01-29T14:45:11+00:00","twitter_card":"summary_large_image","twitter_misc":{"Est. tempo de leitura":"2 minutos"},"schema":{"@context":"https:\/\/schema.org","@graph":[{"@type":"WebPage","@id":"https:\/\/institutos.ufrrj.br\/icsa\/dccf\/monitoria\/","url":"https:\/\/institutos.ufrrj.br\/icsa\/dccf\/monitoria\/","name":"Monitores 2024. - ICSA","isPartOf":{"@id":"https:\/\/institutos.ufrrj.br\/icsa\/#website"},"datePublished":"2022-03-15T19:54:49+00:00","dateModified":"2024-01-29T14:45:11+00:00","breadcrumb":{"@id":"https:\/\/institutos.ufrrj.br\/icsa\/dccf\/monitoria\/#breadcrumb"},"inLanguage":"pt-BR","potentialAction":[{"@type":"ReadAction","target":["https:\/\/institutos.ufrrj.br\/icsa\/dccf\/monitoria\/"]}]},{"@type":"BreadcrumbList","@id":"https:\/\/institutos.ufrrj.br\/icsa\/dccf\/monitoria\/#breadcrumb","itemListElement":[{"@type":"ListItem","position":1,"name":"In\u00edcio","item":"https:\/\/institutos.ufrrj.br\/icsa\/"},{"@type":"ListItem","position":2,"name":"CI\u00caNCIAS CONT\u00c1BEIS E FINAN\u00c7AS (DCCF)","item":"https:\/\/institutos.ufrrj.br\/icsa\/dccf\/"},{"@type":"ListItem","position":3,"name":"Monitores 2024."}]},{"@type":"WebSite","@id":"https:\/\/institutos.ufrrj.br\/icsa\/#website","url":"https:\/\/institutos.ufrrj.br\/icsa\/","name":"ICSA","description":"Institutos de Ci\u00eancias Sociais Aplicadas","publisher":{"@id":"https:\/\/institutos.ufrrj.br\/icsa\/#organization"},"potentialAction":[{"@type":"SearchAction","target":{"@type":"EntryPoint","urlTemplate":"https:\/\/institutos.ufrrj.br\/icsa\/?s={search_term_string}"},"query-input":{"@type":"PropertyValueSpecification","valueRequired":true,"valueName":"search_term_string"}}],"inLanguage":"pt-BR"},{"@type":"Organization","@id":"https:\/\/institutos.ufrrj.br\/icsa\/#organization","name":"ICSA","url":"https:\/\/institutos.ufrrj.br\/icsa\/","logo":{"@type":"ImageObject","inLanguage":"pt-BR","@id":"https:\/\/institutos.ufrrj.br\/icsa\/#\/schema\/logo\/image\/","url":"https:\/\/institutos.ufrrj.br\/icsa\/wp-content\/uploads\/sites\/101\/2023\/10\/logo_icsa_cor_horz_01-4-1.png","contentUrl":"https:\/\/institutos.ufrrj.br\/icsa\/wp-content\/uploads\/sites\/101\/2023\/10\/logo_icsa_cor_horz_01-4-1.png","width":300,"height":101,"caption":"ICSA"},"image":{"@id":"https:\/\/institutos.ufrrj.br\/icsa\/#\/schema\/logo\/image\/"},"sameAs":["https:\/\/www.facebook.com\/ICSA-189767328193686\/","https:\/\/www.instagram.com\/icsa.ufrrj\/","https:\/\/www.youtube.com\/@icsaufrrj"]}]}},"_links":{"self":[{"href":"https:\/\/institutos.ufrrj.br\/icsa\/wp-json\/wp\/v2\/pages\/4611","targetHints":{"allow":["GET"]}}],"collection":[{"href":"https:\/\/institutos.ufrrj.br\/icsa\/wp-json\/wp\/v2\/pages"}],"about":[{"href":"https:\/\/institutos.ufrrj.br\/icsa\/wp-json\/wp\/v2\/types\/page"}],"author":[{"embeddable":true,"href":"https:\/\/institutos.ufrrj.br\/icsa\/wp-json\/wp\/v2\/users\/45"}],"replies":[{"embeddable":true,"href":"https:\/\/institutos.ufrrj.br\/icsa\/wp-json\/wp\/v2\/comments?post=4611"}],"version-history":[{"count":33,"href":"https:\/\/institutos.ufrrj.br\/icsa\/wp-json\/wp\/v2\/pages\/4611\/revisions"}],"predecessor-version":[{"id":7279,"href":"https:\/\/institutos.ufrrj.br\/icsa\/wp-json\/wp\/v2\/pages\/4611\/revisions\/7279"}],"up":[{"embeddable":true,"href":"https:\/\/institutos.ufrrj.br\/icsa\/wp-json\/wp\/v2\/pages\/194"}],"wp:attachment":[{"href":"https:\/\/institutos.ufrrj.br\/icsa\/wp-json\/wp\/v2\/media?parent=4611"}],"curies":[{"name":"wp","href":"https:\/\/api.w.org\/{rel}","templated":true}]}}