{"id":4894,"date":"2022-06-22T14:14:42","date_gmt":"2022-06-22T17:14:42","guid":{"rendered":"https:\/\/institutos.ufrrj.br\/icsa\/?page_id=4894"},"modified":"2023-08-29T12:51:10","modified_gmt":"2023-08-29T15:51:10","slug":"acoes-de-extensao-2","status":"publish","type":"page","link":"https:\/\/institutos.ufrrj.br\/icsa\/dccf\/acoes-de-extensao-2\/","title":{"rendered":"A\u00e7\u00f5es de Extens\u00e3o"},"content":{"rendered":"\n<figure class=\"wp-block-image size-large is-resized\"><img loading=\"lazy\" decoding=\"async\" src=\"https:\/\/institutos.ufrrj.br\/icsa\/wp-content\/uploads\/sites\/101\/2023\/04\/Consultoria-online-2-819x1024.jpeg\" alt=\"\" class=\"wp-image-5905\" width=\"319\" height=\"399\" srcset=\"https:\/\/institutos.ufrrj.br\/icsa\/wp-content\/uploads\/sites\/101\/2023\/04\/Consultoria-online-2-819x1024.jpeg 819w, https:\/\/institutos.ufrrj.br\/icsa\/wp-content\/uploads\/sites\/101\/2023\/04\/Consultoria-online-2-240x300.jpeg 240w, https:\/\/institutos.ufrrj.br\/icsa\/wp-content\/uploads\/sites\/101\/2023\/04\/Consultoria-online-2-768x960.jpeg 768w, https:\/\/institutos.ufrrj.br\/icsa\/wp-content\/uploads\/sites\/101\/2023\/04\/Consultoria-online-2.jpeg 843w\" sizes=\"auto, (max-width: 319px) 100vw, 319px\" \/><\/figure>\n\n\n\n<p>Coordenado pela Prof\u00aa. Dr\u00aa. Heloisa Siqueira Lordello, a Consultoria online \u00e9 um projeto de extens\u00e3o vinculado ao Departamento de Ci\u00eancias Cont\u00e1beis e Finan\u00e7as (DCCF) da Universidade Federal Rural do Rio de Janeiro (Campus Serop\u00e9dica).<\/p>\n\n\n<p><strong data-rich-text-format-boundary=\"true\">E-mail:<\/strong> consultoria.ufrrj.irpf@gmail.com<\/p>\n<p><strong data-rich-text-format-boundary=\"true\">WhatsApp:<\/strong> (21) 9 94606348<\/p>\n\n\n<p><\/p>\n\n\n\n<figure class=\"wp-block-image size-large is-resized\"><img loading=\"lazy\" decoding=\"async\" src=\"https:\/\/institutos.ufrrj.br\/icsa\/wp-content\/uploads\/sites\/101\/2023\/04\/Mei-em-acao-726x1024.jpg\" alt=\"\" class=\"wp-image-5903\" width=\"315\" height=\"444\" srcset=\"https:\/\/institutos.ufrrj.br\/icsa\/wp-content\/uploads\/sites\/101\/2023\/04\/Mei-em-acao-726x1024.jpg 726w, https:\/\/institutos.ufrrj.br\/icsa\/wp-content\/uploads\/sites\/101\/2023\/04\/Mei-em-acao-213x300.jpg 213w, https:\/\/institutos.ufrrj.br\/icsa\/wp-content\/uploads\/sites\/101\/2023\/04\/Mei-em-acao-768x1083.jpg 768w, https:\/\/institutos.ufrrj.br\/icsa\/wp-content\/uploads\/sites\/101\/2023\/04\/Mei-em-acao-1090x1536.jpg 1090w, https:\/\/institutos.ufrrj.br\/icsa\/wp-content\/uploads\/sites\/101\/2023\/04\/Mei-em-acao.jpg 1135w\" sizes=\"auto, (max-width: 315px) 100vw, 315px\" \/><\/figure>\n\n\n\n<p><\/p>\n\n\n\n<p>Coordenado pela Prof\u00aa. Dr\u00aa. Heloisa Siqueira Lordello, o MEI em A\u00e7\u00e3o \u00e9 um projeto de extens\u00e3o vinculado ao Departamento de Ci\u00eancias Cont\u00e1beis e Finan\u00e7as (DCCF) da Universidade Federal Rural do Rio de Janeiro (Campus Serop\u00e9dica).<\/p>\n\n\n\n<p>Teve in\u00edcio em mar\u00e7o de 2020 e tem por objetivo dar suporte ao Microempreendedor Individual (MEI) na \u00e1rea cont\u00e1bil-financeira por meio de treinamentos, consultoria e assessoria. O projeto conta com a participa\u00e7\u00e3o dos discentes do curso de Ci\u00eancias Cont\u00e1beis e atualmente atende diversos microempreendedores individuais independentemente da localiza\u00e7\u00e3o geogr\u00e1fica.<\/p>\n\n\n\n<p>Quer saber mais? Voc\u00ea pode entrar em contato por Email e WhatsApp, ou voc\u00ea tamb\u00e9m encontra o projeto no Facebook e Instagram.<\/p>\n\n\n\n<p><strong>E-mail:<\/strong> <a href=\"mailto:meiemacao.ufrrj@gmail.com\" target=\"_blank\" rel=\"noreferrer noopener\">meiemacao.ufrrj@gmail.com<\/a><\/p>\n\n\n\n<p><strong>Instagram:<\/strong> <a href=\"http:\/\/instagram.com\/meiemacao\/\">instagram.com\/meiemacao\/<\/a><\/p>\n\n\n\n<p><strong>Facebook:<\/strong> <a href=\"https:\/\/www.facebook.com\/MEI-em-A%C3%A7%C3%A3o-103075888677144\">https:\/\/www.facebook.com\/MEI-em-A%C3%A7%C3%A3o-103075888677144<\/a><\/p>\n\n\n\n<p><strong>WhatsApp:<\/strong> (21) 9 94606348<\/p>\n","protected":false},"excerpt":{"rendered":"<p>Coordenado pela Prof\u00aa. Dr\u00aa. Heloisa Siqueira Lordello, a Consultoria online \u00e9 um projeto de extens\u00e3o vinculado ao Departamento de Ci\u00eancias <a class=\"read-more\" href=\"https:\/\/institutos.ufrrj.br\/icsa\/dccf\/acoes-de-extensao-2\/\">&#8230; <em>leia mais <\/em> <i class=\"fa fa-long-arrow-right\"><\/i><\/a><\/p>\n","protected":false},"author":44,"featured_media":0,"parent":194,"menu_order":0,"comment_status":"closed","ping_status":"closed","template":"","meta":{"_acf_changed":false,"_themeisle_gutenberg_block_has_review":false,"footnotes":"","_links_to":"","_links_to_target":""},"class_list":["post-4894","page","type-page","status-publish","hentry"],"acf":[],"yoast_head":"<!-- This site is optimized with the Yoast SEO plugin v26.8 - https:\/\/yoast.com\/product\/yoast-seo-wordpress\/ -->\n<title>A\u00e7\u00f5es de Extens\u00e3o - ICSA<\/title>\n<meta name=\"robots\" content=\"index, follow, max-snippet:-1, max-image-preview:large, max-video-preview:-1\" \/>\n<link rel=\"canonical\" href=\"https:\/\/institutos.ufrrj.br\/icsa\/dccf\/acoes-de-extensao-2\/\" \/>\n<meta property=\"og:locale\" content=\"pt_BR\" \/>\n<meta property=\"og:type\" content=\"article\" \/>\n<meta property=\"og:title\" content=\"A\u00e7\u00f5es de Extens\u00e3o - ICSA\" \/>\n<meta property=\"og:description\" content=\"Coordenado pela Prof\u00aa. Dr\u00aa. Heloisa Siqueira Lordello, a Consultoria online \u00e9 um projeto de extens\u00e3o vinculado ao Departamento de Ci\u00eancias ... leia mais\" \/>\n<meta property=\"og:url\" content=\"https:\/\/institutos.ufrrj.br\/icsa\/dccf\/acoes-de-extensao-2\/\" \/>\n<meta property=\"og:site_name\" content=\"ICSA\" \/>\n<meta property=\"article:publisher\" content=\"https:\/\/www.facebook.com\/ICSA-189767328193686\/\" \/>\n<meta property=\"article:modified_time\" content=\"2023-08-29T15:51:10+00:00\" \/>\n<meta property=\"og:image\" content=\"https:\/\/institutos.ufrrj.br\/icsa\/wp-content\/uploads\/sites\/101\/2023\/04\/Consultoria-online-2-819x1024.jpeg\" \/>\n<meta name=\"twitter:card\" content=\"summary_large_image\" \/>\n<meta name=\"twitter:label1\" content=\"Est. tempo de leitura\" \/>\n\t<meta name=\"twitter:data1\" content=\"1 minuto\" \/>\n<script type=\"application\/ld+json\" class=\"yoast-schema-graph\">{\"@context\":\"https:\/\/schema.org\",\"@graph\":[{\"@type\":\"WebPage\",\"@id\":\"https:\/\/institutos.ufrrj.br\/icsa\/dccf\/acoes-de-extensao-2\/\",\"url\":\"https:\/\/institutos.ufrrj.br\/icsa\/dccf\/acoes-de-extensao-2\/\",\"name\":\"A\u00e7\u00f5es de Extens\u00e3o - ICSA\",\"isPartOf\":{\"@id\":\"https:\/\/institutos.ufrrj.br\/icsa\/#website\"},\"primaryImageOfPage\":{\"@id\":\"https:\/\/institutos.ufrrj.br\/icsa\/dccf\/acoes-de-extensao-2\/#primaryimage\"},\"image\":{\"@id\":\"https:\/\/institutos.ufrrj.br\/icsa\/dccf\/acoes-de-extensao-2\/#primaryimage\"},\"thumbnailUrl\":\"https:\/\/institutos.ufrrj.br\/icsa\/wp-content\/uploads\/sites\/101\/2023\/04\/Consultoria-online-2-819x1024.jpeg\",\"datePublished\":\"2022-06-22T17:14:42+00:00\",\"dateModified\":\"2023-08-29T15:51:10+00:00\",\"breadcrumb\":{\"@id\":\"https:\/\/institutos.ufrrj.br\/icsa\/dccf\/acoes-de-extensao-2\/#breadcrumb\"},\"inLanguage\":\"pt-BR\",\"potentialAction\":[{\"@type\":\"ReadAction\",\"target\":[\"https:\/\/institutos.ufrrj.br\/icsa\/dccf\/acoes-de-extensao-2\/\"]}]},{\"@type\":\"ImageObject\",\"inLanguage\":\"pt-BR\",\"@id\":\"https:\/\/institutos.ufrrj.br\/icsa\/dccf\/acoes-de-extensao-2\/#primaryimage\",\"url\":\"https:\/\/institutos.ufrrj.br\/icsa\/wp-content\/uploads\/sites\/101\/2023\/04\/Consultoria-online-2.jpeg\",\"contentUrl\":\"https:\/\/institutos.ufrrj.br\/icsa\/wp-content\/uploads\/sites\/101\/2023\/04\/Consultoria-online-2.jpeg\",\"width\":843,\"height\":1054},{\"@type\":\"BreadcrumbList\",\"@id\":\"https:\/\/institutos.ufrrj.br\/icsa\/dccf\/acoes-de-extensao-2\/#breadcrumb\",\"itemListElement\":[{\"@type\":\"ListItem\",\"position\":1,\"name\":\"In\u00edcio\",\"item\":\"https:\/\/institutos.ufrrj.br\/icsa\/\"},{\"@type\":\"ListItem\",\"position\":2,\"name\":\"CI\u00caNCIAS CONT\u00c1BEIS E FINAN\u00c7AS (DCCF)\",\"item\":\"https:\/\/institutos.ufrrj.br\/icsa\/dccf\/\"},{\"@type\":\"ListItem\",\"position\":3,\"name\":\"A\u00e7\u00f5es de Extens\u00e3o\"}]},{\"@type\":\"WebSite\",\"@id\":\"https:\/\/institutos.ufrrj.br\/icsa\/#website\",\"url\":\"https:\/\/institutos.ufrrj.br\/icsa\/\",\"name\":\"ICSA\",\"description\":\"Institutos de Ci\u00eancias Sociais Aplicadas\",\"publisher\":{\"@id\":\"https:\/\/institutos.ufrrj.br\/icsa\/#organization\"},\"potentialAction\":[{\"@type\":\"SearchAction\",\"target\":{\"@type\":\"EntryPoint\",\"urlTemplate\":\"https:\/\/institutos.ufrrj.br\/icsa\/?s={search_term_string}\"},\"query-input\":{\"@type\":\"PropertyValueSpecification\",\"valueRequired\":true,\"valueName\":\"search_term_string\"}}],\"inLanguage\":\"pt-BR\"},{\"@type\":\"Organization\",\"@id\":\"https:\/\/institutos.ufrrj.br\/icsa\/#organization\",\"name\":\"ICSA\",\"url\":\"https:\/\/institutos.ufrrj.br\/icsa\/\",\"logo\":{\"@type\":\"ImageObject\",\"inLanguage\":\"pt-BR\",\"@id\":\"https:\/\/institutos.ufrrj.br\/icsa\/#\/schema\/logo\/image\/\",\"url\":\"https:\/\/institutos.ufrrj.br\/icsa\/wp-content\/uploads\/sites\/101\/2023\/10\/logo_icsa_cor_horz_01-4-1.png\",\"contentUrl\":\"https:\/\/institutos.ufrrj.br\/icsa\/wp-content\/uploads\/sites\/101\/2023\/10\/logo_icsa_cor_horz_01-4-1.png\",\"width\":300,\"height\":101,\"caption\":\"ICSA\"},\"image\":{\"@id\":\"https:\/\/institutos.ufrrj.br\/icsa\/#\/schema\/logo\/image\/\"},\"sameAs\":[\"https:\/\/www.facebook.com\/ICSA-189767328193686\/\",\"https:\/\/www.instagram.com\/icsa.ufrrj\/\",\"https:\/\/www.youtube.com\/@icsaufrrj\"]}]}<\/script>\n<!-- \/ Yoast SEO plugin. -->","yoast_head_json":{"title":"A\u00e7\u00f5es de Extens\u00e3o - ICSA","robots":{"index":"index","follow":"follow","max-snippet":"max-snippet:-1","max-image-preview":"max-image-preview:large","max-video-preview":"max-video-preview:-1"},"canonical":"https:\/\/institutos.ufrrj.br\/icsa\/dccf\/acoes-de-extensao-2\/","og_locale":"pt_BR","og_type":"article","og_title":"A\u00e7\u00f5es de Extens\u00e3o - ICSA","og_description":"Coordenado pela Prof\u00aa. Dr\u00aa. Heloisa Siqueira Lordello, a Consultoria online \u00e9 um projeto de extens\u00e3o vinculado ao Departamento de Ci\u00eancias ... leia mais","og_url":"https:\/\/institutos.ufrrj.br\/icsa\/dccf\/acoes-de-extensao-2\/","og_site_name":"ICSA","article_publisher":"https:\/\/www.facebook.com\/ICSA-189767328193686\/","article_modified_time":"2023-08-29T15:51:10+00:00","og_image":[{"url":"https:\/\/institutos.ufrrj.br\/icsa\/wp-content\/uploads\/sites\/101\/2023\/04\/Consultoria-online-2-819x1024.jpeg","type":"","width":"","height":""}],"twitter_card":"summary_large_image","twitter_misc":{"Est. tempo de leitura":"1 minuto"},"schema":{"@context":"https:\/\/schema.org","@graph":[{"@type":"WebPage","@id":"https:\/\/institutos.ufrrj.br\/icsa\/dccf\/acoes-de-extensao-2\/","url":"https:\/\/institutos.ufrrj.br\/icsa\/dccf\/acoes-de-extensao-2\/","name":"A\u00e7\u00f5es de Extens\u00e3o - ICSA","isPartOf":{"@id":"https:\/\/institutos.ufrrj.br\/icsa\/#website"},"primaryImageOfPage":{"@id":"https:\/\/institutos.ufrrj.br\/icsa\/dccf\/acoes-de-extensao-2\/#primaryimage"},"image":{"@id":"https:\/\/institutos.ufrrj.br\/icsa\/dccf\/acoes-de-extensao-2\/#primaryimage"},"thumbnailUrl":"https:\/\/institutos.ufrrj.br\/icsa\/wp-content\/uploads\/sites\/101\/2023\/04\/Consultoria-online-2-819x1024.jpeg","datePublished":"2022-06-22T17:14:42+00:00","dateModified":"2023-08-29T15:51:10+00:00","breadcrumb":{"@id":"https:\/\/institutos.ufrrj.br\/icsa\/dccf\/acoes-de-extensao-2\/#breadcrumb"},"inLanguage":"pt-BR","potentialAction":[{"@type":"ReadAction","target":["https:\/\/institutos.ufrrj.br\/icsa\/dccf\/acoes-de-extensao-2\/"]}]},{"@type":"ImageObject","inLanguage":"pt-BR","@id":"https:\/\/institutos.ufrrj.br\/icsa\/dccf\/acoes-de-extensao-2\/#primaryimage","url":"https:\/\/institutos.ufrrj.br\/icsa\/wp-content\/uploads\/sites\/101\/2023\/04\/Consultoria-online-2.jpeg","contentUrl":"https:\/\/institutos.ufrrj.br\/icsa\/wp-content\/uploads\/sites\/101\/2023\/04\/Consultoria-online-2.jpeg","width":843,"height":1054},{"@type":"BreadcrumbList","@id":"https:\/\/institutos.ufrrj.br\/icsa\/dccf\/acoes-de-extensao-2\/#breadcrumb","itemListElement":[{"@type":"ListItem","position":1,"name":"In\u00edcio","item":"https:\/\/institutos.ufrrj.br\/icsa\/"},{"@type":"ListItem","position":2,"name":"CI\u00caNCIAS CONT\u00c1BEIS E FINAN\u00c7AS (DCCF)","item":"https:\/\/institutos.ufrrj.br\/icsa\/dccf\/"},{"@type":"ListItem","position":3,"name":"A\u00e7\u00f5es de Extens\u00e3o"}]},{"@type":"WebSite","@id":"https:\/\/institutos.ufrrj.br\/icsa\/#website","url":"https:\/\/institutos.ufrrj.br\/icsa\/","name":"ICSA","description":"Institutos de Ci\u00eancias Sociais Aplicadas","publisher":{"@id":"https:\/\/institutos.ufrrj.br\/icsa\/#organization"},"potentialAction":[{"@type":"SearchAction","target":{"@type":"EntryPoint","urlTemplate":"https:\/\/institutos.ufrrj.br\/icsa\/?s={search_term_string}"},"query-input":{"@type":"PropertyValueSpecification","valueRequired":true,"valueName":"search_term_string"}}],"inLanguage":"pt-BR"},{"@type":"Organization","@id":"https:\/\/institutos.ufrrj.br\/icsa\/#organization","name":"ICSA","url":"https:\/\/institutos.ufrrj.br\/icsa\/","logo":{"@type":"ImageObject","inLanguage":"pt-BR","@id":"https:\/\/institutos.ufrrj.br\/icsa\/#\/schema\/logo\/image\/","url":"https:\/\/institutos.ufrrj.br\/icsa\/wp-content\/uploads\/sites\/101\/2023\/10\/logo_icsa_cor_horz_01-4-1.png","contentUrl":"https:\/\/institutos.ufrrj.br\/icsa\/wp-content\/uploads\/sites\/101\/2023\/10\/logo_icsa_cor_horz_01-4-1.png","width":300,"height":101,"caption":"ICSA"},"image":{"@id":"https:\/\/institutos.ufrrj.br\/icsa\/#\/schema\/logo\/image\/"},"sameAs":["https:\/\/www.facebook.com\/ICSA-189767328193686\/","https:\/\/www.instagram.com\/icsa.ufrrj\/","https:\/\/www.youtube.com\/@icsaufrrj"]}]}},"_links":{"self":[{"href":"https:\/\/institutos.ufrrj.br\/icsa\/wp-json\/wp\/v2\/pages\/4894","targetHints":{"allow":["GET"]}}],"collection":[{"href":"https:\/\/institutos.ufrrj.br\/icsa\/wp-json\/wp\/v2\/pages"}],"about":[{"href":"https:\/\/institutos.ufrrj.br\/icsa\/wp-json\/wp\/v2\/types\/page"}],"author":[{"embeddable":true,"href":"https:\/\/institutos.ufrrj.br\/icsa\/wp-json\/wp\/v2\/users\/44"}],"replies":[{"embeddable":true,"href":"https:\/\/institutos.ufrrj.br\/icsa\/wp-json\/wp\/v2\/comments?post=4894"}],"version-history":[{"count":8,"href":"https:\/\/institutos.ufrrj.br\/icsa\/wp-json\/wp\/v2\/pages\/4894\/revisions"}],"predecessor-version":[{"id":6360,"href":"https:\/\/institutos.ufrrj.br\/icsa\/wp-json\/wp\/v2\/pages\/4894\/revisions\/6360"}],"up":[{"embeddable":true,"href":"https:\/\/institutos.ufrrj.br\/icsa\/wp-json\/wp\/v2\/pages\/194"}],"wp:attachment":[{"href":"https:\/\/institutos.ufrrj.br\/icsa\/wp-json\/wp\/v2\/media?parent=4894"}],"curies":[{"name":"wp","href":"https:\/\/api.w.org\/{rel}","templated":true}]}}