{"id":6603,"date":"2023-09-19T16:03:45","date_gmt":"2023-09-19T19:03:45","guid":{"rendered":"https:\/\/institutos.ufrrj.br\/icsa\/?page_id=6603"},"modified":"2024-01-23T14:54:23","modified_gmt":"2024-01-23T17:54:23","slug":"oficinas","status":"publish","type":"page","link":"https:\/\/institutos.ufrrj.br\/icsa\/oficinas\/","title":{"rendered":"OFICINAS E EVENTOS"},"content":{"rendered":"\n<p><\/p>\n\n\n\n<p>As oficinas pedag\u00f3gicas se evidenciam como um plano de trabalho da Dire\u00e7\u00e3o ICSA 2023\/2027 a ser executado em periodicidades acordadas entre docentes, discentes e t\u00e9cnicos-administrativos do Instituto de Ci\u00eancias Sociais Aplicadas. A priori, essas atividades levar\u00e3o em considera\u00e7\u00e3o a necessidade deste p\u00fablico-alvo frente \u00e0s m\u00e9tricas de ensino, pesquisa, extens\u00e3o e ritos administrativos que permeiam suas responsabilidades e afazeres. N\u00e3o obstante, tais pr\u00e1ticas poder\u00e3o, por exemplo: prover a atualiza\u00e7\u00e3o das compet\u00eancias did\u00e1ticas do corpo docente de nosso Instituto por meio de metodologias de ensino mais ativas e participativas, lastreadas nos princ\u00edpios de uma aprendizagem significativa baseada em problemas; garantir \u00e0 comunidade ICSA uma aprendizagem assertiva acerca de metodologias de pesquisa inovadoras e do uso de softwares de pesquisa que potencializem o grau de relev\u00e2ncia e assertividade de seus estudos cient\u00edficos. <\/p>\n\n\n\n<p>Do ponto de vista dos eventos, tais atividades buscam atender uma demanda exigida para os processos de reconhecimento e renova\u00e7\u00e3o do reconhecimento institu\u00eddos pelo Sistema Nacional de Avalia\u00e7\u00e3o da Educa\u00e7\u00e3o Superior (SINAES), por meio do instrumento de avalia\u00e7\u00e3o dos cursos de gradua\u00e7\u00e3o presencial e \u00e0 dist\u00e2ncia. Neste documento, observa-se a exposi\u00e7\u00e3o de tem\u00e1ticas relevantes para a forma\u00e7\u00e3o dos estudantes, entre estas: pol\u00edticas de educa\u00e7\u00e3o ambiental, de educa\u00e7\u00e3o em direitos humanos e de educa\u00e7\u00e3o das rela\u00e7\u00f5es \u00e9tnico-raciais e o ensino de hist\u00f3ria e cultura afro-brasileira, africana e ind\u00edgena. Desse modo, parte das programa\u00e7\u00f5es destes eventos \u00e9 voltada para este escopo social relevante. <\/p>\n\n\n\n<p>Outra modalidade trabalhada \u00e9 a Feira de Est\u00e1gio do ICSA UFRRJ. A priori, este evento tem como inten\u00e7\u00e3o o estreitamento de la\u00e7os entre as empresas fluminenses e os discentes dos cursos lotados no ICSA. Para estes, a feira se apresenta como uma relevante oportunidade para ampliarem seus networks, bem como participarem de um processo seletivo que sem d\u00favida corroborar\u00e1 para seus amadurecimentos profissionais. J\u00e1 para o segmento empresarial, este evento surge como uma oportunidade de captarem estagi\u00e1rios que se encontram no in\u00edcio de uma elevada qualifica\u00e7\u00e3o ofertada por uma institui\u00e7\u00e3o de ensino superior p\u00fablico e federal. Dessa maneira, a Feira de Est\u00e1gio do ICSA da UFRRJ assumir\u00e1 um car\u00e1ter c\u00edclico, sempre ocorrendo segundo per\u00edodo letivo. <\/p>\n\n\n\n<p>Com estes aspectos esclarecidos, apresentamos aqui a lista de a\u00e7\u00f5es executadas neste escopo:<\/p>\n","protected":false},"excerpt":{"rendered":"<p>As oficinas pedag\u00f3gicas se evidenciam como um plano de trabalho da Dire\u00e7\u00e3o ICSA 2023\/2027 a ser executado em periodicidades acordadas <a class=\"read-more\" href=\"https:\/\/institutos.ufrrj.br\/icsa\/oficinas\/\">&#8230; <em>leia mais <\/em> <i class=\"fa fa-long-arrow-right\"><\/i><\/a><\/p>\n","protected":false},"author":89,"featured_media":0,"parent":0,"menu_order":0,"comment_status":"closed","ping_status":"closed","template":"","meta":{"_acf_changed":false,"_themeisle_gutenberg_block_has_review":false,"footnotes":"","_links_to":"","_links_to_target":""},"class_list":["post-6603","page","type-page","status-publish","hentry"],"acf":[],"yoast_head":"<!-- This site is optimized with the Yoast SEO plugin v26.8 - https:\/\/yoast.com\/product\/yoast-seo-wordpress\/ -->\n<title>OFICINAS E EVENTOS - ICSA<\/title>\n<meta name=\"robots\" content=\"index, follow, max-snippet:-1, max-image-preview:large, max-video-preview:-1\" \/>\n<link rel=\"canonical\" href=\"https:\/\/institutos.ufrrj.br\/icsa\/oficinas\/\" \/>\n<meta property=\"og:locale\" content=\"pt_BR\" \/>\n<meta property=\"og:type\" content=\"article\" \/>\n<meta property=\"og:title\" content=\"OFICINAS E EVENTOS - ICSA\" \/>\n<meta property=\"og:description\" content=\"As oficinas pedag\u00f3gicas se evidenciam como um plano de trabalho da Dire\u00e7\u00e3o ICSA 2023\/2027 a ser executado em periodicidades acordadas ... leia mais\" \/>\n<meta property=\"og:url\" content=\"https:\/\/institutos.ufrrj.br\/icsa\/oficinas\/\" \/>\n<meta property=\"og:site_name\" content=\"ICSA\" \/>\n<meta property=\"article:publisher\" content=\"https:\/\/www.facebook.com\/ICSA-189767328193686\/\" \/>\n<meta property=\"article:modified_time\" content=\"2024-01-23T17:54:23+00:00\" \/>\n<meta name=\"twitter:card\" content=\"summary_large_image\" \/>\n<meta name=\"twitter:label1\" content=\"Est. tempo de leitura\" \/>\n\t<meta name=\"twitter:data1\" content=\"2 minutos\" \/>\n<script type=\"application\/ld+json\" class=\"yoast-schema-graph\">{\"@context\":\"https:\/\/schema.org\",\"@graph\":[{\"@type\":\"WebPage\",\"@id\":\"https:\/\/institutos.ufrrj.br\/icsa\/oficinas\/\",\"url\":\"https:\/\/institutos.ufrrj.br\/icsa\/oficinas\/\",\"name\":\"OFICINAS E EVENTOS - ICSA\",\"isPartOf\":{\"@id\":\"https:\/\/institutos.ufrrj.br\/icsa\/#website\"},\"datePublished\":\"2023-09-19T19:03:45+00:00\",\"dateModified\":\"2024-01-23T17:54:23+00:00\",\"breadcrumb\":{\"@id\":\"https:\/\/institutos.ufrrj.br\/icsa\/oficinas\/#breadcrumb\"},\"inLanguage\":\"pt-BR\",\"potentialAction\":[{\"@type\":\"ReadAction\",\"target\":[\"https:\/\/institutos.ufrrj.br\/icsa\/oficinas\/\"]}]},{\"@type\":\"BreadcrumbList\",\"@id\":\"https:\/\/institutos.ufrrj.br\/icsa\/oficinas\/#breadcrumb\",\"itemListElement\":[{\"@type\":\"ListItem\",\"position\":1,\"name\":\"In\u00edcio\",\"item\":\"https:\/\/institutos.ufrrj.br\/icsa\/\"},{\"@type\":\"ListItem\",\"position\":2,\"name\":\"OFICINAS E EVENTOS\"}]},{\"@type\":\"WebSite\",\"@id\":\"https:\/\/institutos.ufrrj.br\/icsa\/#website\",\"url\":\"https:\/\/institutos.ufrrj.br\/icsa\/\",\"name\":\"ICSA\",\"description\":\"Institutos de Ci\u00eancias Sociais Aplicadas\",\"publisher\":{\"@id\":\"https:\/\/institutos.ufrrj.br\/icsa\/#organization\"},\"potentialAction\":[{\"@type\":\"SearchAction\",\"target\":{\"@type\":\"EntryPoint\",\"urlTemplate\":\"https:\/\/institutos.ufrrj.br\/icsa\/?s={search_term_string}\"},\"query-input\":{\"@type\":\"PropertyValueSpecification\",\"valueRequired\":true,\"valueName\":\"search_term_string\"}}],\"inLanguage\":\"pt-BR\"},{\"@type\":\"Organization\",\"@id\":\"https:\/\/institutos.ufrrj.br\/icsa\/#organization\",\"name\":\"ICSA\",\"url\":\"https:\/\/institutos.ufrrj.br\/icsa\/\",\"logo\":{\"@type\":\"ImageObject\",\"inLanguage\":\"pt-BR\",\"@id\":\"https:\/\/institutos.ufrrj.br\/icsa\/#\/schema\/logo\/image\/\",\"url\":\"https:\/\/institutos.ufrrj.br\/icsa\/wp-content\/uploads\/sites\/101\/2023\/10\/logo_icsa_cor_horz_01-4-1.png\",\"contentUrl\":\"https:\/\/institutos.ufrrj.br\/icsa\/wp-content\/uploads\/sites\/101\/2023\/10\/logo_icsa_cor_horz_01-4-1.png\",\"width\":300,\"height\":101,\"caption\":\"ICSA\"},\"image\":{\"@id\":\"https:\/\/institutos.ufrrj.br\/icsa\/#\/schema\/logo\/image\/\"},\"sameAs\":[\"https:\/\/www.facebook.com\/ICSA-189767328193686\/\",\"https:\/\/www.instagram.com\/icsa.ufrrj\/\",\"https:\/\/www.youtube.com\/@icsaufrrj\"]}]}<\/script>\n<!-- \/ Yoast SEO plugin. -->","yoast_head_json":{"title":"OFICINAS E EVENTOS - ICSA","robots":{"index":"index","follow":"follow","max-snippet":"max-snippet:-1","max-image-preview":"max-image-preview:large","max-video-preview":"max-video-preview:-1"},"canonical":"https:\/\/institutos.ufrrj.br\/icsa\/oficinas\/","og_locale":"pt_BR","og_type":"article","og_title":"OFICINAS E EVENTOS - ICSA","og_description":"As oficinas pedag\u00f3gicas se evidenciam como um plano de trabalho da Dire\u00e7\u00e3o ICSA 2023\/2027 a ser executado em periodicidades acordadas ... leia mais","og_url":"https:\/\/institutos.ufrrj.br\/icsa\/oficinas\/","og_site_name":"ICSA","article_publisher":"https:\/\/www.facebook.com\/ICSA-189767328193686\/","article_modified_time":"2024-01-23T17:54:23+00:00","twitter_card":"summary_large_image","twitter_misc":{"Est. tempo de leitura":"2 minutos"},"schema":{"@context":"https:\/\/schema.org","@graph":[{"@type":"WebPage","@id":"https:\/\/institutos.ufrrj.br\/icsa\/oficinas\/","url":"https:\/\/institutos.ufrrj.br\/icsa\/oficinas\/","name":"OFICINAS E EVENTOS - ICSA","isPartOf":{"@id":"https:\/\/institutos.ufrrj.br\/icsa\/#website"},"datePublished":"2023-09-19T19:03:45+00:00","dateModified":"2024-01-23T17:54:23+00:00","breadcrumb":{"@id":"https:\/\/institutos.ufrrj.br\/icsa\/oficinas\/#breadcrumb"},"inLanguage":"pt-BR","potentialAction":[{"@type":"ReadAction","target":["https:\/\/institutos.ufrrj.br\/icsa\/oficinas\/"]}]},{"@type":"BreadcrumbList","@id":"https:\/\/institutos.ufrrj.br\/icsa\/oficinas\/#breadcrumb","itemListElement":[{"@type":"ListItem","position":1,"name":"In\u00edcio","item":"https:\/\/institutos.ufrrj.br\/icsa\/"},{"@type":"ListItem","position":2,"name":"OFICINAS E EVENTOS"}]},{"@type":"WebSite","@id":"https:\/\/institutos.ufrrj.br\/icsa\/#website","url":"https:\/\/institutos.ufrrj.br\/icsa\/","name":"ICSA","description":"Institutos de Ci\u00eancias Sociais Aplicadas","publisher":{"@id":"https:\/\/institutos.ufrrj.br\/icsa\/#organization"},"potentialAction":[{"@type":"SearchAction","target":{"@type":"EntryPoint","urlTemplate":"https:\/\/institutos.ufrrj.br\/icsa\/?s={search_term_string}"},"query-input":{"@type":"PropertyValueSpecification","valueRequired":true,"valueName":"search_term_string"}}],"inLanguage":"pt-BR"},{"@type":"Organization","@id":"https:\/\/institutos.ufrrj.br\/icsa\/#organization","name":"ICSA","url":"https:\/\/institutos.ufrrj.br\/icsa\/","logo":{"@type":"ImageObject","inLanguage":"pt-BR","@id":"https:\/\/institutos.ufrrj.br\/icsa\/#\/schema\/logo\/image\/","url":"https:\/\/institutos.ufrrj.br\/icsa\/wp-content\/uploads\/sites\/101\/2023\/10\/logo_icsa_cor_horz_01-4-1.png","contentUrl":"https:\/\/institutos.ufrrj.br\/icsa\/wp-content\/uploads\/sites\/101\/2023\/10\/logo_icsa_cor_horz_01-4-1.png","width":300,"height":101,"caption":"ICSA"},"image":{"@id":"https:\/\/institutos.ufrrj.br\/icsa\/#\/schema\/logo\/image\/"},"sameAs":["https:\/\/www.facebook.com\/ICSA-189767328193686\/","https:\/\/www.instagram.com\/icsa.ufrrj\/","https:\/\/www.youtube.com\/@icsaufrrj"]}]}},"_links":{"self":[{"href":"https:\/\/institutos.ufrrj.br\/icsa\/wp-json\/wp\/v2\/pages\/6603","targetHints":{"allow":["GET"]}}],"collection":[{"href":"https:\/\/institutos.ufrrj.br\/icsa\/wp-json\/wp\/v2\/pages"}],"about":[{"href":"https:\/\/institutos.ufrrj.br\/icsa\/wp-json\/wp\/v2\/types\/page"}],"author":[{"embeddable":true,"href":"https:\/\/institutos.ufrrj.br\/icsa\/wp-json\/wp\/v2\/users\/89"}],"replies":[{"embeddable":true,"href":"https:\/\/institutos.ufrrj.br\/icsa\/wp-json\/wp\/v2\/comments?post=6603"}],"version-history":[{"count":8,"href":"https:\/\/institutos.ufrrj.br\/icsa\/wp-json\/wp\/v2\/pages\/6603\/revisions"}],"predecessor-version":[{"id":7056,"href":"https:\/\/institutos.ufrrj.br\/icsa\/wp-json\/wp\/v2\/pages\/6603\/revisions\/7056"}],"wp:attachment":[{"href":"https:\/\/institutos.ufrrj.br\/icsa\/wp-json\/wp\/v2\/media?parent=6603"}],"curies":[{"name":"wp","href":"https:\/\/api.w.org\/{rel}","templated":true}]}}