{"id":208,"date":"2014-12-02T13:06:51","date_gmt":"2014-12-02T13:06:51","guid":{"rendered":"http:\/\/institutos.ufrrj.br\/if\/?page_id=208"},"modified":"2019-01-23T18:04:54","modified_gmt":"2019-01-23T18:04:54","slug":"pos-graduacao-dca","status":"publish","type":"page","link":"https:\/\/institutos.ufrrj.br\/if\/departamento-de-ciencias-ambientais\/disciplinas-dca\/pos-graduacao-dca\/","title":{"rendered":"P\u00f3s-Gradua\u00e7\u00e3o (DCA)"},"content":{"rendered":"<table>\n<tbody>\n<tr>\n<td colspan=\"2\" width=\"576\">\n<p style=\"text-align: center\">Disciplinas de P\u00f3s-Gradua\u00e7\u00e3o do Departamento de Ci\u00eancias Ambientais<\/p>\n<\/td>\n<\/tr>\n<tr>\n<td width=\"102\">\n<p>C\u00f3digo<\/p>\n<\/td>\n<td width=\"475\">\n<p>Disciplinas<\/p>\n<\/td>\n<\/tr>\n<tr>\n<td colspan=\"2\" width=\"576\">\u00a0<\/td>\n<\/tr>\n<tr>\n<td width=\"102\">\n<p>IF 1101<\/p>\n<\/td>\n<td width=\"475\">\n<p><a href=\"http:\/\/r1.ufrrj.br\/wp\/ppgcaf\/wp-content\/uploads\/IF%201101%20Ecologia%20de%20Popula%C3%A7%C3%B5es(1).pdf\">Ecologia de Popula\u00e7\u00f5es<\/a><\/p>\n<\/td>\n<\/tr>\n<tr>\n<td width=\"102\">\n<p>IF 1103<\/p>\n<\/td>\n<td width=\"475\">\n<p><a href=\"http:\/\/r1.ufrrj.br\/wp\/ppgcaf\/wp-content\/uploads\/IF%201103%20Manejos%20de%20Bacias%20Hidrogr%C3%A1ficas(1).pdf\">Manejos de Bacias Hidrogr\u00e1ficas<\/a><\/p>\n<\/td>\n<\/tr>\n<tr>\n<td width=\"102\">\n<p>IF 1104<\/p>\n<\/td>\n<td width=\"475\">\n<p><a href=\"http:\/\/r1.ufrrj.br\/wp\/ppgcaf\/wp-content\/uploads\/IF%201100%20T%C3%B3p_%20Esp_%20Climatologia(1).pdf\">T\u00f3picos em Climatologia<\/a><\/p>\n<\/td>\n<\/tr>\n<tr>\n<td width=\"102\">\n<p>IF 1105<\/p>\n<\/td>\n<td width=\"475\">\n<p><a href=\"http:\/\/r1.ufrrj.br\/wp\/ppgcaf\/wp-content\/uploads\/IF%201105%20Florestas%20Urbanas(1).pdf\">Florestas Urbanas<\/a><\/p>\n<\/td>\n<\/tr>\n<tr>\n<td width=\"102\">\n<p>IF 1108<\/p>\n<\/td>\n<td width=\"475\">\n<p><a href=\"http:\/\/r1.ufrrj.br\/wp\/ppgcaf\/wp-content\/uploads\/IF%201108%20%C3%8Dndices%20ecol%C3%B3gicos%20e%20an%C3%A1lise%20multivariada(1).pdf\">\u00cdndices ecol\u00f3gicos e An\u00e1lise Multivariada<\/a><\/p>\n<\/td>\n<\/tr>\n<tr>\n<td width=\"102\">\n<p>IF 1109<\/p>\n<\/td>\n<td width=\"475\">\n<p><a href=\"http:\/\/r1.ufrrj.br\/wp\/ppgcaf\/wp-content\/uploads\/IF%201109%20Ecossistemas%20aqu%C3%A1ticos%20-%20ecologia%20e%20Din%C3%A2mica(1).pdf\">Ecossistemas Aqu\u00e1ticos: Ecologia e Din\u00e2mica<\/a><\/p>\n<\/td>\n<\/tr>\n<tr>\n<td width=\"102\">\n<p>IF 1129<\/p>\n<\/td>\n<td width=\"475\">\n<p><a href=\"http:\/\/r1.ufrrj.br\/wp\/ppgcaf\/wp-content\/uploads\/IF%201119%20Ecologia%20da%20Rizosfera(1).pdf\">Ecologia da Rizosfera<\/a><\/p>\n<\/td>\n<\/tr>\n<tr>\n<td width=\"102\">\n<p>IF 1131<\/p>\n<\/td>\n<td width=\"475\">\n<p><a href=\"http:\/\/r1.ufrrj.br\/wp\/ppgcaf\/wp-content\/uploads\/IF%201131%20Estudos%20de%20Problemas%20S%C3%B3cio%20Ambientais(1).pdf\">Estudos e Problemas S\u00f3cio ambientais<\/a><\/p>\n<\/td>\n<\/tr>\n<tr>\n<td width=\"102\">\n<p>IF 1134<\/p>\n<\/td>\n<td width=\"475\">\n<p><a href=\"http:\/\/r1.ufrrj.br\/wp\/ppgcaf\/wp-content\/uploads\/IF%201134%20Ecossistemologia(1).pdf\">Ecossistemologia<\/a><\/p>\n<\/td>\n<\/tr>\n<tr>\n<td width=\"102\">\n<p>IF 1136<\/p>\n<\/td>\n<td width=\"475\">\n<p><a href=\"http:\/\/r1.ufrrj.br\/wp\/ppgcaf\/wp-content\/uploads\/IF%201136%20Ecologia%20de%20Campo(1).pdf\">Ecologia de Campo<\/a><\/p>\n<\/td>\n<\/tr>\n<tr>\n<td width=\"102\">\n<p>IF 1137<\/p>\n<\/td>\n<td width=\"475\">\n<p><a href=\"http:\/\/r1.ufrrj.br\/wp\/ppgcaf\/wp-content\/uploads\/IF%201137%20Ecologia%20Hist%C3%B3rica%20e%20Hist%C3%B3ria%20Ambiental(1).pdf\">Ecologia Hist\u00f3rica e Hist\u00f3ria Ambiental<\/a><\/p>\n<\/td>\n<\/tr>\n<tr>\n<td width=\"102\">\n<p>IF 1156<\/p>\n<\/td>\n<td width=\"475\">\n<p><a href=\"http:\/\/r1.ufrrj.br\/wp\/ppgcaf\/wp-content\/uploads\/IF%201156%20Pol%C3%ADtica%20e%20Gest%C3%A3o%20Ambiental(1).pdf\">Pol\u00edtica e Gest\u00e3o Ambiental<\/a><\/p>\n<\/td>\n<\/tr>\n<tr>\n<td width=\"102\">\n<p>IF 1157<\/p>\n<\/td>\n<td width=\"475\">\n<p><a href=\"http:\/\/r1.ufrrj.br\/wp\/ppgcaf\/wp-content\/uploads\/IF%201157%20Gest%C3%A3o%20da%20biodiversidade(1).pdf\">Gest\u00e3o da Biodiversidade<\/a><\/p>\n<\/td>\n<\/tr>\n<tr>\n<td width=\"102\">\n<p>IF 1158<\/p>\n<\/td>\n<td width=\"475\">\n<p><a href=\"http:\/\/r1.ufrrj.br\/wp\/ppgcaf\/wp-content\/uploads\/IF%201158%20Mudan%C3%A7as%20Clim%C3%A1ticas%20Globais(1).pdf\">Mudan\u00e7as Clim\u00e1ticas Globais<\/a><\/p>\n<\/td>\n<\/tr>\n<\/tbody>\n<\/table>\n","protected":false},"excerpt":{"rendered":"<p>Disciplinas de P\u00f3s-Gradua\u00e7\u00e3o do Departamento de Ci\u00eancias Ambientais C\u00f3digo Disciplinas \u00a0 IF 1101 Ecologia de Popula\u00e7\u00f5es IF 1103 Manejos de Bacias Hidrogr\u00e1ficas [&hellip;]<\/p>\n","protected":false},"author":8,"featured_media":0,"parent":269,"menu_order":0,"comment_status":"open","ping_status":"closed","template":"","meta":{"_acf_changed":false,"ngg_post_thumbnail":0,"_themeisle_gutenberg_block_has_review":false,"footnotes":"","_links_to":"","_links_to_target":""},"class_list":["post-208","page","type-page","status-publish","hentry"],"acf":[],"yoast_head":"<!-- This site is optimized with the Yoast SEO plugin v26.8 - https:\/\/yoast.com\/product\/yoast-seo-wordpress\/ -->\n<title>P\u00f3s-Gradua\u00e7\u00e3o (DCA) - IF<\/title>\n<meta name=\"robots\" content=\"index, follow, max-snippet:-1, max-image-preview:large, max-video-preview:-1\" \/>\n<link rel=\"canonical\" href=\"https:\/\/institutos.ufrrj.br\/if\/departamento-de-ciencias-ambientais\/disciplinas-dca\/pos-graduacao-dca\/\" \/>\n<meta property=\"og:locale\" content=\"pt_BR\" \/>\n<meta property=\"og:type\" content=\"article\" \/>\n<meta property=\"og:title\" content=\"P\u00f3s-Gradua\u00e7\u00e3o (DCA) - IF\" \/>\n<meta property=\"og:description\" content=\"Disciplinas de P\u00f3s-Gradua\u00e7\u00e3o do Departamento de Ci\u00eancias Ambientais C\u00f3digo Disciplinas \u00a0 IF 1101 Ecologia de Popula\u00e7\u00f5es IF 1103 Manejos de Bacias Hidrogr\u00e1ficas [&hellip;]\" \/>\n<meta property=\"og:url\" content=\"https:\/\/institutos.ufrrj.br\/if\/departamento-de-ciencias-ambientais\/disciplinas-dca\/pos-graduacao-dca\/\" \/>\n<meta property=\"og:site_name\" content=\"IF\" \/>\n<meta property=\"article:modified_time\" content=\"2019-01-23T18:04:54+00:00\" \/>\n<meta name=\"twitter:card\" content=\"summary_large_image\" \/>\n<script type=\"application\/ld+json\" class=\"yoast-schema-graph\">{\"@context\":\"https:\/\/schema.org\",\"@graph\":[{\"@type\":\"WebPage\",\"@id\":\"https:\/\/institutos.ufrrj.br\/if\/departamento-de-ciencias-ambientais\/disciplinas-dca\/pos-graduacao-dca\/\",\"url\":\"https:\/\/institutos.ufrrj.br\/if\/departamento-de-ciencias-ambientais\/disciplinas-dca\/pos-graduacao-dca\/\",\"name\":\"P\u00f3s-Gradua\u00e7\u00e3o (DCA) - IF\",\"isPartOf\":{\"@id\":\"https:\/\/institutos.ufrrj.br\/if\/#website\"},\"datePublished\":\"2014-12-02T13:06:51+00:00\",\"dateModified\":\"2019-01-23T18:04:54+00:00\",\"breadcrumb\":{\"@id\":\"https:\/\/institutos.ufrrj.br\/if\/departamento-de-ciencias-ambientais\/disciplinas-dca\/pos-graduacao-dca\/#breadcrumb\"},\"inLanguage\":\"pt-BR\",\"potentialAction\":[{\"@type\":\"ReadAction\",\"target\":[\"https:\/\/institutos.ufrrj.br\/if\/departamento-de-ciencias-ambientais\/disciplinas-dca\/pos-graduacao-dca\/\"]}]},{\"@type\":\"BreadcrumbList\",\"@id\":\"https:\/\/institutos.ufrrj.br\/if\/departamento-de-ciencias-ambientais\/disciplinas-dca\/pos-graduacao-dca\/#breadcrumb\",\"itemListElement\":[{\"@type\":\"ListItem\",\"position\":1,\"name\":\"In\u00edcio\",\"item\":\"https:\/\/institutos.ufrrj.br\/if\/\"},{\"@type\":\"ListItem\",\"position\":2,\"name\":\"Departamento de Ci\u00eancias Ambientais\",\"item\":\"https:\/\/institutos.ufrrj.br\/if\/departamento-de-ciencias-ambientais\/\"},{\"@type\":\"ListItem\",\"position\":3,\"name\":\"Disciplinas (DCA)\",\"item\":\"https:\/\/institutos.ufrrj.br\/if\/departamento-de-ciencias-ambientais\/disciplinas-dca\/\"},{\"@type\":\"ListItem\",\"position\":4,\"name\":\"P\u00f3s-Gradua\u00e7\u00e3o (DCA)\"}]},{\"@type\":\"WebSite\",\"@id\":\"https:\/\/institutos.ufrrj.br\/if\/#website\",\"url\":\"https:\/\/institutos.ufrrj.br\/if\/\",\"name\":\"IF - Instituto de Floresta\",\"description\":\"Instituto de Florestas\",\"potentialAction\":[{\"@type\":\"SearchAction\",\"target\":{\"@type\":\"EntryPoint\",\"urlTemplate\":\"https:\/\/institutos.ufrrj.br\/if\/?s={search_term_string}\"},\"query-input\":{\"@type\":\"PropertyValueSpecification\",\"valueRequired\":true,\"valueName\":\"search_term_string\"}}],\"inLanguage\":\"pt-BR\"}]}<\/script>\n<!-- \/ Yoast SEO plugin. -->","yoast_head_json":{"title":"P\u00f3s-Gradua\u00e7\u00e3o (DCA) - IF","robots":{"index":"index","follow":"follow","max-snippet":"max-snippet:-1","max-image-preview":"max-image-preview:large","max-video-preview":"max-video-preview:-1"},"canonical":"https:\/\/institutos.ufrrj.br\/if\/departamento-de-ciencias-ambientais\/disciplinas-dca\/pos-graduacao-dca\/","og_locale":"pt_BR","og_type":"article","og_title":"P\u00f3s-Gradua\u00e7\u00e3o (DCA) - IF","og_description":"Disciplinas de P\u00f3s-Gradua\u00e7\u00e3o do Departamento de Ci\u00eancias Ambientais C\u00f3digo Disciplinas \u00a0 IF 1101 Ecologia de Popula\u00e7\u00f5es IF 1103 Manejos de Bacias Hidrogr\u00e1ficas [&hellip;]","og_url":"https:\/\/institutos.ufrrj.br\/if\/departamento-de-ciencias-ambientais\/disciplinas-dca\/pos-graduacao-dca\/","og_site_name":"IF","article_modified_time":"2019-01-23T18:04:54+00:00","twitter_card":"summary_large_image","schema":{"@context":"https:\/\/schema.org","@graph":[{"@type":"WebPage","@id":"https:\/\/institutos.ufrrj.br\/if\/departamento-de-ciencias-ambientais\/disciplinas-dca\/pos-graduacao-dca\/","url":"https:\/\/institutos.ufrrj.br\/if\/departamento-de-ciencias-ambientais\/disciplinas-dca\/pos-graduacao-dca\/","name":"P\u00f3s-Gradua\u00e7\u00e3o (DCA) - IF","isPartOf":{"@id":"https:\/\/institutos.ufrrj.br\/if\/#website"},"datePublished":"2014-12-02T13:06:51+00:00","dateModified":"2019-01-23T18:04:54+00:00","breadcrumb":{"@id":"https:\/\/institutos.ufrrj.br\/if\/departamento-de-ciencias-ambientais\/disciplinas-dca\/pos-graduacao-dca\/#breadcrumb"},"inLanguage":"pt-BR","potentialAction":[{"@type":"ReadAction","target":["https:\/\/institutos.ufrrj.br\/if\/departamento-de-ciencias-ambientais\/disciplinas-dca\/pos-graduacao-dca\/"]}]},{"@type":"BreadcrumbList","@id":"https:\/\/institutos.ufrrj.br\/if\/departamento-de-ciencias-ambientais\/disciplinas-dca\/pos-graduacao-dca\/#breadcrumb","itemListElement":[{"@type":"ListItem","position":1,"name":"In\u00edcio","item":"https:\/\/institutos.ufrrj.br\/if\/"},{"@type":"ListItem","position":2,"name":"Departamento de Ci\u00eancias Ambientais","item":"https:\/\/institutos.ufrrj.br\/if\/departamento-de-ciencias-ambientais\/"},{"@type":"ListItem","position":3,"name":"Disciplinas (DCA)","item":"https:\/\/institutos.ufrrj.br\/if\/departamento-de-ciencias-ambientais\/disciplinas-dca\/"},{"@type":"ListItem","position":4,"name":"P\u00f3s-Gradua\u00e7\u00e3o (DCA)"}]},{"@type":"WebSite","@id":"https:\/\/institutos.ufrrj.br\/if\/#website","url":"https:\/\/institutos.ufrrj.br\/if\/","name":"IF - Instituto de Floresta","description":"Instituto de Florestas","potentialAction":[{"@type":"SearchAction","target":{"@type":"EntryPoint","urlTemplate":"https:\/\/institutos.ufrrj.br\/if\/?s={search_term_string}"},"query-input":{"@type":"PropertyValueSpecification","valueRequired":true,"valueName":"search_term_string"}}],"inLanguage":"pt-BR"}]}},"_links":{"self":[{"href":"https:\/\/institutos.ufrrj.br\/if\/wp-json\/wp\/v2\/pages\/208","targetHints":{"allow":["GET"]}}],"collection":[{"href":"https:\/\/institutos.ufrrj.br\/if\/wp-json\/wp\/v2\/pages"}],"about":[{"href":"https:\/\/institutos.ufrrj.br\/if\/wp-json\/wp\/v2\/types\/page"}],"author":[{"embeddable":true,"href":"https:\/\/institutos.ufrrj.br\/if\/wp-json\/wp\/v2\/users\/8"}],"replies":[{"embeddable":true,"href":"https:\/\/institutos.ufrrj.br\/if\/wp-json\/wp\/v2\/comments?post=208"}],"version-history":[{"count":3,"href":"https:\/\/institutos.ufrrj.br\/if\/wp-json\/wp\/v2\/pages\/208\/revisions"}],"predecessor-version":[{"id":228,"href":"https:\/\/institutos.ufrrj.br\/if\/wp-json\/wp\/v2\/pages\/208\/revisions\/228"}],"up":[{"embeddable":true,"href":"https:\/\/institutos.ufrrj.br\/if\/wp-json\/wp\/v2\/pages\/269"}],"wp:attachment":[{"href":"https:\/\/institutos.ufrrj.br\/if\/wp-json\/wp\/v2\/media?parent=208"}],"curies":[{"name":"wp","href":"https:\/\/api.w.org\/{rel}","templated":true}]}}

Pós-Graduação (DCA)

<table>
<tbody>
<tr>
<td colspan="2" width="576">
<p style="text-align: center">Disciplinas de Pós-Graduação do Departamento de Ciências Ambientais</p>
</td>
</tr>
<tr>
<td width="102">
<p>Código</p>
</td>
<td width="475">
<p>Disciplinas</p>
</td>
</tr>
<tr>
<td colspan="2" width="576"> </td>
</tr>
<tr>
<td width="102">
<p>IF 1101</p>
</td>
<td width="475">
<p><a href="http://r1.ufrrj.br/wp/ppgcaf/wp-content/uploads/IF%201101%20Ecologia%20de%20Popula%C3%A7%C3%B5es(1).pdf">Ecologia de Populações</a></p>
</td>
</tr>
<tr>
<td width="102">
<p>IF 1103</p>
</td>
<td width="475">
<p><a href="http://r1.ufrrj.br/wp/ppgcaf/wp-content/uploads/IF%201103%20Manejos%20de%20Bacias%20Hidrogr%C3%A1ficas(1).pdf">Manejos de Bacias Hidrográficas</a></p>
</td>
</tr>
<tr>
<td width="102">
<p>IF 1104</p>
</td>
<td width="475">
<p><a href="http://r1.ufrrj.br/wp/ppgcaf/wp-content/uploads/IF%201100%20T%C3%B3p_%20Esp_%20Climatologia(1).pdf">Tópicos em Climatologia</a></p>
</td>
</tr>
<tr>
<td width="102">
<p>IF 1105</p>
</td>
<td width="475">
<p><a href="http://r1.ufrrj.br/wp/ppgcaf/wp-content/uploads/IF%201105%20Florestas%20Urbanas(1).pdf">Florestas Urbanas</a></p>
</td>
</tr>
<tr>
<td width="102">
<p>IF 1108</p>
</td>
<td width="475">
<p><a href="http://r1.ufrrj.br/wp/ppgcaf/wp-content/uploads/IF%201108%20%C3%8Dndices%20ecol%C3%B3gicos%20e%20an%C3%A1lise%20multivariada(1).pdf">Índices ecológicos e Análise Multivariada</a></p>
</td>
</tr>
<tr>
<td width="102">
<p>IF 1109</p>
</td>
<td width="475">
<p><a href="http://r1.ufrrj.br/wp/ppgcaf/wp-content/uploads/IF%201109%20Ecossistemas%20aqu%C3%A1ticos%20-%20ecologia%20e%20Din%C3%A2mica(1).pdf">Ecossistemas Aquáticos: Ecologia e Dinâmica</a></p>
</td>
</tr>
<tr>
<td width="102">
<p>IF 1129</p>
</td>
<td width="475">
<p><a href="http://r1.ufrrj.br/wp/ppgcaf/wp-content/uploads/IF%201119%20Ecologia%20da%20Rizosfera(1).pdf">Ecologia da Rizosfera</a></p>
</td>
</tr>
<tr>
<td width="102">
<p>IF 1131</p>
</td>
<td width="475">
<p><a href="http://r1.ufrrj.br/wp/ppgcaf/wp-content/uploads/IF%201131%20Estudos%20de%20Problemas%20S%C3%B3cio%20Ambientais(1).pdf">Estudos e Problemas Sócio ambientais</a></p>
</td>
</tr>
<tr>
<td width="102">
<p>IF 1134</p>
</td>
<td width="475">
<p><a href="http://r1.ufrrj.br/wp/ppgcaf/wp-content/uploads/IF%201134%20Ecossistemologia(1).pdf">Ecossistemologia</a></p>
</td>
</tr>
<tr>
<td width="102">
<p>IF 1136</p>
</td>
<td width="475">
<p><a href="http://r1.ufrrj.br/wp/ppgcaf/wp-content/uploads/IF%201136%20Ecologia%20de%20Campo(1).pdf">Ecologia de Campo</a></p>
</td>
</tr>
<tr>
<td width="102">
<p>IF 1137</p>
</td>
<td width="475">
<p><a href="http://r1.ufrrj.br/wp/ppgcaf/wp-content/uploads/IF%201137%20Ecologia%20Hist%C3%B3rica%20e%20Hist%C3%B3ria%20Ambiental(1).pdf">Ecologia Histórica e História Ambiental</a></p>
</td>
</tr>
<tr>
<td width="102">
<p>IF 1156</p>
</td>
<td width="475">
<p><a href="http://r1.ufrrj.br/wp/ppgcaf/wp-content/uploads/IF%201156%20Pol%C3%ADtica%20e%20Gest%C3%A3o%20Ambiental(1).pdf">Política e Gestão Ambiental</a></p>
</td>
</tr>
<tr>
<td width="102">
<p>IF 1157</p>
</td>
<td width="475">
<p><a href="http://r1.ufrrj.br/wp/ppgcaf/wp-content/uploads/IF%201157%20Gest%C3%A3o%20da%20biodiversidade(1).pdf">Gestão da Biodiversidade</a></p>
</td>
</tr>
<tr>
<td width="102">
<p>IF 1158</p>
</td>
<td width="475">
<p><a href="http://r1.ufrrj.br/wp/ppgcaf/wp-content/uploads/IF%201158%20Mudan%C3%A7as%20Clim%C3%A1ticas%20Globais(1).pdf">Mudanças Climáticas Globais</a></p>
</td>
</tr>
</tbody>
</table>

<p>Disciplinas de Pós-Graduação do Departamento de Ciências Ambientais Código Disciplinas   IF 1101 Ecologia de Populações IF 1103 Manejos de Bacias Hidrográficas [&hellip;]</p>

<!-- This site is optimized with the Yoast SEO plugin v26.8 - https://yoast.com/product/yoast-seo-wordpress/ -->
<title>Pós-Graduação (DCA) - IF</title>
<meta name="robots" content="index, follow, max-snippet:-1, max-image-preview:large, max-video-preview:-1" />
<link rel="canonical" href="https://institutos.ufrrj.br/if/departamento-de-ciencias-ambientais/disciplinas-dca/pos-graduacao-dca/" />
<meta property="og:locale" content="pt_BR" />
<meta property="og:type" content="article" />
<meta property="og:title" content="Pós-Graduação (DCA) - IF" />
<meta property="og:description" content="Disciplinas de Pós-Graduação do Departamento de Ciências Ambientais Código Disciplinas   IF 1101 Ecologia de Populações IF 1103 Manejos de Bacias Hidrográficas [&hellip;]" />
<meta property="og:url" content="https://institutos.ufrrj.br/if/departamento-de-ciencias-ambientais/disciplinas-dca/pos-graduacao-dca/" />
<meta property="og:site_name" content="IF" />
<meta property="article:modified_time" content="2019-01-23T18:04:54+00:00" />
<meta name="twitter:card" content="summary_large_image" />
<script type="application/ld+json" class="yoast-schema-graph">{"@context":"https://schema.org","@graph":[{"@type":"WebPage","@id":"https://institutos.ufrrj.br/if/departamento-de-ciencias-ambientais/disciplinas-dca/pos-graduacao-dca/","url":"https://institutos.ufrrj.br/if/departamento-de-ciencias-ambientais/disciplinas-dca/pos-graduacao-dca/","name":"Pós-Graduação (DCA) - IF","isPartOf":{"@id":"https://institutos.ufrrj.br/if/#website"},"datePublished":"2014-12-02T13:06:51+00:00","dateModified":"2019-01-23T18:04:54+00:00","breadcrumb":{"@id":"https://institutos.ufrrj.br/if/departamento-de-ciencias-ambientais/disciplinas-dca/pos-graduacao-dca/#breadcrumb"},"inLanguage":"pt-BR","potentialAction":[{"@type":"ReadAction","target":["https://institutos.ufrrj.br/if/departamento-de-ciencias-ambientais/disciplinas-dca/pos-graduacao-dca/"]}]},{"@type":"BreadcrumbList","@id":"https://institutos.ufrrj.br/if/departamento-de-ciencias-ambientais/disciplinas-dca/pos-graduacao-dca/#breadcrumb","itemListElement":[{"@type":"ListItem","position":1,"name":"Início","item":"https://institutos.ufrrj.br/if/"},{"@type":"ListItem","position":2,"name":"Departamento de Ciências Ambientais","item":"https://institutos.ufrrj.br/if/departamento-de-ciencias-ambientais/"},{"@type":"ListItem","position":3,"name":"Disciplinas (DCA)","item":"https://institutos.ufrrj.br/if/departamento-de-ciencias-ambientais/disciplinas-dca/"},{"@type":"ListItem","position":4,"name":"Pós-Graduação (DCA)"}]},{"@type":"WebSite","@id":"https://institutos.ufrrj.br/if/#website","url":"https://institutos.ufrrj.br/if/","name":"IF - Instituto de Floresta","description":"Instituto de Florestas","potentialAction":[{"@type":"SearchAction","target":{"@type":"EntryPoint","urlTemplate":"https://institutos.ufrrj.br/if/?s={search_term_string}"},"query-input":{"@type":"PropertyValueSpecification","valueRequired":true,"valueName":"search_term_string"}}],"inLanguage":"pt-BR"}]}</script>
<!-- / Yoast SEO plugin. -->

Pós-Graduação (DCA) - IF

Disciplinas de Pós-Graduação do Departamento de Ciências Ambientais Código Disciplinas   IF 1101 Ecologia de Populações IF 1103 Manejos de Bacias Hidrográficas [&hellip;]

Início

Departamento de Ciências Ambientais
