{"id":3252,"date":"2019-01-23T17:33:02","date_gmt":"2019-01-23T17:33:02","guid":{"rendered":"http:\/\/institutos.ufrrj.br\/if\/?page_id=3252"},"modified":"2026-02-24T15:35:40","modified_gmt":"2026-02-24T15:35:40","slug":"catalogo-telefonico-2","status":"publish","type":"page","link":"https:\/\/institutos.ufrrj.br\/if\/catalogo-telefonico-2\/","title":{"rendered":"Cat\u00e1logo Telef\u00f4nico"},"content":{"rendered":"<h4>N\u00fameros de telefone das subunidades, departamentos e coordena\u00e7\u00f5es do IF:<\/h4>\n<p>&nbsp;<\/p>\n<hr>\n<p><span style=\"color: #800000\">Secretaria Administrativa do Instituto de Florestas (Diretoria):&nbsp;(21) 2681-4989<\/span><\/p>\n<p><span style=\"color: #800000\">Secretaria Nidflor\/Revista Floresta e Ambiente (FLORAM): (21) 2681-4986<\/span><\/p>\n<hr>\n<p><span style=\"color: #800000\">Coordena\u00e7\u00e3o do Curso de Engenharia Florestal: (21) 2681-4983<\/span><\/p>\n<hr>\n<p><span style=\"color: #800000\">Programa de P\u00f3s-gradua\u00e7\u00e3o em Ci\u00eancias Ambientais e Florestais: (21) 2681-4982<\/span><\/p>\n<hr>\n<p><span style=\"color: #800000\">Departamento de Silvicultura: (21) 2681-4987<\/span><\/p>\n<hr>\n<p><span style=\"color: #800000\">Departamento de Produtos Florestais: (21) 2681-4985<\/span><\/p>\n<hr>\n<p><span style=\"color: #800000\">Departamento de Ci\u00eancias Ambientais: (21) 2681-4984<\/span><\/p>\n<hr>\n<p>&nbsp;<\/p>\n","protected":false},"excerpt":{"rendered":"<p>N\u00fameros de telefone das subunidades, departamentos e coordena\u00e7\u00f5es do IF: &nbsp; Secretaria Administrativa do Instituto de Florestas (Diretoria):&nbsp;(21) 2681-4989 Secretaria Nidflor\/Revista Floresta [&hellip;]<\/p>\n","protected":false},"author":20,"featured_media":0,"parent":0,"menu_order":0,"comment_status":"closed","ping_status":"closed","template":"","meta":{"_acf_changed":false,"ngg_post_thumbnail":0,"_themeisle_gutenberg_block_has_review":false,"footnotes":"","_links_to":"","_links_to_target":""},"class_list":["post-3252","page","type-page","status-publish","hentry"],"acf":[],"yoast_head":"<!-- This site is optimized with the Yoast SEO plugin v26.8 - https:\/\/yoast.com\/product\/yoast-seo-wordpress\/ -->\n<title>Cat\u00e1logo Telef\u00f4nico - IF<\/title>\n<meta name=\"robots\" content=\"index, follow, max-snippet:-1, max-image-preview:large, max-video-preview:-1\" \/>\n<link rel=\"canonical\" href=\"https:\/\/institutos.ufrrj.br\/if\/catalogo-telefonico-2\/\" \/>\n<meta property=\"og:locale\" content=\"pt_BR\" \/>\n<meta property=\"og:type\" content=\"article\" \/>\n<meta property=\"og:title\" content=\"Cat\u00e1logo Telef\u00f4nico - IF\" \/>\n<meta property=\"og:description\" content=\"N\u00fameros de telefone das subunidades, departamentos e coordena\u00e7\u00f5es do IF: &nbsp; Secretaria Administrativa do Instituto de Florestas (Diretoria):&nbsp;(21) 2681-4989 Secretaria Nidflor\/Revista Floresta [&hellip;]\" \/>\n<meta property=\"og:url\" content=\"https:\/\/institutos.ufrrj.br\/if\/catalogo-telefonico-2\/\" \/>\n<meta property=\"og:site_name\" content=\"IF\" \/>\n<meta property=\"article:modified_time\" content=\"2026-02-24T15:35:40+00:00\" \/>\n<meta name=\"twitter:card\" content=\"summary_large_image\" \/>\n<meta name=\"twitter:label1\" content=\"Est. tempo de leitura\" \/>\n\t<meta name=\"twitter:data1\" content=\"1 minuto\" \/>\n<script type=\"application\/ld+json\" class=\"yoast-schema-graph\">{\"@context\":\"https:\/\/schema.org\",\"@graph\":[{\"@type\":\"WebPage\",\"@id\":\"https:\/\/institutos.ufrrj.br\/if\/catalogo-telefonico-2\/\",\"url\":\"https:\/\/institutos.ufrrj.br\/if\/catalogo-telefonico-2\/\",\"name\":\"Cat\u00e1logo Telef\u00f4nico - IF\",\"isPartOf\":{\"@id\":\"https:\/\/institutos.ufrrj.br\/if\/#website\"},\"datePublished\":\"2019-01-23T17:33:02+00:00\",\"dateModified\":\"2026-02-24T15:35:40+00:00\",\"breadcrumb\":{\"@id\":\"https:\/\/institutos.ufrrj.br\/if\/catalogo-telefonico-2\/#breadcrumb\"},\"inLanguage\":\"pt-BR\",\"potentialAction\":[{\"@type\":\"ReadAction\",\"target\":[\"https:\/\/institutos.ufrrj.br\/if\/catalogo-telefonico-2\/\"]}]},{\"@type\":\"BreadcrumbList\",\"@id\":\"https:\/\/institutos.ufrrj.br\/if\/catalogo-telefonico-2\/#breadcrumb\",\"itemListElement\":[{\"@type\":\"ListItem\",\"position\":1,\"name\":\"In\u00edcio\",\"item\":\"https:\/\/institutos.ufrrj.br\/if\/\"},{\"@type\":\"ListItem\",\"position\":2,\"name\":\"Cat\u00e1logo Telef\u00f4nico\"}]},{\"@type\":\"WebSite\",\"@id\":\"https:\/\/institutos.ufrrj.br\/if\/#website\",\"url\":\"https:\/\/institutos.ufrrj.br\/if\/\",\"name\":\"IF - Instituto de Floresta\",\"description\":\"Instituto de Florestas\",\"potentialAction\":[{\"@type\":\"SearchAction\",\"target\":{\"@type\":\"EntryPoint\",\"urlTemplate\":\"https:\/\/institutos.ufrrj.br\/if\/?s={search_term_string}\"},\"query-input\":{\"@type\":\"PropertyValueSpecification\",\"valueRequired\":true,\"valueName\":\"search_term_string\"}}],\"inLanguage\":\"pt-BR\"}]}<\/script>\n<!-- \/ Yoast SEO plugin. -->","yoast_head_json":{"title":"Cat\u00e1logo Telef\u00f4nico - IF","robots":{"index":"index","follow":"follow","max-snippet":"max-snippet:-1","max-image-preview":"max-image-preview:large","max-video-preview":"max-video-preview:-1"},"canonical":"https:\/\/institutos.ufrrj.br\/if\/catalogo-telefonico-2\/","og_locale":"pt_BR","og_type":"article","og_title":"Cat\u00e1logo Telef\u00f4nico - IF","og_description":"N\u00fameros de telefone das subunidades, departamentos e coordena\u00e7\u00f5es do IF: &nbsp; Secretaria Administrativa do Instituto de Florestas (Diretoria):&nbsp;(21) 2681-4989 Secretaria Nidflor\/Revista Floresta [&hellip;]","og_url":"https:\/\/institutos.ufrrj.br\/if\/catalogo-telefonico-2\/","og_site_name":"IF","article_modified_time":"2026-02-24T15:35:40+00:00","twitter_card":"summary_large_image","twitter_misc":{"Est. tempo de leitura":"1 minuto"},"schema":{"@context":"https:\/\/schema.org","@graph":[{"@type":"WebPage","@id":"https:\/\/institutos.ufrrj.br\/if\/catalogo-telefonico-2\/","url":"https:\/\/institutos.ufrrj.br\/if\/catalogo-telefonico-2\/","name":"Cat\u00e1logo Telef\u00f4nico - IF","isPartOf":{"@id":"https:\/\/institutos.ufrrj.br\/if\/#website"},"datePublished":"2019-01-23T17:33:02+00:00","dateModified":"2026-02-24T15:35:40+00:00","breadcrumb":{"@id":"https:\/\/institutos.ufrrj.br\/if\/catalogo-telefonico-2\/#breadcrumb"},"inLanguage":"pt-BR","potentialAction":[{"@type":"ReadAction","target":["https:\/\/institutos.ufrrj.br\/if\/catalogo-telefonico-2\/"]}]},{"@type":"BreadcrumbList","@id":"https:\/\/institutos.ufrrj.br\/if\/catalogo-telefonico-2\/#breadcrumb","itemListElement":[{"@type":"ListItem","position":1,"name":"In\u00edcio","item":"https:\/\/institutos.ufrrj.br\/if\/"},{"@type":"ListItem","position":2,"name":"Cat\u00e1logo Telef\u00f4nico"}]},{"@type":"WebSite","@id":"https:\/\/institutos.ufrrj.br\/if\/#website","url":"https:\/\/institutos.ufrrj.br\/if\/","name":"IF - Instituto de Floresta","description":"Instituto de Florestas","potentialAction":[{"@type":"SearchAction","target":{"@type":"EntryPoint","urlTemplate":"https:\/\/institutos.ufrrj.br\/if\/?s={search_term_string}"},"query-input":{"@type":"PropertyValueSpecification","valueRequired":true,"valueName":"search_term_string"}}],"inLanguage":"pt-BR"}]}},"_links":{"self":[{"href":"https:\/\/institutos.ufrrj.br\/if\/wp-json\/wp\/v2\/pages\/3252","targetHints":{"allow":["GET"]}}],"collection":[{"href":"https:\/\/institutos.ufrrj.br\/if\/wp-json\/wp\/v2\/pages"}],"about":[{"href":"https:\/\/institutos.ufrrj.br\/if\/wp-json\/wp\/v2\/types\/page"}],"author":[{"embeddable":true,"href":"https:\/\/institutos.ufrrj.br\/if\/wp-json\/wp\/v2\/users\/20"}],"replies":[{"embeddable":true,"href":"https:\/\/institutos.ufrrj.br\/if\/wp-json\/wp\/v2\/comments?post=3252"}],"version-history":[{"count":6,"href":"https:\/\/institutos.ufrrj.br\/if\/wp-json\/wp\/v2\/pages\/3252\/revisions"}],"predecessor-version":[{"id":4619,"href":"https:\/\/institutos.ufrrj.br\/if\/wp-json\/wp\/v2\/pages\/3252\/revisions\/4619"}],"wp:attachment":[{"href":"https:\/\/institutos.ufrrj.br\/if\/wp-json\/wp\/v2\/media?parent=3252"}],"curies":[{"name":"wp","href":"https:\/\/api.w.org\/{rel}","templated":true}]}}

Catálogo Telefônico

<h4>Números de telefone das subunidades, departamentos e coordenações do IF:</h4>
<p>&nbsp;</p>
<hr>
<p><span style="color: #800000">Secretaria Administrativa do Instituto de Florestas (Diretoria):&nbsp;(21) 2681-4989</span></p>
<p><span style="color: #800000">Secretaria Nidflor/Revista Floresta e Ambiente (FLORAM): (21) 2681-4986</span></p>
<hr>
<p><span style="color: #800000">Coordenação do Curso de Engenharia Florestal: (21) 2681-4983</span></p>
<hr>
<p><span style="color: #800000">Programa de Pós-graduação em Ciências Ambientais e Florestais: (21) 2681-4982</span></p>
<hr>
<p><span style="color: #800000">Departamento de Silvicultura: (21) 2681-4987</span></p>
<hr>
<p><span style="color: #800000">Departamento de Produtos Florestais: (21) 2681-4985</span></p>
<hr>
<p><span style="color: #800000">Departamento de Ciências Ambientais: (21) 2681-4984</span></p>
<hr>
<p>&nbsp;</p>

<p>Números de telefone das subunidades, departamentos e coordenações do IF: &nbsp; Secretaria Administrativa do Instituto de Florestas (Diretoria):&nbsp;(21) 2681-4989 Secretaria Nidflor/Revista Floresta [&hellip;]</p>

<!-- This site is optimized with the Yoast SEO plugin v26.8 - https://yoast.com/product/yoast-seo-wordpress/ -->
<title>Catálogo Telefônico - IF</title>
<meta name="robots" content="index, follow, max-snippet:-1, max-image-preview:large, max-video-preview:-1" />
<link rel="canonical" href="https://institutos.ufrrj.br/if/catalogo-telefonico-2/" />
<meta property="og:locale" content="pt_BR" />
<meta property="og:type" content="article" />
<meta property="og:title" content="Catálogo Telefônico - IF" />
<meta property="og:description" content="Números de telefone das subunidades, departamentos e coordenações do IF: &nbsp; Secretaria Administrativa do Instituto de Florestas (Diretoria):&nbsp;(21) 2681-4989 Secretaria Nidflor/Revista Floresta [&hellip;]" />
<meta property="og:url" content="https://institutos.ufrrj.br/if/catalogo-telefonico-2/" />
<meta property="og:site_name" content="IF" />
<meta property="article:modified_time" content="2026-02-24T15:35:40+00:00" />
<meta name="twitter:card" content="summary_large_image" />
<meta name="twitter:label1" content="Est. tempo de leitura" />
	<meta name="twitter:data1" content="1 minuto" />
<script type="application/ld+json" class="yoast-schema-graph">{"@context":"https://schema.org","@graph":[{"@type":"WebPage","@id":"https://institutos.ufrrj.br/if/catalogo-telefonico-2/","url":"https://institutos.ufrrj.br/if/catalogo-telefonico-2/","name":"Catálogo Telefônico - IF","isPartOf":{"@id":"https://institutos.ufrrj.br/if/#website"},"datePublished":"2019-01-23T17:33:02+00:00","dateModified":"2026-02-24T15:35:40+00:00","breadcrumb":{"@id":"https://institutos.ufrrj.br/if/catalogo-telefonico-2/#breadcrumb"},"inLanguage":"pt-BR","potentialAction":[{"@type":"ReadAction","target":["https://institutos.ufrrj.br/if/catalogo-telefonico-2/"]}]},{"@type":"BreadcrumbList","@id":"https://institutos.ufrrj.br/if/catalogo-telefonico-2/#breadcrumb","itemListElement":[{"@type":"ListItem","position":1,"name":"Início","item":"https://institutos.ufrrj.br/if/"},{"@type":"ListItem","position":2,"name":"Catálogo Telefônico"}]},{"@type":"WebSite","@id":"https://institutos.ufrrj.br/if/#website","url":"https://institutos.ufrrj.br/if/","name":"IF - Instituto de Floresta","description":"Instituto de Florestas","potentialAction":[{"@type":"SearchAction","target":{"@type":"EntryPoint","urlTemplate":"https://institutos.ufrrj.br/if/?s={search_term_string}"},"query-input":{"@type":"PropertyValueSpecification","valueRequired":true,"valueName":"search_term_string"}}],"inLanguage":"pt-BR"}]}</script>
<!-- / Yoast SEO plugin. -->

Catálogo Telefônico - IF

Números de telefone das subunidades, departamentos e coordenações do IF: &nbsp; Secretaria Administrativa do Instituto de Florestas (Diretoria):&nbsp;(21) 2681-4989 Secretaria Nidflor/Revista Floresta [&hellip;]

Início
