{"version":"1.0","provider_name":"Instituto de Zootecnia","provider_url":"https:\/\/institutos.ufrrj.br\/iz","author_name":"greicysm","author_url":"https:\/\/institutos.ufrrj.br\/iz\/author\/greicysm1\/","title":"22\u00aa Semana Nacional de Ci\u00eancia e Tecnologia (SNCT) - Instituto de Zootecnia","type":"rich","width":600,"height":338,"html":"<blockquote class=\"wp-embedded-content\" data-secret=\"UoPstVwWtE\"><a href=\"https:\/\/institutos.ufrrj.br\/iz\/2025\/09\/02\/22a-semana-nacional-de-ciencia-e-tecnologia-snct\/\">22\u00aa Semana Nacional de Ci\u00eancia e Tecnologia (SNCT)<\/a><\/blockquote><iframe sandbox=\"allow-scripts\" security=\"restricted\" src=\"https:\/\/institutos.ufrrj.br\/iz\/2025\/09\/02\/22a-semana-nacional-de-ciencia-e-tecnologia-snct\/embed\/#?secret=UoPstVwWtE\" width=\"600\" height=\"338\" title=\"&#8220;22\u00aa Semana Nacional de Ci\u00eancia e Tecnologia (SNCT)&#8221; &#8212; Instituto de Zootecnia\" data-secret=\"UoPstVwWtE\" frameborder=\"0\" marginwidth=\"0\" marginheight=\"0\" scrolling=\"no\" class=\"wp-embedded-content\"><\/iframe><script type=\"text\/javascript\">\n\/* <![CDATA[ *\/\n\/*! This file is auto-generated *\/\n!function(d,l){\"use strict\";l.querySelector&&d.addEventListener&&\"undefined\"!=typeof URL&&(d.wp=d.wp||{},d.wp.receiveEmbedMessage||(d.wp.receiveEmbedMessage=function(e){var t=e.data;if((t||t.secret||t.message||t.value)&&!\/[^a-zA-Z0-9]\/.test(t.secret)){for(var s,r,n,a=l.querySelectorAll('iframe[data-secret=\"'+t.secret+'\"]'),o=l.querySelectorAll('blockquote[data-secret=\"'+t.secret+'\"]'),c=new RegExp(\"^https?:$\",\"i\"),i=0;i<o.length;i++)o[i].style.display=\"none\";for(i=0;i<a.length;i++)s=a[i],e.source===s.contentWindow&&(s.removeAttribute(\"style\"),\"height\"===t.message?(1e3<(r=parseInt(t.value,10))?r=1e3:~~r<200&&(r=200),s.height=r):\"link\"===t.message&&(r=new URL(s.getAttribute(\"src\")),n=new URL(t.value),c.test(n.protocol))&&n.host===r.host&&l.activeElement===s&&(d.top.location.href=t.value))}},d.addEventListener(\"message\",d.wp.receiveEmbedMessage,!1),l.addEventListener(\"DOMContentLoaded\",function(){for(var e,t,s=l.querySelectorAll(\"iframe.wp-embedded-content\"),r=0;r<s.length;r++)(t=(e=s[r]).getAttribute(\"data-secret\"))||(t=Math.random().toString(36).substring(2,12),e.src+=\"#?secret=\"+t,e.setAttribute(\"data-secret\",t)),e.contentWindow.postMessage({message:\"ready\",secret:t},\"*\")},!1)))}(window,document);\n\/\/# sourceURL=https:\/\/institutos.ufrrj.br\/iz\/wp-includes\/js\/wp-embed.min.js\n\/* ]]> *\/\n<\/script>\n","thumbnail_url":"https:\/\/institutos.ufrrj.br\/iz\/wp-content\/uploads\/sites\/3\/2025\/09\/banner_principal2-1-e1758032473348.png","thumbnail_width":590,"thumbnail_height":288,"description":"A 22\u00aa Semana Nacional de Ci\u00eancia e Tecnologia (SNCT) acontece de 21 a 24 de outubro de 2025 nos campi de Serop\u00e9dica, Nova Igua\u00e7u, Tr\u00eas Rios e Campos dos Goytacazes.Com o tema \u201cPlaneta \u00c1gua: a cultura oce\u00e2nica para enfrentar as mudan\u00e7as clim\u00e1ticas no meu territ\u00f3rio\u201d, a edi\u00e7\u00e3o de 2025 recebe o t\u00edtulo \u201cA UFRRJ nas ondas do conhecimento\u201d e promove a\u00e7\u00f5es voltadas \u00e0 ci\u00eancia, tecnologia, inova\u00e7\u00e3o e cultura oce\u00e2nica em di\u00e1logo com a sociedade.Para submiss\u00e3o das propostas para realiza\u00e7\u00e3o de atividades na Semana Nacional de Ci\u00eancia e Tecnologia (SNCT) 2025 \u00e9 necess\u00e1rio consultar o EDITAL PROEXT 51\/2025, publicado pela Pr\u00f3-reitoria de Extens\u00e3o. Maiores informa\u00e7\u00f5es dispon\u00edveis na p\u00e1gina do evento e redes sociais da PROEXT."}

22ª Semana Nacional de Ciência e Tecnologia (SNCT) - Instituto de Zootecnia

<blockquote class="wp-embedded-content" data-secret="UoPstVwWtE"><a href="https://institutos.ufrrj.br/iz/2025/09/02/22a-semana-nacional-de-ciencia-e-tecnologia-snct/">22ª Semana Nacional de Ciência e Tecnologia (SNCT)</a></blockquote><iframe sandbox="allow-scripts" security="restricted" src="https://institutos.ufrrj.br/iz/2025/09/02/22a-semana-nacional-de-ciencia-e-tecnologia-snct/embed/#?secret=UoPstVwWtE" width="600" height="338" title="&#8220;22ª Semana Nacional de Ciência e Tecnologia (SNCT)&#8221; &#8212; Instituto de Zootecnia" data-secret="UoPstVwWtE" frameborder="0" marginwidth="0" marginheight="0" scrolling="no" class="wp-embedded-content"></iframe><script type="text/javascript">
/* <![CDATA[ */
/*! This file is auto-generated */
!function(d,l){"use strict";l.querySelector&&d.addEventListener&&"undefined"!=typeof URL&&(d.wp=d.wp||{},d.wp.receiveEmbedMessage||(d.wp.receiveEmbedMessage=function(e){var t=e.data;if((t||t.secret||t.message||t.value)&&!/[^a-zA-Z0-9]/.test(t.secret)){for(var s,r,n,a=l.querySelectorAll('iframe[data-secret="'+t.secret+'"]'),o=l.querySelectorAll('blockquote[data-secret="'+t.secret+'"]'),c=new RegExp("^https?:$","i"),i=0;i<o.length;i++)o[i].style.display="none";for(i=0;i<a.length;i++)s=a[i],e.source===s.contentWindow&&(s.removeAttribute("style"),"height"===t.message?(1e3<(r=parseInt(t.value,10))?r=1e3:~~r<200&&(r=200),s.height=r):"link"===t.message&&(r=new URL(s.getAttribute("src")),n=new URL(t.value),c.test(n.protocol))&&n.host===r.host&&l.activeElement===s&&(d.top.location.href=t.value))}},d.addEventListener("message",d.wp.receiveEmbedMessage,!1),l.addEventListener("DOMContentLoaded",function(){for(var e,t,s=l.querySelectorAll("iframe.wp-embedded-content"),r=0;r<s.length;r++)(t=(e=s[r]).getAttribute("data-secret"))||(t=Math.random().toString(36).substring(2,12),e.src+="#?secret="+t,e.setAttribute("data-secret",t)),e.contentWindow.postMessage({message:"ready",secret:t},"*")},!1)))}(window,document);
//# sourceURL=https://institutos.ufrrj.br/iz/wp-includes/js/wp-embed.min.js
/* ]]> */
</script>

A 22ª Semana Nacional de Ciência e Tecnologia (SNCT) acontece de 21 a 24 de outubro de 2025 nos campi de Seropédica, Nova Iguaçu, Três Rios e Campos dos Goytacazes.Com o tema “Planeta Água: a cultura oceânica para enfrentar as mudanças climáticas no meu território”, a edição de 2025 recebe o título “A UFRRJ nas ondas do conhecimento” e promove ações voltadas à ciência, tecnologia, inovação e cultura oceânica em diálogo com a sociedade.Para submissão das propostas para realização de atividades na Semana Nacional de Ciência e Tecnologia (SNCT) 2025 é necessário consultar o EDITAL PROEXT 51/2025, publicado pela Pró-reitoria de Extensão. Maiores informações disponíveis na página do evento e redes sociais da PROEXT.
